{"id":869,"date":"2025-01-31T23:32:02","date_gmt":"2025-01-31T23:32:02","guid":{"rendered":"https:\/\/itdd.au.dk\/metode25\/?page_id=869"},"modified":"2025-02-20T10:15:18","modified_gmt":"2025-02-20T10:15:18","slug":"uge-8","status":"publish","type":"page","link":"https:\/\/itdd.au.dk\/metode25\/uge-8\/","title":{"rendered":"Uge 8 &#8211; Mod eksamen"},"content":{"rendered":"\n<h1 class=\"wp-block-heading has-text-align-center\"><strong>Uge 8 <\/strong>&#8211; <strong>Hvor vi har startet p\u00e5 at skrive<\/strong><\/h1>\n\n\n\n<p class=\"has-pale-pink-background-color has-background\"><strong>DEADLINE<\/strong>: &lt;fredag d. 14. kl. 13.00 var deadline til at aflevere et udvalgt afsnit af jeres skriftlige analyse <a href=\"https:\/\/aarhusuniversitet.sharepoint.com\/:w:\/r\/sites\/ARTSITDD_UDDANNELSE-ITDD_2024\/Delte%20dokumenter\/ITDD_2024\/Metodefag\/Jeres_mapper\/Respons%20til%20uge%208.docx?d=wb3e843309ec940259177ee629e52b346&amp;csf=1&amp;web=1&amp;e=Tvwezu\" data-type=\"link\" data-id=\"https:\/\/aarhusuniversitet.sharepoint.com\/:w:\/r\/sites\/ARTSITDD_UDDANNELSE-ITDD_2024\/Delte%20dokumenter\/ITDD_2024\/Metodefag\/Jeres_mapper\/Respons%20til%20uge%208.docx?d=wb3e843309ec940259177ee629e52b346&amp;csf=1&amp;web=1&amp;e=Tvwezu\" target=\"_blank\" rel=\"noreferrer noopener\">i <\/a><a href=\"https:\/\/aarhusuniversitet.sharepoint.com\/:w:\/s\/ARTSITDD_UDDANNELSE-ITDD_2024\/ETBD6LPJniVAkXfuYp5Ss0YB0qs-mwglmpKCS75CoNuQ4g?e=Hu1op7\" data-type=\"link\" data-id=\"https:\/\/aarhusuniversitet.sharepoint.com\/:w:\/r\/sites\/ARTSITDD_UDDANNELSE-ITDD_2024\/Delte%20dokumenter\/ITDD_2024\/Metodefag\/Jeres_mapper\/Respons%20til%20uge%208.docx?d=wb3e843309ec940259177ee629e52b346&amp;csf=1&amp;web=1&amp;e=Tvwezu\" target=\"_blank\" rel=\"noreferrer noopener\">denne tabel<\/a>.<\/p>\n\n\n\n<p class=\"has-background\" style=\"background-color:#fdf1d2\"><strong>UNDERVISNINGSAKTIVITETER<\/strong> &#8211; kl. 13:00-15:00 <br><strong>Tirsdag d. 18. februar<\/strong> &#8211; <strong>Vi s\u00e6tter ord p\u00e5 &#8211; nu p\u00e5 skrift<\/strong> (<a href=\"https:\/\/aarhusuniversitet.sharepoint.com\/:v:\/r\/sites\/ARTSITDD_UDDANNELSE-ITDD_2024\/Delte%20dokumenter\/ITDD_2024\/Metodefag\/Slides_og_optagelser\/18_feb_25.mp4?csf=1&amp;web=1&amp;e=Sj2RYE\" data-type=\"link\" data-id=\"https:\/\/aarhusuniversitet.sharepoint.com\/:v:\/r\/sites\/ARTSITDD_UDDANNELSE-ITDD_2024\/Delte%20dokumenter\/ITDD_2024\/Metodefag\/Slides_og_optagelser\/18_feb_25.mp4?csf=1&amp;web=1&amp;e=Sj2RYE\" target=\"_blank\" rel=\"noreferrer noopener\">video<\/a>)<br><em>Forberedelse:<\/em><br>\u2022 I skal forberede mundtlig introduktion til et udvalgt afsnit af jeres skriftlige analyse<br>\u2022 I skal have givet skriftlig respons til jeres kollega-gruppe.<br>\u2022 I skal formidle jeres overvejelser over responsen og evt. \u00e6ndringer p\u00e5 baggrund af respons.<br>\u2022 l\u00e6s fra sektionen <a href=\"https:\/\/aarhusuniversitet.sharepoint.com\/:w:\/r\/sites\/ARTSITDD_UDDANNELSE-ITDD_2024\/Delte%20dokumenter\/ITDD_2024\/Metodefag\/Regler_og_skabeloner\/Metodefag_Litteratur.docx?d=web221bfbf004426a8407462478c5a78e&amp;csf=1&amp;web=1&amp;e=WOV1xR&amp;nav=eyJjIjoxNzg5NjAxNzMyfQ%3D%3D\" data-type=\"link\" data-id=\"https:\/\/aarhusuniversitet.sharepoint.com\/:w:\/r\/sites\/ARTSITDD_UDDANNELSE-ITDD_2024\/Delte%20dokumenter\/ITDD_2024\/Metodefag\/Regler_og_skabeloner\/Metodefag_Litteratur.docx?d=web221bfbf004426a8407462478c5a78e&amp;csf=1&amp;web=1&amp;e=WOV1xR&amp;nav=eyJjIjoxNzg5NjAxNzMyfQ%3D%3D\" target=\"_blank\" rel=\"noreferrer noopener\"><strong>mod eksamen<\/strong> i litteraturlisten <\/a>og gennemg\u00e5 <a href=\"https:\/\/aarhusuniversitet.sharepoint.com\/:w:\/r\/sites\/ARTSITDD_UDDANNELSE-ITDD_2024\/Delte%20dokumenter\/ITDD_2024\/Metodefag\/Regler_og_skabeloner\/Om_synopsen.docx?d=w394ecb8a61ad4ba89d68c9be820ff5c7&amp;csf=1&amp;web=1&amp;e=jsNCtp\" data-type=\"link\" data-id=\"https:\/\/aarhusuniversitet.sharepoint.com\/:w:\/r\/sites\/ARTSITDD_UDDANNELSE-ITDD_2024\/Delte%20dokumenter\/ITDD_2024\/Metodefag\/Regler_og_skabeloner\/Om_synopsen.docx?d=w394ecb8a61ad4ba89d68c9be820ff5c7&amp;csf=1&amp;web=1&amp;e=jsNCtp\" target=\"_blank\" rel=\"noreferrer noopener\">skabelonen til synopsen<\/a><br><br><em>I timer:<\/em><br>\u2022 I deler overvejelser over et udvalgt afsnit fra analysen i jeres synopser<br><br><strong>Torsdag d. 20. februar<\/strong> &#8211; <strong>Analyse og operationalisering af kvantitative data<\/strong><br><em>Forberedelse:<\/em><br>\u2022 vi aftaler eksempler fra jeres projekter<br>\u2022 find evt. baggrundinformation <a href=\"https:\/\/aarhusuniversitet-my.sharepoint.com\/:w:\/r\/personal\/au181755_uni_au_dk\/Documents\/Vedh%C3%A6ftede%20filer\/Metodefag_25_draft_05.docx?d=wcc617808b73e47e899bd20cf627f59f5&amp;csf=1&amp;web=1&amp;e=nSN4cW&amp;nav=eyJjIjozMzk5ODcyMjB9\" target=\"_blank\" rel=\"noreferrer noopener\">i disse kvantitative kilder<\/a><br><br><em>I timer:<\/em> Eksempler af analyse og operationalisering af kvantitative data:<br>\u2022 hver gruppe har 5 minutter til at pr\u00e6sentere et \u201dkvantitativ element\u201d fra sin unders\u00f8gelse<br>\u2022 Francescos opl\u00e6g om \u201dat dumme sig med tallene\u201d<\/p>\n\n\n\n<hr class=\"wp-block-separator has-alpha-channel-opacity\"\/>\n\n\n\n<p class=\"has-background\" style=\"background-color:#beecbf\">I uge 9 samler vi tr\u00e5dene op og uge 10 er som udgangspunkt indt\u00e6nkt til vejledning (i grupper eller klynger af grupper)<\/p>\n","protected":false},"excerpt":{"rendered":"<p>Uge 8 &#8211; Hvor vi har startet p\u00e5 at skrive DEADLINE: &lt;fredag d. 14. kl. 13.00 var deadline til at aflevere et udvalgt afsnit af jeres skriftlige analyse i denne tabel. UNDERVISNINGSAKTIVITETER &#8211; kl. 13:00-15:00 Tirsdag d. 18. februar &#8211; Vi s\u00e6tter ord p\u00e5 &#8211; nu p\u00e5 skrift (video)Forberedelse:\u2022 I skal forberede mundtlig introduktion til [&hellip;]<\/p>\n","protected":false},"author":1,"featured_media":0,"parent":0,"menu_order":0,"comment_status":"closed","ping_status":"closed","template":"","meta":{"footnotes":""},"class_list":["post-869","page","type-page","status-publish","hentry","entry"],"_links":{"self":[{"href":"https:\/\/itdd.au.dk\/metode25\/wp-json\/wp\/v2\/pages\/869","targetHints":{"allow":["GET"]}}],"collection":[{"href":"https:\/\/itdd.au.dk\/metode25\/wp-json\/wp\/v2\/pages"}],"about":[{"href":"https:\/\/itdd.au.dk\/metode25\/wp-json\/wp\/v2\/types\/page"}],"author":[{"embeddable":true,"href":"https:\/\/itdd.au.dk\/metode25\/wp-json\/wp\/v2\/users\/1"}],"replies":[{"embeddable":true,"href":"https:\/\/itdd.au.dk\/metode25\/wp-json\/wp\/v2\/comments?post=869"}],"version-history":[{"count":10,"href":"https:\/\/itdd.au.dk\/metode25\/wp-json\/wp\/v2\/pages\/869\/revisions"}],"predecessor-version":[{"id":964,"href":"https:\/\/itdd.au.dk\/metode25\/wp-json\/wp\/v2\/pages\/869\/revisions\/964"}],"wp:attachment":[{"href":"https:\/\/itdd.au.dk\/metode25\/wp-json\/wp\/v2\/media?parent=869"}],"curies":[{"name":"wp","href":"https:\/\/api.w.org\/{rel}","templated":true}]}}