{"id":526,"date":"2024-03-04T13:12:56","date_gmt":"2024-03-04T13:12:56","guid":{"rendered":"https:\/\/itdd.au.dk\/metode25\/?page_id=526"},"modified":"2025-01-22T14:22:50","modified_gmt":"2025-01-22T14:22:50","slug":"dag1","status":"publish","type":"page","link":"https:\/\/itdd.au.dk\/metode25\/dag1\/","title":{"rendered":"Dag 1 af opstartseminaret"},"content":{"rendered":"\n<h1 class=\"wp-block-heading\">Dag 1 &#8211; Tirsdag d. 21. januar, <a href=\"https:\/\/www.au.dk\/om\/organisation\/find-au\/bygningskort?b=1915\" target=\"_blank\" rel=\"noreferrer noopener\">bygning 1915 lok. 224<\/a><\/h1>\n\n\n\n<h1 class=\"wp-block-heading has-text-align-center\"><em>Forskningspraksis og forskningsetos<\/em><\/h1>\n\n\n\n<div class=\"wp-block-columns has-white-background-color has-background is-layout-flex wp-container-core-columns-is-layout-9d6595d7 wp-block-columns-is-layout-flex\">\n<div class=\"wp-block-column is-layout-flow wp-block-column-is-layout-flow\">\n<p><strong>Sp\u00f8rgsm\u00e5l til semestret<br><\/strong>\u2022 Hvordan h\u00e6nger metode- og design-faget sammen?<br>\u2022 Hvilke sp\u00e6ndinger vil vi forholde os til?<\/p>\n\n\n\n<p><strong>Kompetencer til [forskings]metodefaget<br><\/strong>\u2022 Hvad skal vi vide? (#viden)<br>\u2022 Hvad skal vi kunne? (#f\u00e6rdigheder) <br>\u2022 hvilke &#8220;f\u00e6rdigheder og v\u00e6rdier&#8221; skal vi tage hensyn til? (#etos)<\/p>\n<\/div>\n<\/div>\n\n\n\n<p class=\"has-background\" style=\"background-color:#beecbf\"><strong>Litteratur til forberedelse<\/strong> (med annotering):<br><br><em>Bem\u00e6rk at annoteringsopgaven som fors\u00f8g er stillet til holdet og der er opgaver til alle tre dage:<br>I skal mens I l\u00e6ser annotere efter de vejledende sp\u00f8rgsm\u00e5l og huske at #tagge jeres kommentarer. Det er ikke n\u00f8dvendigvis alle der kommer til at lave en annotering, det vigtigste er at holdet som helhed f\u00e5r annoteret teksten og fundet svar. Man m\u00e5 naturligvis ogs\u00e5 annotere som \u201cman plejer\u201d hvis der dukker noget relevant op.<\/em><br><br>Kapitel <strong>\u201c5 \u2013 Sk\u00e6rme i og uden for skole\u201d<\/strong> i &nbsp;<br>Bundsgaard, Jeppe; Bindslev, Sophie; Caeli, Elisa Nadire; Gr\u00f8nh\u00f8j, Elisabeth; &amp; Rasmussen, Elisabeth (2024). <em>Danske elevers teknologiforst\u00e5else og\u202f sk\u00e6rmbrug. Resultater fra ICILS-unders\u00f8gelsen 2023<\/em> (Open Access). Aarhus Universitetsforlag. <a href=\"https:\/\/unipress.dk\/media\/20958\/icils_2023.pdf\" target=\"_blank\" rel=\"noreferrer noopener\">https:\/\/unipress.dk\/media\/20958\/icils_2023.pdf<\/a>&nbsp;<br>(eller <a href=\"https:\/\/aarhusuniversitet.sharepoint.com\/sites\/ARTSITDD_UDDANNELSE-ITDD_2024\/Delte%20dokumenter\/ITDD_2024\/Litteratur_i_PDF\/OECD_IEA_large_surveys_mm\/icils_2023_cropped.pdf\" target=\"_blank\" rel=\"noreferrer noopener\">p\u00e5 OneDrive<\/a> \u2013 i annoteringsvenligere udgave)&nbsp;<br>&nbsp;<br><strong><em>Vejledende sp\u00f8rgsm\u00e5l til annotering:&nbsp;<\/em><\/strong>&nbsp;<br>&#8211; <em>hvad skal vi vide? (#viden)&nbsp;<\/em>&nbsp;<br>&#8211; <em>hvad skal vi kunne? (#f\u00e6rdigheder)<\/em>&nbsp;<br>&#8211; <em>hvilke &#8220;f\u00e6rdigheder og v\u00e6rdier&#8221; skal vi tage hensyn til? (#etos)<\/em>&nbsp;<br><br>Til overvejelser i forhold til eget projekt:&nbsp;<br>Kapitel <strong>\u201c7 \u2013 L\u00e6reres praksis med it\u201c<\/strong> i <a href=\"https:\/\/aarhusuniversitet.sharepoint.com\/sites\/ARTSITDD_UDDANNELSE-ITDD_2024\/Delte%20dokumenter\/ITDD_2024\/Litteratur_i_PDF\/OECD_IEA_large_surveys_mm\/icils_2023_cropped.pdf\" target=\"_blank\" rel=\"noreferrer noopener\">den samme ICILS-2023 rapport<\/a>.&nbsp;<br><br>\u00d8vrig litteratur <a href=\"https:\/\/aarhusuniversitet.sharepoint.com\/:w:\/r\/sites\/ARTSITDD_UDDANNELSE-ITDD_2024\/Delte%20dokumenter\/ITDD_2024\/-Metodefag\/Metodefag_Litteratur.docx?d=web221bfbf004426a8407462478c5a78e&amp;csf=1&amp;web=1&amp;e=IEaIYV&amp;nav=eyJjIjoxODc0OTIxNTI5fQ\" target=\"_blank\" rel=\"noreferrer noopener\">i denne fil<\/a>.<\/p>\n\n\n\n<hr class=\"wp-block-separator has-alpha-channel-opacity\"\/>\n\n\n\n<h2 class=\"wp-block-heading\">Undervisningsaktiviteter<\/h2>\n\n\n\n<p class=\"has-background\" style=\"background-color:#fdf1d2\"><strong>Tirsdag d. 21. januar &#8211; Introduktion til semesteret og fagene<\/strong><br><strong>10:00 -12:30<\/strong> Med alle undervisere (<a href=\"https:\/\/aarhusuniversitet.sharepoint.com\/sites\/ARTSITDD_UDDANNELSE-ITDD_2024\/Delte%20dokumenter\/ITDD_2024\/Metodefag\/Slides_og_optagelser\/0-ITDD_Intro_Semester_F25.pdf\" target=\"_blank\" rel=\"noreferrer noopener\">slides<\/a>, optagelse)<br><em>Design som teori, metode og praksis<\/em><br><em>Forskning vs. design: hvordan kan vi sikre en produktiv sp\u00e6nding?<\/em><br>Forventningsafstemning om jeres projekter<br><strong>13.30-16.00<\/strong> Jeppe Bundsgaard om: (slides, optagelse)<br><em>Hvad kan vi l\u00e6re om elevers teknologiforst\u00e5else og l\u00e6rernes undervisningspraksis af ICILS-unders\u00f8gelsen<\/em><br><strong>16:15 &#8211; 18:00<\/strong> Anja og FC <br>&#8211; intro til forl\u00f8bet<br>&#8211; unders\u00f8gelsesobjekter og interviewpersoner <br>&#8211; gruppearbejde<br>fra kl. 18: f\u00e6lles spisning i Sky Lounge<\/p>\n\n\n\n<hr class=\"wp-block-separator has-alpha-channel-opacity\"\/>\n\n\n\n<p class=\"has-pale-pink-background-color has-background\"><strong>DEADLINE<\/strong>: Torsdag d. 23. januar kl. 15:00<br>I <a href=\"https:\/\/aarhusuniversitet.sharepoint.com\/:w:\/s\/ARTSITDD_UDDANNELSE-ITDD_2024\/EfsbIusE8GpChAdGJHjFp44BSGiaVEu8-uWw5i0qc6HfJA?e=yWGJOw\" target=\"_blank\" rel=\"noreferrer noopener\">dette dokument<\/a> i OneDrive-mappen til jeres afleveringer<\/p>\n\n\n\n<p><\/p>\n","protected":false},"excerpt":{"rendered":"<p>Dag 1 &#8211; Tirsdag d. 21. januar, bygning 1915 lok. 224 Forskningspraksis og forskningsetos Sp\u00f8rgsm\u00e5l til semestret\u2022 Hvordan h\u00e6nger metode- og design-faget sammen?\u2022 Hvilke sp\u00e6ndinger vil vi forholde os til? Kompetencer til [forskings]metodefaget\u2022 Hvad skal vi vide? (#viden)\u2022 Hvad skal vi kunne? (#f\u00e6rdigheder) \u2022 hvilke &#8220;f\u00e6rdigheder og v\u00e6rdier&#8221; skal vi tage hensyn til? (#etos) Litteratur [&hellip;]<\/p>\n","protected":false},"author":1,"featured_media":0,"parent":0,"menu_order":0,"comment_status":"closed","ping_status":"closed","template":"","meta":{"footnotes":""},"class_list":["post-526","page","type-page","status-publish","hentry","entry"],"_links":{"self":[{"href":"https:\/\/itdd.au.dk\/metode25\/wp-json\/wp\/v2\/pages\/526","targetHints":{"allow":["GET"]}}],"collection":[{"href":"https:\/\/itdd.au.dk\/metode25\/wp-json\/wp\/v2\/pages"}],"about":[{"href":"https:\/\/itdd.au.dk\/metode25\/wp-json\/wp\/v2\/types\/page"}],"author":[{"embeddable":true,"href":"https:\/\/itdd.au.dk\/metode25\/wp-json\/wp\/v2\/users\/1"}],"replies":[{"embeddable":true,"href":"https:\/\/itdd.au.dk\/metode25\/wp-json\/wp\/v2\/comments?post=526"}],"version-history":[{"count":62,"href":"https:\/\/itdd.au.dk\/metode25\/wp-json\/wp\/v2\/pages\/526\/revisions"}],"predecessor-version":[{"id":897,"href":"https:\/\/itdd.au.dk\/metode25\/wp-json\/wp\/v2\/pages\/526\/revisions\/897"}],"wp:attachment":[{"href":"https:\/\/itdd.au.dk\/metode25\/wp-json\/wp\/v2\/media?parent=526"}],"curies":[{"name":"wp","href":"https:\/\/api.w.org\/{rel}","templated":true}]}}

<h1 class="wp-block-heading">Dag 1 &#8211; Tirsdag d. 21. januar, <a href="https://www.au.dk/om/organisation/find-au/bygningskort?b=1915" target="_blank" rel="noreferrer noopener">bygning 1915 lok. 224</a></h1>



<h1 class="wp-block-heading has-text-align-center"><em>Forskningspraksis og forskningsetos</em></h1>



<div class="wp-block-columns has-white-background-color has-background is-layout-flex wp-container-core-columns-is-layout-9d6595d7 wp-block-columns-is-layout-flex">
<div class="wp-block-column is-layout-flow wp-block-column-is-layout-flow">
<p><strong>Spørgsmål til semestret<br></strong>• Hvordan hænger metode- og design-faget sammen?<br>• Hvilke spændinger vil vi forholde os til?</p>



<p><strong>Kompetencer til [forskings]metodefaget<br></strong>• Hvad skal vi vide? (#viden)<br>• Hvad skal vi kunne? (#færdigheder) <br>• hvilke &#8220;færdigheder og værdier&#8221; skal vi tage hensyn til? (#etos)</p>
</div>
</div>



<p class="has-background" style="background-color:#beecbf"><strong>Litteratur til forberedelse</strong> (med annotering):<br><br><em>Bemærk at annoteringsopgaven som forsøg er stillet til holdet og der er opgaver til alle tre dage:<br>I skal mens I læser annotere efter de vejledende spørgsmål og huske at #tagge jeres kommentarer. Det er ikke nødvendigvis alle der kommer til at lave en annotering, det vigtigste er at holdet som helhed får annoteret teksten og fundet svar. Man må naturligvis også annotere som “man plejer” hvis der dukker noget relevant op.</em><br><br>Kapitel <strong>“5 – Skærme i og uden for skole”</strong> i &nbsp;<br>Bundsgaard, Jeppe; Bindslev, Sophie; Caeli, Elisa Nadire; Grønhøj, Elisabeth; &amp; Rasmussen, Elisabeth (2024). <em>Danske elevers teknologiforståelse og  skærmbrug. Resultater fra ICILS-undersøgelsen 2023</em> (Open Access). Aarhus Universitetsforlag. <a href="https://unipress.dk/media/20958/icils_2023.pdf" target="_blank" rel="noreferrer noopener">https://unipress.dk/media/20958/icils_2023.pdf</a>&nbsp;<br>(eller <a href="https://aarhusuniversitet.sharepoint.com/sites/ARTSITDD_UDDANNELSE-ITDD_2024/Delte%20dokumenter/ITDD_2024/Litteratur_i_PDF/OECD_IEA_large_surveys_mm/icils_2023_cropped.pdf" target="_blank" rel="noreferrer noopener">på OneDrive</a> – i annoteringsvenligere udgave)&nbsp;<br>&nbsp;<br><strong><em>Vejledende spørgsmål til annotering:&nbsp;</em></strong>&nbsp;<br>&#8211; <em>hvad skal vi vide? (#viden)&nbsp;</em>&nbsp;<br>&#8211; <em>hvad skal vi kunne? (#færdigheder)</em>&nbsp;<br>&#8211; <em>hvilke &#8220;færdigheder og værdier&#8221; skal vi tage hensyn til? (#etos)</em>&nbsp;<br><br>Til overvejelser i forhold til eget projekt:&nbsp;<br>Kapitel <strong>“7 – Læreres praksis med it“</strong> i <a href="https://aarhusuniversitet.sharepoint.com/sites/ARTSITDD_UDDANNELSE-ITDD_2024/Delte%20dokumenter/ITDD_2024/Litteratur_i_PDF/OECD_IEA_large_surveys_mm/icils_2023_cropped.pdf" target="_blank" rel="noreferrer noopener">den samme ICILS-2023 rapport</a>.&nbsp;<br><br>Øvrig litteratur <a href="https://aarhusuniversitet.sharepoint.com/:w:/r/sites/ARTSITDD_UDDANNELSE-ITDD_2024/Delte%20dokumenter/ITDD_2024/-Metodefag/Metodefag_Litteratur.docx?d=web221bfbf004426a8407462478c5a78e&amp;csf=1&amp;web=1&amp;e=IEaIYV&amp;nav=eyJjIjoxODc0OTIxNTI5fQ" target="_blank" rel="noreferrer noopener">i denne fil</a>.</p>



<hr class="wp-block-separator has-alpha-channel-opacity"/>



<h2 class="wp-block-heading">Undervisningsaktiviteter</h2>



<p class="has-background" style="background-color:#fdf1d2"><strong>Tirsdag d. 21. januar &#8211; Introduktion til semesteret og fagene</strong><br><strong>10:00 -12:30</strong> Med alle undervisere (<a href="https://aarhusuniversitet.sharepoint.com/sites/ARTSITDD_UDDANNELSE-ITDD_2024/Delte%20dokumenter/ITDD_2024/Metodefag/Slides_og_optagelser/0-ITDD_Intro_Semester_F25.pdf" target="_blank" rel="noreferrer noopener">slides</a>, optagelse)<br><em>Design som teori, metode og praksis</em><br><em>Forskning vs. design: hvordan kan vi sikre en produktiv spænding?</em><br>Forventningsafstemning om jeres projekter<br><strong>13.30-16.00</strong> Jeppe Bundsgaard om: (slides, optagelse)<br><em>Hvad kan vi lære om elevers teknologiforståelse og lærernes undervisningspraksis af ICILS-undersøgelsen</em><br><strong>16:15 &#8211; 18:00</strong> Anja og FC <br>&#8211; intro til forløbet<br>&#8211; undersøgelsesobjekter og interviewpersoner <br>&#8211; gruppearbejde<br>fra kl. 18: fælles spisning i Sky Lounge</p>



<hr class="wp-block-separator has-alpha-channel-opacity"/>



<p class="has-pale-pink-background-color has-background"><strong>DEADLINE</strong>: Torsdag d. 23. januar kl. 15:00<br>I <a href="https://aarhusuniversitet.sharepoint.com/:w:/s/ARTSITDD_UDDANNELSE-ITDD_2024/EfsbIusE8GpChAdGJHjFp44BSGiaVEu8-uWw5i0qc6HfJA?e=yWGJOw" target="_blank" rel="noreferrer noopener">dette dokument</a> i OneDrive-mappen til jeres afleveringer</p>



<p></p>

<p>Dag 1 &#8211; Tirsdag d. 21. januar, bygning 1915 lok. 224 Forskningspraksis og forskningsetos Spørgsmål til semestret• Hvordan hænger metode- og design-faget sammen?• Hvilke spændinger vil vi forholde os til? Kompetencer til [forskings]metodefaget• Hvad skal vi vide? (#viden)• Hvad skal vi kunne? (#færdigheder) • hvilke &#8220;færdigheder og værdier&#8221; skal vi tage hensyn til? (#etos) Litteratur [&hellip;]</p>
