{"id":2,"date":"2024-09-05T10:44:15","date_gmt":"2024-09-05T10:44:15","guid":{"rendered":"https:\/\/itdd.au.dk\/fremtidens-it-didaktiker\/?page_id=2"},"modified":"2024-12-09T16:19:25","modified_gmt":"2024-12-09T16:19:25","slug":"sample-page","status":"publish","type":"page","link":"https:\/\/itdd.au.dk\/fremtidens-it-didaktiker\/","title":{"rendered":""},"content":{"rendered":"\n<div class=\"wp-block-columns is-layout-flex wp-container-core-columns-is-layout-9d6595d7 wp-block-columns-is-layout-flex\">\n<div class=\"wp-block-column is-layout-flow wp-block-column-is-layout-flow\" style=\"flex-basis:100%\">\n<figure class=\"wp-block-image alignfull\"><img loading=\"lazy\" decoding=\"async\" width=\"655\" height=\"242\" src=\"https:\/\/itdd.au.dk\/fremtidens-it-didaktiker\/wp-content\/uploads\/sites\/23\/2024\/09\/Velkommen-edited.png\" alt=\"\" class=\"wp-image-184\" srcset=\"https:\/\/itdd.au.dk\/fremtidens-it-didaktiker\/wp-content\/uploads\/sites\/23\/2024\/09\/Velkommen-edited.png 655w, https:\/\/itdd.au.dk\/fremtidens-it-didaktiker\/wp-content\/uploads\/sites\/23\/2024\/09\/Velkommen-edited-300x111.png 300w\" sizes=\"auto, (max-width: 655px) 100vw, 655px\" \/><\/figure>\n<\/div>\n<\/div>\n\n\n\n<p><\/p>\n\n\n\n<div class=\"wp-block-columns alignwide is-layout-flex wp-container-core-columns-is-layout-829b1d53 wp-block-columns-is-layout-flex\" style=\"margin-bottom:0\">\n<div class=\"wp-block-column has-text-color has-background has-link-color wp-elements-5f42f646a49be3a15b2f18d6f8ad3695 is-layout-flow wp-block-column-is-layout-flow\" style=\"color:#000000;background-color:#ffe97d;padding-top:2em;padding-right:2em;padding-bottom:2em;padding-left:2em\">\n<h2 class=\"wp-block-heading\" id=\"single\" style=\"font-size:40px\"><strong>Hvem er vi?<\/strong><\/h2>\n\n\n\n<p class=\"has-normal-font-size\" style=\"line-height:1.5\">Velkommen til vores blog &#8220;Fremtidens IT didaktiker&#8221;! <\/p>\n\n\n\n<hr class=\"wp-block-separator has-text-color has-css-opacity has-background is-style-wide\" style=\"background-color:#000000;color:#000000\"\/>\n\n\n\n<ul class=\"wp-block-list has-normal-font-size\">\n<li>Vi er fire engagerede studerende p\u00e5 kandidatuddannelsen IT- didaktisk design, og her p\u00e5 bloggen kan du f\u00f8lge med i vores studiearbejde. <\/li>\n\n\n\n<li>Bloggen er skabt for at dele vores opgaver og projekter, mens vi udforsker, hvordan teknologi og didaktik g\u00e5r h\u00e5nd i h\u00e5nd i fremtidens undervisning.<\/li>\n\n\n\n<li>Vi h\u00e5ber, du vil finde inspiration i vores arbejde!<\/li>\n<\/ul>\n\n\n\n<div class=\"wp-block-buttons is-horizontal is-content-justification-center is-layout-flex wp-container-core-buttons-is-layout-499968f5 wp-block-buttons-is-layout-flex\">\n<div class=\"wp-block-button has-custom-width wp-block-button__width-100\"><a class=\"wp-block-button__link has-white-color has-text-color has-background no-border-radius wp-element-button\" href=\"https:\/\/itdd.au.dk\/fremtidens-it-didaktiker\/hvem-er-vi\/\" style=\"background-color:#000000\">L\u00e6s mere om hvem vi er<\/a><\/div>\n<\/div>\n<\/div>\n\n\n\n<div class=\"wp-block-column has-text-color has-background has-link-color wp-elements-bc867832de94a75b8a24aaff80ff77de is-layout-flow wp-block-column-is-layout-flow\" style=\"color:#000000;background-color:#d1d1e1;padding-top:2em;padding-right:2em;padding-bottom:2em;padding-left:2em\">\n<h2 class=\"wp-block-heading\" id=\"family\" style=\"font-size:40px\"><strong>Vores seneste blog<\/strong><\/h2>\n\n\n\n<p class=\"has-normal-font-size\" style=\"line-height:1.5\"><strong>Her kan du finde vores seneste blogpost:<\/strong><\/p>\n\n\n\n<hr class=\"wp-block-separator has-css-opacity is-style-wide\"\/>\n\n\n\n<div class=\"wp-block-buttons is-horizontal is-content-justification-center is-layout-flex wp-container-core-buttons-is-layout-499968f5 wp-block-buttons-is-layout-flex\">\n<div class=\"wp-block-button has-custom-width wp-block-button__width-100 is-style-fill\"><a class=\"wp-block-button__link has-white-color has-text-color has-background no-border-radius wp-element-button\" href=\"https:\/\/itdd.au.dk\/fremtidens-it-didaktiker\/blogpost-4-fra-papir-til-pixels\/\" style=\"background-color:#000000\">Blogpost 4: Fra papir til pixels<\/a><\/div>\n\n\n\n<div class=\"wp-block-button has-custom-width wp-block-button__width-100 is-style-fill\"><a class=\"wp-block-button__link has-white-color has-text-color has-background no-border-radius wp-element-button\" href=\"https:\/\/itdd.au.dk\/fremtidens-it-didaktiker\/2024\/12\/05\/digital-havverden\/\" style=\"background-color:#000000\">Blogpost 4: Digital havverden<\/a><\/div>\n\n\n<\/div>\n\n\n\n<p><\/p>\n<\/div>\n\n\n\n<div class=\"wp-block-column has-text-color has-background has-link-color wp-elements-641edd89804ca46a7b375c42b822d86c is-layout-flow wp-block-column-is-layout-flow\" style=\"color:#000000;background-color:#c0ebf1;padding-top:2em;padding-right:2em;padding-bottom:2em;padding-left:2em\">\n<h2 class=\"wp-block-heading\" id=\"patron\" style=\"font-size:40px\"><strong>Alle blogs<\/strong><\/h2>\n\n\n\n<p class=\"has-normal-font-size\"><strong>\u00d8verst p\u00e5 siden kan du finde en oversigt over alle vores blogpost. Du er ogs\u00e5 velkommen til at udforske dem lige her:<\/strong><\/p>\n\n\n\n<hr class=\"wp-block-separator has-css-opacity is-style-wide\"\/>\n\n\n\n<div class=\"wp-block-buttons is-horizontal is-content-justification-center is-layout-flex wp-container-core-buttons-is-layout-499968f5 wp-block-buttons-is-layout-flex\">\n<div class=\"wp-block-button has-custom-width wp-block-button__width-100\"><a class=\"wp-block-button__link has-white-color has-text-color has-background no-border-radius wp-element-button\" href=\"https:\/\/itdd.au.dk\/fremtidens-it-didaktiker\/blogpost-1-madlavning\/\" style=\"background-color:#000000\">Blogpost 1: Madlavning &#8211; Det er \u00c6gge\u00b4 d\u00e5rligt<\/a><\/div>\n\n\n\n<div class=\"wp-block-button has-custom-width wp-block-button__width-100 is-style-fill\"><a class=\"wp-block-button__link has-white-color has-text-color has-background no-border-radius wp-element-button\" href=\"https:\/\/itdd.au.dk\/fremtidens-it-didaktiker\/blogpost-2\/\" style=\"background-color:#000000\">Blogpost 2: Transformation<\/a><\/div>\n\n\n\n<div class=\"wp-block-button has-custom-width wp-block-button__width-100 is-style-fill\"><a class=\"wp-block-button__link has-white-color has-text-color has-background no-border-radius wp-element-button\" href=\"https:\/\/itdd.au.dk\/fremtidens-it-didaktiker\/blogpost-3\/\" style=\"background-color:#000000\">Blogpost 3: En ny partner i klassen<\/a><\/div>\n\n\n\n<div class=\"wp-block-button has-custom-width wp-block-button__width-100 is-style-fill\"><a class=\"wp-block-button__link has-white-color has-text-color has-background no-border-radius wp-element-button\" href=\"https:\/\/itdd.au.dk\/fremtidens-it-didaktiker\/2024\/12\/05\/digital-havverden\/\" style=\"background-color:#000000\">Blogpost 4: Digital havverden<\/a><\/div>\n\n\n\n<div class=\"wp-block-button has-custom-width wp-block-button__width-100 is-style-fill\"><a class=\"wp-block-button__link has-white-color has-text-color has-background no-border-radius wp-element-button\" href=\"https:\/\/itdd.au.dk\/fremtidens-it-didaktiker\/blogpost-4-fra-papir-til-pixels\/\" style=\"background-color:#000000\">Blogpost 4: Fra papir til pixels<\/a><\/div>\n\n\n<\/div>\n<\/div>\n<\/div>\n\n\n\n<p><\/p>\n","protected":false},"excerpt":{"rendered":"<p>Hvem er vi? Velkommen til vores blog &#8220;Fremtidens IT didaktiker&#8221;! Vores seneste blog Her kan du finde vores seneste blogpost: Alle blogs \u00d8verst p\u00e5 siden kan du finde en oversigt over alle vores blogpost. Du er ogs\u00e5 velkommen til at udforske dem lige her:<\/p>\n","protected":false},"author":52,"featured_media":0,"parent":0,"menu_order":0,"comment_status":"closed","ping_status":"open","template":"","meta":{"footnotes":""},"class_list":["post-2","page","type-page","status-publish","hentry","entry"],"_links":{"self":[{"href":"https:\/\/itdd.au.dk\/fremtidens-it-didaktiker\/wp-json\/wp\/v2\/pages\/2","targetHints":{"allow":["GET"]}}],"collection":[{"href":"https:\/\/itdd.au.dk\/fremtidens-it-didaktiker\/wp-json\/wp\/v2\/pages"}],"about":[{"href":"https:\/\/itdd.au.dk\/fremtidens-it-didaktiker\/wp-json\/wp\/v2\/types\/page"}],"author":[{"embeddable":true,"href":"https:\/\/itdd.au.dk\/fremtidens-it-didaktiker\/wp-json\/wp\/v2\/users\/52"}],"replies":[{"embeddable":true,"href":"https:\/\/itdd.au.dk\/fremtidens-it-didaktiker\/wp-json\/wp\/v2\/comments?post=2"}],"version-history":[{"count":40,"href":"https:\/\/itdd.au.dk\/fremtidens-it-didaktiker\/wp-json\/wp\/v2\/pages\/2\/revisions"}],"predecessor-version":[{"id":602,"href":"https:\/\/itdd.au.dk\/fremtidens-it-didaktiker\/wp-json\/wp\/v2\/pages\/2\/revisions\/602"}],"wp:attachment":[{"href":"https:\/\/itdd.au.dk\/fremtidens-it-didaktiker\/wp-json\/wp\/v2\/media?parent=2"}],"curies":[{"name":"wp","href":"https:\/\/api.w.org\/{rel}","templated":true}]}}