{"id":71,"date":"2024-08-23T12:59:32","date_gmt":"2024-08-23T12:59:32","guid":{"rendered":"https:\/\/itdd.au.dk\/dt25\/?page_id=71"},"modified":"2025-08-24T10:09:51","modified_gmt":"2025-08-24T10:09:51","slug":"introduktion","status":"publish","type":"page","link":"https:\/\/itdd.au.dk\/dt25\/","title":{"rendered":"Semesterstart"},"content":{"rendered":"\n<h1 class=\"wp-block-heading has-text-align-center\">Semesterstart + introduktion til Digitale Teknologier<\/h1>\n\n\n\n<h2 class=\"wp-block-heading has-medium-font-size\">ITDD som studie + hvad er internettet <\/h2>\n\n\n\n<p class=\"has-small-font-size\">Ved semesterstart introducerer vi f\u00f8rst ITDD-studiet med udgangspunkt i <strong>trekanten med it &#8211; didaktik &#8211; design<\/strong>, hvilket syn p\u00e5 l\u00e6ring vi arbejder med, hvordan vi individuelt vil bidrage, samt ITDDs medie\u00f8kologi.<br>Derefter introducerer vi Digitale Teknologier-faget ved at sp\u00f8rge os<br>\u2013 Hvad er internettet? Hvordan kan internettet og computere fungere som kognitive partnere?<br>\u2013 Hvordan unders\u00f8ger og analyserer man f\u00e6nomener p\u00e5 internettet?<\/p>\n\n\n\n<h2 class=\"wp-block-heading\">Undervisningsaktiviteter<\/h2>\n\n\n\n<p class=\"has-black-color has-text-color has-background has-link-color wp-elements-cbb0057f684303e9ee048e98c5c9e174\" style=\"background-color:#fdf1d2\"><strong>Mandag <strong>d. 1. september <\/strong>&#8211; lok.<a href=\"https:\/\/www.au.dk\/om\/organisation\/find-au\/bygningskort?b=1915\" target=\"_blank\" rel=\"noreferrer noopener\"> 1915-224<\/a> <\/strong><br>kl: 10:00-14:00: <strong>Semesterstart<\/strong> (om at l\u00e6se p\u00e5 it-didaktisk design)<br>kl. 14:30-17:00: <strong><strong>Introduktion til Digitale Teknologier-faget<\/strong><\/strong><br>kl. 18:00-20:00: F\u00e6lles spisning<br><br><strong>Tirsdag <strong>d. 2. september <\/strong>&#8211; lok.<a href=\"https:\/\/www.au.dk\/om\/organisation\/find-au\/bygningskort?b=1915\" target=\"_blank\" rel=\"noreferrer noopener\"> 1915-224<\/a> <\/strong><br>kl: 9:00-17:00: <br>&#8211; Introduktion til Digitale Teknologier-faget (forts\u00e6tter) <br>&#8211; session om Portfolio 1: kommunikation p\u00e5 internettet<br>&#8211; workshop: Generativ AI p\u00e5 ITDD-studiet<br><br><strong>Onsdag <strong>d. 3. september <\/strong>&#8211; lok.<a href=\"https:\/\/www.au.dk\/om\/organisation\/find-au\/bygningskort?b=1915\" target=\"_blank\" rel=\"noreferrer noopener\"> 1915-224<\/a> <\/strong><br>kl. 9:00-14:00 <strong>Digitale L\u00e6ringskontekster<\/strong> (se <a href=\"https:\/\/itdd.au.dk\/dl25\/\" target=\"_blank\" rel=\"noreferrer noopener\">kursets l\u00e6seplan<\/a>)<br>kl. 14:30-17:00:<strong> ITDD-dag<\/strong><br><br><strong>Torsdag <strong>d. 4. september <\/strong>&#8211; lok.<a href=\"https:\/\/www.au.dk\/om\/organisation\/find-au\/bygningskort?b=1915\" target=\"_blank\" rel=\"noreferrer noopener\"> 1915-224<\/a> <\/strong><br>kl. 9:00-14:00 Digitale l\u00e6ringskontekster + gruppedannelse<\/p>\n\n\n\n<h2 class=\"wp-block-heading\">Litteratur til intro-seminaret<\/h2>\n\n\n\n<p class=\"has-background\" style=\"background-color:#beecbf\"><em><strong>Intro til it-didaktisk design <\/strong><br><\/em>Fra Dalsgaard &amp; Ryberg (2022) <a href=\"https:\/\/samfundslitteratur.dk\/bog\/digitale-l%C3%A6ringsrum\"><em>Digitale l\u00e6ringsrum<\/em><\/a>.<br>S. 9-34: Indledning, introduktion til Del 1 og kapitlet \u201dDigitale teknologi&#8221;<br><br><em><strong>Om vores syn p\u00e5 l\u00e6ring<\/strong><\/em><br>&#8211; <a href=\"https:\/\/emu.dk\/grundskole\/demokrati-og-faellesskaber\/viden-og-inspiration\/oecds-laeringskompas-2030\" target=\"_blank\" rel=\"noreferrer noopener\">Introduktion til OECDs L\u00e6ringskompas 2030<\/a> (inkl. videoen)<br>&#8211; <a href=\"https:\/\/emu.dk\/sites\/default\/files\/2025-01\/gsk_OECDs_L%C3%A6ringskompas_2030.pdf\">L\u00e6ringskompas 2030<\/a> (alt er vigtigt, men se is\u00e6r p\u00e5 sider 20-15 om &#8220;transformative kompetencer&#8221; og &#8220;elever handlepotential&#8221;; teksten opsummerer OECD (2019). OECD Learning Compass 2030 &#8211; A Series of Concept Notes. 146 sider. OECD. <a href=\"https:\/\/www.oecd.org\/content\/dam\/oecd\/en\/about\/projects\/edu\/education-2040\/1-1-learning-compass\/OECD_Learning_Compass_2030_Concept_Note_Series.pdf\">https:\/\/www.oecd.org\/content\/dam\/oecd\/en\/about\/projects\/edu\/education-2040\/1-1-learning-compass\/OECD_Learning_Compass_2030_Concept_Note_Series.pdf<\/a> &#8211; l\u00e6ses bedst <a href=\"https:\/\/aarhusuniversitet.sharepoint.com\/sites\/ARTSITDD_UDDANNELSE-ITDD_2025\/Delte%20dokumenter\/ITDD_2025\/Litteratur_i_PDF\/OECD_IEA_large_surveys_mm\/OECD_Learning_Compass_2030_Concept_Note_Series.pdf\" target=\"_blank\" rel=\"noreferrer noopener\">i vores OneDrive<\/a>)<br>&#8211; &#8220;competency\u201d i <a href=\"https:\/\/www.oecd.org\/content\/dam\/oecd\/en\/about\/projects\/edu\/education-2040\/publications\/OECD%20Learning%20Compass%202030%20-%20Glossary.pdf#page=5\" target=\"_blank\" rel=\"noreferrer noopener\">OECD Learning Compass 2030 \u2013 Glossary,<\/a> s. 5.<br>&#8211; OECD Better Life Index (<a href=\"https:\/\/www.oecdbetterlifeindex.org\/#\/11111111111\">overblik<\/a> + <a href=\"https:\/\/www.oecdbetterlifeindex.org\/countries\/denmark\/\">Danmarks profil<\/a>)<br><br><em><strong>Et eksempel om vores syn p\u00e5 teknologi<\/strong><\/em><br>kapitel 3. \u2018Four rules for co-intelligence\u2019 i Mollick, Ethan (2024). <em>Co-Intelligence: Living and Working with AI.<\/em> Penguin. (i <a href=\"https:\/\/aarhusuniversitet.sharepoint.com\/sites\/ARTSITDD_UDDANNELSE-ITDD_2025\/Delte%20dokumenter\/ITDD_2025\/Litteratur_i_PDF\/Mollick_Co-Intelligence_ch3_four_rules.pdf\" target=\"_blank\" rel=\"noreferrer noopener\">OneDrive<\/a>)<br><br><em><strong>Om internettet og hvordan man analyserer medier<\/strong><\/em><br>Baym, Nancy. K. (2015). Personal connections in the digital age. Cambridge, UK ; Malden, MA: Polity. s.1-23 (sider 1-21 i den 2010. udgave; bogen er tilg\u00e6ngelig <a href=\"https:\/\/www.wiley.com\/en-dk\/Personal+Connections+in+the+Digital+Age,+2nd+Edition-p-9780745670331\">p\u00e5 AU-Library<\/a><strong>)<\/strong><br><em>Dette kapitel giver et grundl\u00e6ggende indblik i nye former for personlige relationer i nye digitale teknologier. S\u00e6rligt interessant er de syv \u2018key concepts\u2019 som er et godt v\u00e6rkt\u00f8j til at adskille digitale teknologier fra hinanden og fra face-to-face-kommunikation<\/em><a id=\"_msocom_1\"><\/a><\/p>\n\n\n\n<p class=\"has-background\" style=\"background-color:#ececf6\"><strong>Supplerende og inspirerende tekster<\/strong> (ikke obligatorisk l\u00e6sning)<br>Jensen, Jakob Linaa, &amp; T\u00e6kke, Jesper (2018). Ch. 8. Cognition, undervisning og l\u00e6ring. I <em>Sociale medier<\/em>. Samfundslitteratur, s. 121-132.&nbsp; (<a href=\"https:\/\/aarhusuniversitet.sharepoint.com\/sites\/ARTSITDD_UDDANNELSE-ITDD_2025\/Delte%20dokumenter\/ITDD_2025\/Litteratur_i_PDF\/T%c3%a6kke_3_b%c3%b8lger_single.pdf\">OneDrive<\/a>)<br><em>Med et overblik over Paulsen og T\u00e6kkes teori om tre faser af mediebrug i skolen.<\/em><br><br>Castells, Manuel (2003): Internet galaksen: Refleksioner over Internettet, erhvervslivet og samfundet (1. udgave ed.). Systime, \u00c5rhus. S. 9-15 (Indledning) &amp; 40- 64 (Kap. 2) (<a href=\"https:\/\/aarhusuniversitet.sharepoint.com\/sites\/ARTSITDD_UDDANNELSE-ITDD_2025\/Delte%20dokumenter\/ITDD_2025\/Litteratur_i_PDF\/Castells_single.pdf\">OneDrive<\/a>)<br><em>Teksten er ikke helt ny, men is\u00e6r Castells tanker om internetkultur er stadig relevante. I hvilke sammenh\u00e6nge ser I denne internetkultur p\u00e5 internettet i dag?<\/em><br><br>Attwell, G. (2007). Personal Learning Environments &#8211; the future of eLearning? <em>eLearning Papers<\/em>, <em>2<\/em>. (<a href=\"https:\/\/aarhusuniversitet.sharepoint.com\/sites\/ARTSITDD_UDDANNELSE-ITDD_2025\/Delte%20dokumenter\/ITDD_2025\/Litteratur_i_PDF\/Attwell%20-%20Personal%20Learning%20Environments.pdf\">OneDrive<\/a>)<br><em>Denne tekst giver en glimrende forst\u00e5else af, hvad et Personal Learning Environment er og hvilke potentialer disse rummer i forhold til l\u00e6ring. Overvej hvilke konsekvenser brugen af PLEs vil have for den m\u00e5de it kan underst\u00f8tte undervisning. En vigtig detalje i forhold til PLEs er, at det indtil videre er et teoretisk begreb, som ikke er blevet verificeret tilstr\u00e6kkeligt empirisk \u2013 der er med andre ord et udtalt behov for at unders\u00f8ge dem. I \u2018Hanging out&#8230;\u2019 kommer man t\u00e6t p\u00e5 i unders\u00f8gelsen af unges Media Ecology, som i mods\u00e6tning til PLEs ogs\u00e5 rummer analoge medier og offline-sf\u00e6ren.<\/em><br><br>O&#8217;Reilly, Tim (2005): What is Web 2.0. <a href=\"http:\/\/www.oreilly.com\/pub\/a\/web2\/archive\/what-is-web-20.html\">http:\/\/www.oreilly.com\/pub\/a\/web2\/archive\/what-is-web-20.html<\/a><br><em>Denne tekst er den klassiske definerende tekst om web 2.0, og den giver et godt indblik i hvad der forst\u00e5s ved begrebet. Artiklen er dog ikke problemfri, da den har mere karakter af en normativ ideologi end af en medieanalyse. Ikke desto mindre har artiklen haft stor indflydelse. Hvad er de definerende karaktertr\u00e6k ved web 2.0 og hvad kan det betyde for l\u00e6ring?<\/em><\/p>\n\n\n\n<p><\/p>\n","protected":false},"excerpt":{"rendered":"<p>Semesterstart + introduktion til Digitale Teknologier ITDD som studie + hvad er internettet Ved semesterstart introducerer vi f\u00f8rst ITDD-studiet med udgangspunkt i trekanten med it &#8211; didaktik &#8211; design, hvilket syn p\u00e5 l\u00e6ring vi arbejder med, hvordan vi individuelt vil bidrage, samt ITDDs medie\u00f8kologi.Derefter introducerer vi Digitale Teknologier-faget ved at sp\u00f8rge os\u2013 Hvad er internettet? [&hellip;]<\/p>\n","protected":false},"author":4,"featured_media":0,"parent":0,"menu_order":0,"comment_status":"closed","ping_status":"closed","template":"","meta":{"footnotes":""},"class_list":["post-71","page","type-page","status-publish","hentry","entry"],"_links":{"self":[{"href":"https:\/\/itdd.au.dk\/dt25\/wp-json\/wp\/v2\/pages\/71","targetHints":{"allow":["GET"]}}],"collection":[{"href":"https:\/\/itdd.au.dk\/dt25\/wp-json\/wp\/v2\/pages"}],"about":[{"href":"https:\/\/itdd.au.dk\/dt25\/wp-json\/wp\/v2\/types\/page"}],"author":[{"embeddable":true,"href":"https:\/\/itdd.au.dk\/dt25\/wp-json\/wp\/v2\/users\/4"}],"replies":[{"embeddable":true,"href":"https:\/\/itdd.au.dk\/dt25\/wp-json\/wp\/v2\/comments?post=71"}],"version-history":[{"count":24,"href":"https:\/\/itdd.au.dk\/dt25\/wp-json\/wp\/v2\/pages\/71\/revisions"}],"predecessor-version":[{"id":410,"href":"https:\/\/itdd.au.dk\/dt25\/wp-json\/wp\/v2\/pages\/71\/revisions\/410"}],"wp:attachment":[{"href":"https:\/\/itdd.au.dk\/dt25\/wp-json\/wp\/v2\/media?parent=71"}],"curies":[{"name":"wp","href":"https:\/\/api.w.org\/{rel}","templated":true}]}}

<h1 class="wp-block-heading has-text-align-center">Semesterstart + introduktion til Digitale Teknologier</h1>



<h2 class="wp-block-heading has-medium-font-size">ITDD som studie + hvad er internettet </h2>



<p class="has-small-font-size">Ved semesterstart introducerer vi først ITDD-studiet med udgangspunkt i <strong>trekanten med it &#8211; didaktik &#8211; design</strong>, hvilket syn på læring vi arbejder med, hvordan vi individuelt vil bidrage, samt ITDDs medieøkologi.<br>Derefter introducerer vi Digitale Teknologier-faget ved at spørge os<br>– Hvad er internettet? Hvordan kan internettet og computere fungere som kognitive partnere?<br>– Hvordan undersøger og analyserer man fænomener på internettet?</p>



<h2 class="wp-block-heading">Undervisningsaktiviteter</h2>



<p class="has-black-color has-text-color has-background has-link-color wp-elements-cbb0057f684303e9ee048e98c5c9e174" style="background-color:#fdf1d2"><strong>Mandag <strong>d. 1. september </strong>&#8211; lok.<a href="https://www.au.dk/om/organisation/find-au/bygningskort?b=1915" target="_blank" rel="noreferrer noopener"> 1915-224</a> </strong><br>kl: 10:00-14:00: <strong>Semesterstart</strong> (om at læse på it-didaktisk design)<br>kl. 14:30-17:00: <strong><strong>Introduktion til Digitale Teknologier-faget</strong></strong><br>kl. 18:00-20:00: Fælles spisning<br><br><strong>Tirsdag <strong>d. 2. september </strong>&#8211; lok.<a href="https://www.au.dk/om/organisation/find-au/bygningskort?b=1915" target="_blank" rel="noreferrer noopener"> 1915-224</a> </strong><br>kl: 9:00-17:00: <br>&#8211; Introduktion til Digitale Teknologier-faget (fortsætter) <br>&#8211; session om Portfolio 1: kommunikation på internettet<br>&#8211; workshop: Generativ AI på ITDD-studiet<br><br><strong>Onsdag <strong>d. 3. september </strong>&#8211; lok.<a href="https://www.au.dk/om/organisation/find-au/bygningskort?b=1915" target="_blank" rel="noreferrer noopener"> 1915-224</a> </strong><br>kl. 9:00-14:00 <strong>Digitale Læringskontekster</strong> (se <a href="https://itdd.au.dk/dl25/" target="_blank" rel="noreferrer noopener">kursets læseplan</a>)<br>kl. 14:30-17:00:<strong> ITDD-dag</strong><br><br><strong>Torsdag <strong>d. 4. september </strong>&#8211; lok.<a href="https://www.au.dk/om/organisation/find-au/bygningskort?b=1915" target="_blank" rel="noreferrer noopener"> 1915-224</a> </strong><br>kl. 9:00-14:00 Digitale læringskontekster + gruppedannelse</p>



<h2 class="wp-block-heading">Litteratur til intro-seminaret</h2>



<p class="has-background" style="background-color:#beecbf"><em><strong>Intro til it-didaktisk design </strong><br></em>Fra Dalsgaard &amp; Ryberg (2022) <a href="https://samfundslitteratur.dk/bog/digitale-l%C3%A6ringsrum"><em>Digitale læringsrum</em></a>.<br>S. 9-34: Indledning, introduktion til Del 1 og kapitlet ”Digitale teknologi&#8221;<br><br><em><strong>Om vores syn på læring</strong></em><br>&#8211; <a href="https://emu.dk/grundskole/demokrati-og-faellesskaber/viden-og-inspiration/oecds-laeringskompas-2030" target="_blank" rel="noreferrer noopener">Introduktion til OECDs Læringskompas 2030</a> (inkl. videoen)<br>&#8211; <a href="https://emu.dk/sites/default/files/2025-01/gsk_OECDs_L%C3%A6ringskompas_2030.pdf">Læringskompas 2030</a> (alt er vigtigt, men se især på sider 20-15 om &#8220;transformative kompetencer&#8221; og &#8220;elever handlepotential&#8221;; teksten opsummerer OECD (2019). OECD Learning Compass 2030 &#8211; A Series of Concept Notes. 146 sider. OECD. <a href="https://www.oecd.org/content/dam/oecd/en/about/projects/edu/education-2040/1-1-learning-compass/OECD_Learning_Compass_2030_Concept_Note_Series.pdf">https://www.oecd.org/content/dam/oecd/en/about/projects/edu/education-2040/1-1-learning-compass/OECD_Learning_Compass_2030_Concept_Note_Series.pdf</a> &#8211; læses bedst <a href="https://aarhusuniversitet.sharepoint.com/sites/ARTSITDD_UDDANNELSE-ITDD_2025/Delte%20dokumenter/ITDD_2025/Litteratur_i_PDF/OECD_IEA_large_surveys_mm/OECD_Learning_Compass_2030_Concept_Note_Series.pdf" target="_blank" rel="noreferrer noopener">i vores OneDrive</a>)<br>&#8211; &#8220;competency” i <a href="https://www.oecd.org/content/dam/oecd/en/about/projects/edu/education-2040/publications/OECD%20Learning%20Compass%202030%20-%20Glossary.pdf#page=5" target="_blank" rel="noreferrer noopener">OECD Learning Compass 2030 – Glossary,</a> s. 5.<br>&#8211; OECD Better Life Index (<a href="https://www.oecdbetterlifeindex.org/#/11111111111">overblik</a> + <a href="https://www.oecdbetterlifeindex.org/countries/denmark/">Danmarks profil</a>)<br><br><em><strong>Et eksempel om vores syn på teknologi</strong></em><br>kapitel 3. ‘Four rules for co-intelligence’ i Mollick, Ethan (2024). <em>Co-Intelligence: Living and Working with AI.</em> Penguin. (i <a href="https://aarhusuniversitet.sharepoint.com/sites/ARTSITDD_UDDANNELSE-ITDD_2025/Delte%20dokumenter/ITDD_2025/Litteratur_i_PDF/Mollick_Co-Intelligence_ch3_four_rules.pdf" target="_blank" rel="noreferrer noopener">OneDrive</a>)<br><br><em><strong>Om internettet og hvordan man analyserer medier</strong></em><br>Baym, Nancy. K. (2015). Personal connections in the digital age. Cambridge, UK ; Malden, MA: Polity. s.1-23 (sider 1-21 i den 2010. udgave; bogen er tilgængelig <a href="https://www.wiley.com/en-dk/Personal+Connections+in+the+Digital+Age,+2nd+Edition-p-9780745670331">på AU-Library</a><strong>)</strong><br><em>Dette kapitel giver et grundlæggende indblik i nye former for personlige relationer i nye digitale teknologier. Særligt interessant er de syv ‘key concepts’ som er et godt værktøj til at adskille digitale teknologier fra hinanden og fra face-to-face-kommunikation</em><a id="_msocom_1"></a></p>



<p class="has-background" style="background-color:#ececf6"><strong>Supplerende og inspirerende tekster</strong> (ikke obligatorisk læsning)<br>Jensen, Jakob Linaa, &amp; Tække, Jesper (2018). Ch. 8. Cognition, undervisning og læring. I <em>Sociale medier</em>. Samfundslitteratur, s. 121-132.&nbsp; (<a href="https://aarhusuniversitet.sharepoint.com/sites/ARTSITDD_UDDANNELSE-ITDD_2025/Delte%20dokumenter/ITDD_2025/Litteratur_i_PDF/T%c3%a6kke_3_b%c3%b8lger_single.pdf">OneDrive</a>)<br><em>Med et overblik over Paulsen og Tækkes teori om tre faser af mediebrug i skolen.</em><br><br>Castells, Manuel (2003): Internet galaksen: Refleksioner over Internettet, erhvervslivet og samfundet (1. udgave ed.). Systime, Århus. S. 9-15 (Indledning) &amp; 40- 64 (Kap. 2) (<a href="https://aarhusuniversitet.sharepoint.com/sites/ARTSITDD_UDDANNELSE-ITDD_2025/Delte%20dokumenter/ITDD_2025/Litteratur_i_PDF/Castells_single.pdf">OneDrive</a>)<br><em>Teksten er ikke helt ny, men især Castells tanker om internetkultur er stadig relevante. I hvilke sammenhænge ser I denne internetkultur på internettet i dag?</em><br><br>Attwell, G. (2007). Personal Learning Environments &#8211; the future of eLearning? <em>eLearning Papers</em>, <em>2</em>. (<a href="https://aarhusuniversitet.sharepoint.com/sites/ARTSITDD_UDDANNELSE-ITDD_2025/Delte%20dokumenter/ITDD_2025/Litteratur_i_PDF/Attwell%20-%20Personal%20Learning%20Environments.pdf">OneDrive</a>)<br><em>Denne tekst giver en glimrende forståelse af, hvad et Personal Learning Environment er og hvilke potentialer disse rummer i forhold til læring. Overvej hvilke konsekvenser brugen af PLEs vil have for den måde it kan understøtte undervisning. En vigtig detalje i forhold til PLEs er, at det indtil videre er et teoretisk begreb, som ikke er blevet verificeret tilstrækkeligt empirisk – der er med andre ord et udtalt behov for at undersøge dem. I ‘Hanging out&#8230;’ kommer man tæt på i undersøgelsen af unges Media Ecology, som i modsætning til PLEs også rummer analoge medier og offline-sfæren.</em><br><br>O&#8217;Reilly, Tim (2005): What is Web 2.0. <a href="http://www.oreilly.com/pub/a/web2/archive/what-is-web-20.html">http://www.oreilly.com/pub/a/web2/archive/what-is-web-20.html</a><br><em>Denne tekst er den klassiske definerende tekst om web 2.0, og den giver et godt indblik i hvad der forstås ved begrebet. Artiklen er dog ikke problemfri, da den har mere karakter af en normativ ideologi end af en medieanalyse. Ikke desto mindre har artiklen haft stor indflydelse. Hvad er de definerende karaktertræk ved web 2.0 og hvad kan det betyde for læring?</em></p>



<p></p>

<p>Semesterstart + introduktion til Digitale Teknologier ITDD som studie + hvad er internettet Ved semesterstart introducerer vi først ITDD-studiet med udgangspunkt i trekanten med it &#8211; didaktik &#8211; design, hvilket syn på læring vi arbejder med, hvordan vi individuelt vil bidrage, samt ITDDs medieøkologi.Derefter introducerer vi Digitale Teknologier-faget ved at spørge os– Hvad er internettet? [&hellip;]</p>
