{"id":12,"date":"2024-07-04T11:39:29","date_gmt":"2024-07-04T11:39:29","guid":{"rendered":"https:\/\/itdd.au.dk\/dt25\/?page_id=12"},"modified":"2025-11-14T12:29:00","modified_gmt":"2025-11-14T12:29:00","slug":"kognitiv-partner","status":"publish","type":"page","link":"https:\/\/itdd.au.dk\/dt25\/kognitiv-partner\/","title":{"rendered":"Kognitiv partner"},"content":{"rendered":"\n<h1 class=\"wp-block-heading has-text-align-center\">PF3: Teknologi som kognitiv partner<\/h1>\n\n\n\n<h2 class=\"wp-block-heading\">Udgangspunkt og form\u00e5l<\/h2>\n\n\n\n<p>IT-redskaber hj\u00e6lper med en stigende del af aktiviteter, som foruds\u00e6tter specialiseret viden og f\u00e6rdigheder, fx informationss\u00f8gning, statistiske udregninger, tale-til-tekst eller maskinovers\u00e6ttelse. Vi uddelegerer med andre ord vanskelige opgaver til IT-baserede \u2019kognitive partnere\u2019 i takt med at nye tjenester og v\u00e6rkt\u00f8jer bliver en del af praksisser ved flere fagomr\u00e5der.<\/p>\n\n\n\n<p>I dette tema viser vi eksempler p\u00e5 teknologier, som fungerer som kognitive partnere og \u00e5bner for sp\u00f8rgsm\u00e5l om, hvordan disse teknologier er med til at \u00e6ndre kompetencer inden for fagomr\u00e5der. Vi vil bl.a. stille skarpt p\u00e5 de unikke l\u00e6ringspotentialer ved mobile medier, som er t\u00e6t v\u00e6vede sammen med det allestedsn\u00e6rv\u00e6rende internet.<\/p>\n\n\n\n<hr class=\"wp-block-separator has-alpha-channel-opacity\"\/>\n\n\n\n<h2 class=\"wp-block-heading\">Undervisningsaktiviteter<\/h2>\n\n\n\n<p class=\"has-background\" style=\"background-color:#fdf1d2\">(tyvstart) <strong>Torsdag d. 9. okt.<\/strong> 12:00-13:30 (optagelse)<br>+ Elisa Nadire Caelis videoopl\u00e6g om \u201c<a href=\"https:\/\/aarhusuniversitet.sharepoint.com\/:v:\/r\/sites\/ARTSITDD_UDDANNELSE-ITDD_2025\/Delte%20dokumenter\/ITDD_2025\/Digitale%20Teknologier\/Slides_og_evt_optagelser\/Portfolio_3\/Elisa_Caeli_om%20teknologiforsta%CC%8Aelse.mp4?csf=1&amp;web=1&amp;e=wM4wPm\" target=\"_blank\" rel=\"noreferrer noopener\">Et historisk og samfundsm\u00e6ssigt perspektiv p\u00e5 teknologiforst\u00e5else i skolen<\/a>\u201d (ogs\u00e5:\u00a0<a href=\"https:\/\/aarhusuniversitet.sharepoint.com\/:b:\/r\/sites\/ARTSITDD_UDDANNELSE-ITDD_2025\/Delte%20dokumenter\/ITDD_2025\/Digitale%20Teknologier\/Slides_og_evt_optagelser\/Portfolio_3\/Elisa_om%20teknologiforsta%CC%8Aelse.pdf?csf=1&amp;web=1&amp;e=hueNJz\" target=\"_blank\" rel=\"noreferrer noopener\">slides<\/a>\u00a0og <a href=\"https:\/\/aarhusuniversitet.sharepoint.com\/:w:\/r\/sites\/ARTSITDD_UDDANNELSE-ITDD_2025\/Delte%20dokumenter\/ITDD_2025\/Digitale%20Teknologier\/Portfolio_afleveringer\/PF3_Teknologi_som_kognitiv_partner\/AA-Opgave_om_teknologiforst%C3%A5else.docx?d=w72af8650459e4de28726ca8721038104&amp;csf=1&amp;web=1&amp;e=gMiRUn\">opgave<\/a> &#8211; deadline 14 nov.).<br>(<a href=\"https:\/\/aarhusuniversitet.sharepoint.com\/:w:\/r\/sites\/ARTSITDD_UDDANNELSE-ITDD_2025\/Delte%20dokumenter\/ITDD_2025\/Digitale%20Teknologier\/Portfolio_afleveringer\/PF3_Teknologi_som_kognitiv_partner\/A-PF3-2025-Hvad_l%C3%A6ser_og_skriver_I_om.docx?d=w869c2571a16745d093840bee5ef15ac2&amp;csf=1&amp;web=1&amp;e=B1GRMB\" target=\"_blank\" rel=\"noreferrer noopener\">Med f\u00e6lles dokument\u00a0<\/a>om, hvad du overvejer at skrive om)<br><br><strong>Mandag d. 24. november <\/strong><br>kl. 9-11 Skr. opsummerende feedback p\u00e5 annoteringer<br>kl. 13.00-16.00: <strong>Videom\u00f8de med opgavestart og workshop<\/strong><br>&#8211; kl. 13.00 &#8211; 13.45: Opgavestart med Q&amp;A med Elisa Nadire Caeli om <em>teknologiforst\u00e5else<\/em> og overblik over jeres skrive-ideer (<a href=\"https:\/\/aarhusuniversitet.sharepoint.com\/:w:\/r\/sites\/ARTSITDD_UDDANNELSE-ITDD_2025\/Delte%20dokumenter\/ITDD_2025\/Digitale%20Teknologier\/Portfolio_afleveringer\/PF3_Teknologi_som_kognitiv_partner\/A-PF3-2025-Hvad_l%C3%A6ser_og_skriver_I_om.docx?d=w869c2571a16745d093840bee5ef15ac2&amp;csf=1&amp;web=1&amp;e=B1GRMB\" target=\"_blank\" rel=\"noreferrer noopener\">f\u00e6lles dokument<\/a><a href=\"https:\/\/aarhusuniversitet.sharepoint.com\/:w:\/r\/sites\/ARTSITDD_UDDANNELSE-ITDD_2025\/Delte%20dokumenter\/ITDD_2025\/Digitale%20Teknologier\/Portfolio_afleveringer\/PF2_F%C3%A6llesskaber_og_netv%C3%A6rk\/Fredag_3_okt_pf2_start_mm.docx?d=w8625dba660984b38b24d3d8f1538fcd4&amp;csf=1&amp;web=1&amp;e=31PCHl\"> <\/a>om, hvad du overvejer at skrive om; slides)<br>&#8211; kl. 13.45 &#8211; 15.00: Workshop om Personal knowledge management<br>&#8211; kl. 15.00 &#8211; 16:00: Diskussion af teksterne, evaluering af annoteringsopgave, Q&amp;A til portfolio #3<br><br> kl. 23:59 &#8211; <strong>Deadline<\/strong>: hvilke tekster og ressourcer vil I bruge som inspiration? (<a href=\"https:\/\/aarhusuniversitet.sharepoint.com\/:w:\/r\/sites\/ARTSITDD_UDDANNELSE-ITDD_2025\/Delte%20dokumenter\/ITDD_2025\/Digitale%20Teknologier\/Portfolio_afleveringer\/PF3_Teknologi_som_kognitiv_partner\/A-PF3-2025-Hvad_l%C3%A6ser_og_skriver_I_om.docx?d=w869c2571a16745d093840bee5ef15ac2&amp;csf=1&amp;web=1&amp;e=B1GRMB\" target=\"_blank\" rel=\"noreferrer noopener\">delt dokument<\/a>)<br><br><strong>Tirsdag d. 25. november<\/strong> <br>kl. 15:00 deadline til annotering (i grupper) <br>kl. 15:00-16:00 Skr. opsummerende feedback p\u00e5 annoteringer<br><br><strong>Onsdag d. 26. november <\/strong><br>kl. 12:00 &#8211; deadline til aflevering af udkast (i f\u00e6lles mappe)<br>kl. 13:00-16:00 &#8211; l\u00e6rerne kommenter skriftligt<br>kl. 16:00-17:00 &#8211; <strong>videom\u00f8de med feedback + Q&amp;A<\/strong> (1 time!)<br>kl 17:00- Sidste skr. kommentarer<br><br><strong>Fredag d. 28. november<\/strong><br>kl. 12: deadline til aflevering PF3<br>kl. 13:30- Individuel + opsummerende skr. feedback p\u00e5 PF3<\/p>\n\n\n\n<p class=\"has-pale-pink-background-color has-background\"><strong>DEADLINES<\/strong> &#8211;<br>fredag d. 14. november &#8211; <a href=\"https:\/\/aarhusuniversitet.sharepoint.com\/:w:\/r\/sites\/ARTSITDD_UDDANNELSE-ITDD_2025\/Delte%20dokumenter\/ITDD_2025\/Digitale%20Teknologier\/Portfolio_afleveringer\/PF3_Teknologi_som_kognitiv_partner\/AA-Opgave_om_teknologiforst%C3%A5else.docx?d=w72af8650459e4de28726ca8721038104&amp;csf=1&amp;web=1&amp;e=gMiRUn\">opgave om teknologiforst\u00e5else<\/a><br><strong>mandag<\/strong> d. 24. november kl. 23:59 &#8211; Deadline: hvilke tekster og ressourcer vil I bruge som inspiration? (<a href=\"https:\/\/aarhusuniversitet.sharepoint.com\/:w:\/r\/sites\/ARTSITDD_UDDANNELSE-ITDD_2024\/Delte%20dokumenter\/ITDD_2024\/Digitale%20Teknologier\/Portfolio_afleveringer\/PF3\/A-PF3-2024-Hvad_l%C3%A6ser_og_skriver_I_om.docx?d=w56fe05c9988d4f709d94cf6f671d8927&amp;csf=1&amp;web=1&amp;e=1MOuXz\">delt dokument<\/a>)<br>tirsdag d. 25. kl. 15:00: Deadline til annotering (i grupper) <br>onsdag d. 26. kl. 12.00: Aflevering af udkast til PF3<br>fredag d. 28. kl. 12.00: Aflevering af PF3<\/p>\n\n\n\n<hr class=\"wp-block-separator has-alpha-channel-opacity\"\/>\n\n\n\n<h2 class=\"wp-block-heading\">Opgaveformulering portfolio #3 &#8211; <strong>5 sider<\/strong><\/h2>\n\n\n\n<p class=\"has-pale-cyan-blue-background-color has-background\">V\u00e6lg en case i form af en teknologi som fungerer som &#8220;tool for thinking&#8221; (fx websider med data, sprogteknologier, mobiltelefoner til dataindsamling, simuleringer). Analyser en situation, hvor individer interagerer med teknologien &#8211; det kunne fx v\u00e6re situationer med motion og brug af apps, kortbrug, googling af viden, brug af mobiler som dataindsamler, etc.<br>Husk at netnografi ikke n\u00f8dvendigvis er s\u00e6rligt brugbart som metode til at besvare denne opgaveformulering. Vi anbefaler derfor, at I forholder jer til individer i situationer, hvor I kan observere, interviewe eller lignende. Netnografi kan dog v\u00e6re et givtigt supplement.<br>Foretag en analyse:<br>\u2022 Hvilke s\u00e6rlige aktiviteter muligg\u00f8r teknologien i jeres case?<br>\u2022 Hvilken rolle spiller teknologien i konteksten og for aktiviteterne i jeres case?<br>\u2022 Hvori best\u00e5r l\u00e6ringspotentialerne i jeres case?<br>Se en mulig <a href=\"https:\/\/aarhusuniversitet.sharepoint.com\/:w:\/r\/sites\/ARTSITDD_UDDANNELSE-ITDD_2025\/Delte%20dokumenter\/ITDD_2025\/Digitale%20Teknologier\/Portfolio_afleveringer\/PF3_Teknologi_som_kognitiv_partner\/A-skabelon-forslag%20portfolio%203.docx?d=w74cc37b5a86e47d7a98737eb8c1cde5c&amp;csf=1&amp;web=1&amp;e=zC56u3\" target=\"_blank\" rel=\"noreferrer noopener\">skabelon<\/a>.<\/p>\n\n\n\n<h2 class=\"wp-block-heading\">Litteratur til Portfolio #3<\/h2>\n\n\n\n<p class=\"has-background\" style=\"background-color:#beecbf\">Til denne portfolio-opgave er litteraturen ikke \u201cone-size-fits-all\u201d. I skal derfor l\u00e6se\/arbejde med<br><br>1) Dalsgaard &amp; Ryberg (2022) Det Digitale L\u00e6ringsrum.<br>S. 65-77: kap. 4 om \u201dDet individuelle rum \u2013 teknologier som kognitiv partner\u201d<br>(annoterebar i <a href=\"https:\/\/aarhusuniversitet.sharepoint.com\/sites\/ARTSITDD_UDDANNELSE-ITDD_2025\/Delte%20dokumenter\/ITDD_2025\/Litteratur_i_PDF\/CD_kap_4.pdf\" target=\"_blank\" rel=\"noreferrer noopener\">OneDrive<\/a>)<br>2) \u00e9n af de tekster som vi foresl\u00e5r nedenfor: hver studiegruppe f\u00e5r tildelt en tekst som de er ansvarlig for at lave \u201ctake-home\u201d til i hypothes.is.<br>3) \u00e9n af de digitale ressourcer (websider og programmer) som vi foresl\u00e5r nedenfor, eller en som I selve foresl\u00e5r.<br>Skriv venligst i<a href=\"https:\/\/aarhusuniversitet.sharepoint.com\/:w:\/r\/sites\/ARTSITDD_UDDANNELSE-ITDD_2025\/Delte%20dokumenter\/ITDD_2025\/Digitale%20Teknologier\/Portfolio_afleveringer\/PF3_Teknologi_som_kognitiv_partner\/A-PF3-2025-Hvad_l%C3%A6ser_og_skriver_I_om.docx?d=w869c2571a16745d093840bee5ef15ac2&amp;csf=1&amp;web=1&amp;e=j9sZtx\" target=\"_blank\" rel=\"noreferrer noopener\"> dette delte dokument<\/a>, hvad I vil l\u00e6se og hvilke ressourcer I vil arbejde med i jeres opgave senest mandag d. 24 kl. 23.59.<\/p>\n\n\n\n<p class=\"has-background\" style=\"background-color:#beecbf\"><strong><em>Forslag til tekster\/videoer (Annoteringstekster)<\/em><\/strong><br>Mollick, Ethan (2024). \u201dCh. 3 \u2013 Four rules for Co-Intelligence\u201d i <em>Co-Intelligence: Living and Working with AI<\/em>. Penguin. (<a href=\"https:\/\/aarhusuniversitet.sharepoint.com\/sites\/ARTSITDD_UDDANNELSE-ITDD_2025\/Delte%20dokumenter\/ITDD_2025\/Litteratur_i_PDF\/Mollick_Co-Intelligence_ch3_four_rules.pdf?CT=1724326320097&amp;OR=ItemsView&amp;wdOrigin=TEAMSFILE.FILEBROWSER.DOCUMENTLIBRARY\" target=\"_blank\" rel=\"noreferrer noopener\">OneDrive<\/a>)<br><em>Banebrydende bog om Generative AI. Vi holder os opdateret om emnet via Ethan Mollicks blog (<a href=\"https:\/\/www.oneusefulthing.org\/\">One Useful Thing<\/a>) og \u201dprompt library\u201d (<a href=\"https:\/\/www.moreusefulthings.com\/\">More Useful Things<\/a>).<\/em><br><br>Elisa Nadire Caeli: videoopl\u00e6g om &#8220;<a href=\"https:\/\/aarhusuniversitet.sharepoint.com\/:v:\/r\/sites\/ARTSITDD_UDDANNELSE-ITDD_2025\/Delte%20dokumenter\/ITDD_2025\/Digitale%20Teknologier\/Slides_og_evt_optagelser\/Portfolio_3\/Elisa_Caeli_om%20teknologiforsta%CC%8Aelse.mp4?csf=1&amp;web=1&amp;e=wM4wPm\" target=\"_blank\" rel=\"noreferrer noopener\">Et historisk og samfundsm\u00e6ssigt perspektiv p\u00e5 teknologiforst\u00e5else i skolen<\/a>&#8221; (med <a href=\"https:\/\/aarhusuniversitet.sharepoint.com\/:b:\/r\/sites\/ARTSITDD_UDDANNELSE-ITDD_2025\/Delte%20dokumenter\/ITDD_2025\/Digitale%20Teknologier\/Slides_og_evt_optagelser\/Portfolio_3\/Elisa_om%20teknologiforsta%CC%8Aelse.pdf?csf=1&amp;web=1&amp;e=hueNJz\" target=\"_blank\" rel=\"noreferrer noopener\">slides<\/a> og opgave) &#8211; med tilknyttede tekster <br>Caeli, Elisa Nadire, &amp; Bundsgaard, Jeppe (2019). Datalogisk t\u00e6nkning og teknologiforst\u00e5else i folkeskolen tur-retur. <em>Tidsskriftet L\u00e6ring Og Medier (LOM)<\/em>, <em>11<\/em>(19), 30. <a href=\"https:\/\/doi.org\/10.7146\/lom.v11i19.110919\">https:\/\/doi.org\/10.7146\/lom.v11i19.110919<\/a> (annotering: <a href=\"https:\/\/aarhusuniversitet.sharepoint.com\/sites\/ARTSITDD_UDDANNELSE-ITDD_2025\/Delte%20dokumenter\/ITDD_2025\/Litteratur_i_PDF\/Elisa_Jeppe_2019_teknologiforstaaelse.pdf\" target=\"_blank\" rel=\"noreferrer noopener\">OneDrive<\/a>)<br>og<br>Caeli, Elisa Nadire, &amp; Bundsgaard, Jeppe (2020). Teknologikritik i skolen \u2013 et demokratisk perspektiv p\u00e5 teknologiforst\u00e5else. I Haas, C. &amp; Matthiesen, C. (red.): <em>Fagdidaktik og demokrati<\/em>. Samfundslitteratur. (<a href=\"https:\/\/aarhusuniversitet.sharepoint.com\/sites\/ARTSITDD_UDDANNELSE-ITDD_2025\/Delte%20dokumenter\/ITDD_2025\/Litteratur_i_PDF\/ElisaJeppe2020demokrati.pdf\" target=\"_blank\" rel=\"noreferrer noopener\">OneDrive<\/a>)<br><br>Kentaro Toyama (2015) Ch. 2: The Law of Amplification I <em>Geek Heresy: Rescuing Social Change from the Cult of Technology<\/em>. Public Affairs. (<a href=\"https:\/\/aarhusuniversitet.sharepoint.com\/sites\/ARTSITDD_UDDANNELSE-ITDD_2025\/Delte%20dokumenter\/ITDD_2025\/Litteratur_i_PDF\/GeekHeresy_%20kap_2_RescuingSocialChange.pdf\" target=\"_blank\" rel=\"noreferrer noopener\">OneDrive<\/a>)<br><em>Om teknologi som forst\u00e6rker af individuel og organisatorisk form\u00e5en.<\/em><br><strong><br><\/strong>S\u00e4lj\u00f6, R. (2010). Digital tools and challenges to institutional traditions of learning: technologies, social memory and the performative nature of learning. Journal of computer assisted learning, 26(1), 53-64. <a href=\"https:\/\/doi.org\/10.1111\/j.1365-2729.2009.00341.x\">https:\/\/doi.org\/10.1111\/j.1365-2729.2009.00341.x<\/a>&nbsp;&nbsp; <a href=\"https:\/\/onlinelibrary-wiley-com.ez.statsbiblioteket.dk:12048\/doi\/pdf\/10.1111\/j.1365-2729.2009.00341.x\">direkt_link<\/a>) (annotering <a href=\"https:\/\/aarhusuniversitet.sharepoint.com\/sites\/ARTSITDD_UDDANNELSE-ITDD_2025\/Delte%20dokumenter\/ITDD_2025\/Litteratur_i_PDF\/Saljo_2010_digital%20tools.pdf\" target=\"_blank\" rel=\"noreferrer noopener\">i OneDrive<\/a>)<br><br>Dalsgaard, Christian, Pedersen, N.F. &amp; Aaen, Janus (2013): L\u00e6ring p\u00e5 tv\u00e6rs af kontekster &#8211; l\u00e6ringspotentialer i mobilt medieret information og kommunikation, LOM 10 <a href=\"http:\/\/ojs.statsbiblioteket.dk\/index.php\/lom\/article\/view\/7293\">http:\/\/ojs.statsbiblioteket.dk\/index.php\/lom\/article\/view\/7293<\/a> (annotering: <a href=\"https:\/\/aarhusuniversitet.sharepoint.com\/sites\/ARTSITDD_UDDANNELSE-ITDD_2025\/Delte%20dokumenter\/ITDD_2025\/Litteratur_i_PDF\/Dalsgaard_et_al_laering_paa_tvaers.pdf\" target=\"_blank\" rel=\"noreferrer noopener\">i OneDrive<\/a>)<br><em>I den artikel arbejder forfatterne p\u00e5 at begrebsligg\u00f8re aspekter ved det allestedsn\u00e6rv\u00e6rende og kontekstsensitive internet. Vi kobler det til sociokulturel l\u00e6ringsteori, hvormed form\u00e5let er at n\u00e5 l\u00e6ngere ind i en diskussion om, hvordan det kontempor\u00e6re net kan udnyttes i en l\u00e6ringssammenh\u00e6ng.<\/em><br><br>(en \u2019klassiker\u2019 i EdTech)<br>Salomon, G., Perkins, D. N., &amp; Globerson, T. (1991). Partners in Cognition: Extending Human Intelligence with Intelligent Technologies. <em>Educational Researcher<\/em>, <em>20<\/em>(3), 2-9. <a href=\"https:\/\/doi.org\/10.3102\/0013189X020003002\">https:\/\/doi.org\/10.3102\/0013189X020003002<\/a> (annotering: <a href=\"https:\/\/aarhusuniversitet.sharepoint.com\/sites\/ARTSITDD_UDDANNELSE-ITDD_2025\/Delte%20dokumenter\/ITDD_2025\/Litteratur_i_PDF\/Salomon1991_partners.pdf\" target=\"_blank\" rel=\"noreferrer noopener\">i OneDrive<\/a>)<br><em>En vision\u00e6r artikel fra nogle store navne inden for p\u00e6dagogisk forskning om teknologiens potentiale. T\u00e6nk gerne over, hvorvidt deres ideer er blevet virkeliggjort, og om definitionen p\u00e5 \u201cintelligent\u201d har \u00e6ndret sig.<\/em><\/p>\n\n\n\n<p class=\"has-background\" style=\"background-color:#beecbf\"><em><strong>Supplerende litteratur<\/strong><\/em><br>genbes\u00f8g:<br>Garrison, D. Randy (2016). Ch. 3 &#8211; Technology and Thinking and Ch. 4 &#8211; A new era. In <em>Thinking collaboratively. Learning in a Community of Inquiry<\/em>. London Routledge, pp.&nbsp; 25-35 and&nbsp;&nbsp; 37-51. <a href=\"https:\/\/www-taylorfrancis-com.ez.statsbiblioteket.dk:12048\/books\/9781317581123\">link<\/a> [24 s.] (<a href=\"https:\/\/aarhusuniversitet.sharepoint.com\/sites\/ARTSITDD_UDDANNELSE-ITDD_2025\/Delte%20dokumenter\/ITDD_2025\/Litteratur_i_PDF\/GarrisonThinkingCollabCh345.pdf\" target=\"_blank\" rel=\"noreferrer noopener\">OneDrive<\/a>)<br>I kan genl\u00e6se Garrison og inddrage ideen om computeren com \u2019kognitiv partner\u2019 i en &#8220;community of inquiry&#8221;.<br><br>Caeli, Elisa Nadire (2020).&nbsp;<a href=\"https:\/\/unipress.dk\/udgivelser\/t\/teknologiforst%C3%A5else-(1)\/\" target=\"_blank\" rel=\"noreferrer noopener\"><em>Teknologiforst\u00e5else<\/em><\/a>. Aarhus Universitetsforlag.<br>Kort, skarp og letl\u00e6selig (se <a href=\"https:\/\/www.folkeskolen.dk\/teknologiforstaaelse\/\" target=\"_blank\" rel=\"noreferrer noopener\">anmeldelse i Folkeskolen.dk<\/a>)<br><br>&lt;hertil kommer to specialer fra ITDD-studerende&gt;<br><br>Arendal, Erik &amp; Svendsen, Helle Bundgaard (2019). L\u00e6se- og skriveteknologi i skolen. Hvad og hvordan? <em>Viden om Literacy<\/em>, 26, 6-11.&nbsp;<br><a href=\"https:\/\/www.videnomlaesning.dk\/media\/2944\/26_erik-arendal_helle-bundgaard-svendsen-1.pdf\">https:\/\/www.videnomlaesning.dk\/media\/2944\/26_erik-arendal_helle-bundgaard-svendsen-1.pdf<\/a> (kan annoteres direkte p\u00e5 adressen)<br><br>Jonassen, David H., Carr, Chad, &amp; Yueh, Hsiu-Ping (1998). Computers as mindtools for engaging learners in critical thinking. TechTrends, 43(2), 24\u201332. <a href=\"https:\/\/doi.org\/10.1007\/BF02818172\">https:\/\/doi.org\/10.1007\/BF02818172<\/a>&nbsp; <a href=\"https:\/\/link-springer-com.ez.statsbiblioteket.dk:12048\/content\/pdf\/10.1007\/BF02818172.pdf\">direkt_link<\/a>) (annotering: <a href=\"https:\/\/aarhusuniversitet.sharepoint.com\/sites\/ARTSITDD_UDDANNELSE-ITDD_2025\/Delte%20dokumenter\/ITDD_2025\/Litteratur_i_PDF\/Jonassen1998_ComputersAsMindtoolsForEngagin.pdf\" target=\"_blank\" rel=\"noreferrer noopener\">i OneDrive<\/a>)<br><em>Artiklen bygger p\u00e5 Salomon et al. (1991) og fokuserer p\u00e5 teknologier \u2013 fx regneark eller databaser \u2013 som var blevet en del af arbejdsmilj\u00f8et i \u201890erne. Indholdet er mere konkret end i Salomons artikel, i det at teksten er mindre akademisk. Artiklen var en af de mest l\u00e6ste i sin tid, og \u2018mindtools\u2019-begrebet var et fors\u00f8g om at formidle ideen om teknologi som \u2018kognitiv partner\u2019 med et mindre akademisk sprog.<\/em><br><br>Shaffer, David W., &amp; Clinton, Katherine A. (2006). Toolforthoughts: Reexamining Thinking in the Digital Age. <em>Mind, Culture, and Activity<\/em>, <em>13<\/em>(4), 283-300. <a href=\"https:\/\/doi.org\/10.1207\/s15327884mca1304_2\">https:\/\/doi.org\/10.1207\/s15327884mca1304_2<\/a> (annotering: <a href=\"https:\/\/aarhusuniversitet.sharepoint.com\/sites\/ARTSITDD_UDDANNELSE-ITDD_2025\/Delte%20dokumenter\/ITDD_2025\/Litteratur_i_PDF\/Shaffer_2006_Toolforthoughts.pdf\" target=\"_blank\" rel=\"noreferrer noopener\">i OneDrive<\/a>)<br><em>En activitiy theory-tilgang til teknologi som \u2018kognitiv partner\u2019. Ikke den nemmeste tekst.<\/em><br><br>Anders Hjortskov &#8211; Video om d<a href=\"https:\/\/www.youtube.com\/playlist?list=PLewyYaOZl9Ee1h--7Qx4bKbkztzAa0kCN\">et allestedsn\u00e6rv\u00e6rende internet&nbsp; (<\/a><a><u>3 videoer \u2013 Youtube)<\/u><\/a><\/p>\n\n\n\n<p class=\"has-background\" style=\"background-color:#beecbf\"><strong><em>Forslag til digitale ressourcer<\/em><\/strong> \u2013 NB: tilf\u00f8j gerne jeres forslag<a href=\"https:\/\/aarhusuniversitet.sharepoint.com\/:w:\/r\/sites\/ARTSITDD_UDDANNELSE-ITDD_2025\/Delte%20dokumenter\/ITDD_2025\/Digitale%20Teknologier\/Portfolio_afleveringer\/PF3_Teknologi_som_kognitiv_partner\/A-PF3-2025-Hvad_l%C3%A6ser_og_skriver_I_om.docx?d=w869c2571a16745d093840bee5ef15ac2&amp;csf=1&amp;web=1&amp;e=2cet3y\"> i dette delte dokument!<\/a><br><br><a><strong>&lt;AU og ITDD-s infrastruktur til GenAI&gt;<\/strong><\/a><strong><a href=\"#_msocom_1\">[<\/a><\/strong><br><br><a href=\"https:\/\/ourworldindata.org\/\"><em>Our World in Data<\/em><\/a> og <a href=\"https:\/\/www.gapminder.org\/tools\/\"><em>Gapminder Tools<\/em><\/a> (inkl. ressourcer til l\u00e6rere i <a href=\"https:\/\/drive.google.com\/drive\/folders\/0B3DxAuXLkRM6flhmblg2WkhFSnVLQ1dTdFNkellTN0ZTa0RhTXA3dFUtcDhZd2ZQUU1HazQ?resourcekey=0-GU4ngCUCbquy3wGoozEJLg&amp;usp=sharing\">_Gapminder_Public)<\/a><br><br><a href=\"https:\/\/codap.concord.org\/\">Common Online Data Analysis Platform<\/a> (CODAP &#8211; frit tilg\u00e6ngelig; l\u00e6s <a href=\"https:\/\/teachdatascience.com\/codap\/\">Erickson &amp; Finzer, 2019<\/a> som intro)<br><br>CAS-v\u00e6rkt\u00f8jer (fx <a href=\"http:\/\/www.eduap.com\/wordmat\/\">WordMat<\/a>, <a href=\"https:\/\/www.geogebra.org\/\">GeoGebra<\/a> \u2013 se <a href=\"https:\/\/www.researchgate.net\/publication\/365703744_Fra_mekanisk_procedure_til_forstaelse_GeoGebra_som_ressource_til_udvikling_af_matematisk_raesonnement\">dette speciale af Nada Meri Pedersen<\/a>, <a href=\"https:\/\/www.wizkids.co.uk\/apps\/wizkids-add-ons\/wizkids-cas\/\">WizkidsCas<\/a>)<br><br><a href=\"https:\/\/www.wizkids.co.uk\/appwriter\/\">AppWriter<\/a><br><br><a href=\"https:\/\/cor.stanford.edu\/\">Civic Online Reasoning<\/a>-projekt og andre undervisningsmaterialer fra <a href=\"https:\/\/sheg.stanford.edu\/\"><em>Stanford History Education Group<\/em><\/a>&nbsp;<br><br>AI-baseret tegninger og billeder<br><br>AI-baserede tekstproduktion<br><br><em>Google Assistant<\/em> \/ <em>Alexa<\/em> \/ <em>Siri<\/em> (fx til at l\u00e6re et fremmedsprog)<br><br><em>Google Maps<\/em> \/ <em>Pokemon Go<\/em> (og andre ressourcer til \u2018skattejagt\u2019)<br><br>Augmented Reality (fx <a href=\"https:\/\/apps.apple.com\/de\/app\/mauar-berliner-mauer\/id1439084007\"><em>MauAR<\/em><\/a>-appen om Berlinmuren)<br><br><a href=\"https:\/\/skell.sketchengine.eu\/#home?lang=en\"><em>SKELL<\/em> (sketchengine.eu)<\/a>, <a href=\"https:\/\/context.reverso.net\/translation\/\"><em>Reverso Context<\/em><\/a>, <a href=\"https:\/\/www.deepl.com\/translator\"><em>DeepL<\/em><\/a> \u2013 tekstkorpora-baserede \u201dsprogv\u00e6rkt\u00f8jer\u201d<br><br><a href=\"https:\/\/web.hypothes.is\/\"><em>Hypothes.is<\/em><\/a><br><br>S\u00f8gemaskiner (Google, <a href=\"https:\/\/duckduckgo.com\/\">DuckDuckGo<\/a>, <a href=\"https:\/\/www.wolframalpha.com\/\">https:\/\/www.wolframalpha.com\/<\/a>\u2026.)<br><br>Personaliserede s\u00f8gemaskiner (fx <a href=\"https:\/\/cse.google.com\"><em>Google Custom Search Engine<\/em><\/a>)<br><br>Flere v\u00e6rkt\u00f8jer kan inddrages fra fx <a href=\"http:\/\/kmi.open.ac.uk\/technologies\/member\/anna-de-liddo\"><em>The Knowledge Media Institute<\/em><\/a> ved den Open University, UK og <a href=\"https:\/\/wiki.digitalmethods.net\"><em>The Digital Methods Initiative<\/em><\/a> ved Amsterdam University<\/p>\n\n\n\n<hr class=\"wp-block-separator has-alpha-channel-opacity\"\/>\n\n\n\n<p><a id=\"_msocom_1\"><\/a><\/p>\n","protected":false},"excerpt":{"rendered":"<p>PF3: Teknologi som kognitiv partner Udgangspunkt og form\u00e5l IT-redskaber hj\u00e6lper med en stigende del af aktiviteter, som foruds\u00e6tter specialiseret viden og f\u00e6rdigheder, fx informationss\u00f8gning, statistiske udregninger, tale-til-tekst eller maskinovers\u00e6ttelse. Vi uddelegerer med andre ord vanskelige opgaver til IT-baserede \u2019kognitive partnere\u2019 i takt med at nye tjenester og v\u00e6rkt\u00f8jer bliver en del af praksisser ved flere [&hellip;]<\/p>\n","protected":false},"author":4,"featured_media":0,"parent":0,"menu_order":0,"comment_status":"closed","ping_status":"closed","template":"","meta":{"footnotes":""},"class_list":["post-12","page","type-page","status-publish","hentry","entry"],"_links":{"self":[{"href":"https:\/\/itdd.au.dk\/dt25\/wp-json\/wp\/v2\/pages\/12","targetHints":{"allow":["GET"]}}],"collection":[{"href":"https:\/\/itdd.au.dk\/dt25\/wp-json\/wp\/v2\/pages"}],"about":[{"href":"https:\/\/itdd.au.dk\/dt25\/wp-json\/wp\/v2\/types\/page"}],"author":[{"embeddable":true,"href":"https:\/\/itdd.au.dk\/dt25\/wp-json\/wp\/v2\/users\/4"}],"replies":[{"embeddable":true,"href":"https:\/\/itdd.au.dk\/dt25\/wp-json\/wp\/v2\/comments?post=12"}],"version-history":[{"count":66,"href":"https:\/\/itdd.au.dk\/dt25\/wp-json\/wp\/v2\/pages\/12\/revisions"}],"predecessor-version":[{"id":566,"href":"https:\/\/itdd.au.dk\/dt25\/wp-json\/wp\/v2\/pages\/12\/revisions\/566"}],"wp:attachment":[{"href":"https:\/\/itdd.au.dk\/dt25\/wp-json\/wp\/v2\/media?parent=12"}],"curies":[{"name":"wp","href":"https:\/\/api.w.org\/{rel}","templated":true}]}}