{"id":149,"date":"2024-10-02T06:29:58","date_gmt":"2024-10-02T06:29:58","guid":{"rendered":"https:\/\/itdd.au.dk\/dt24\/?page_id=149"},"modified":"2024-10-02T06:32:09","modified_gmt":"2024-10-02T06:32:09","slug":"annotering-2","status":"publish","type":"page","link":"https:\/\/itdd.au.dk\/dt24\/annotering-2\/","title":{"rendered":"Annotering 2"},"content":{"rendered":"\n<h2 class=\"wp-block-heading has-large-font-size\">Anden annotering p\u00e5 DT<\/h2>\n\n\n\n<h2 class=\"wp-block-heading\"><strong>Som sidste gang er der en gruppeopgave og en individuel opgave, men denne gang annoterers der i 2 tekster.<\/strong><\/h2>\n\n\n\n<div class=\"wp-block-group has-light-green-cyan-background-color has-background\"><div class=\"wp-block-group__inner-container is-layout-constrained wp-block-group-is-layout-constrained\">\n<p><strong>Garrison, D. R. (2016). Ch. 3 &#8211; Technology and Thinking and Ch. 4 &#8211; A new era.<\/strong>&nbsp;In&nbsp;<em>Thinking collaboratively. Learning in a Community of Inquiry<\/em>. Routledge,<strong>&nbsp;pp. 25-35 and 37-51. [24 s.]<\/strong> <a href=\"https:\/\/aarhusuniversitet.sharepoint.com\/:w:\/r\/sites\/ARTSITDD_UDDANNELSE-ITDD_2024\/Delte%20dokumenter\/ITDD_2024\/Digitale%20Teknologier\/Annotering\/link_til_annoteringstekster.docx?d=w637630301cc543ec9dab113844b17dd2&amp;csf=1&amp;web=1&amp;e=eSJgCd\" data-type=\"link\" data-id=\"https:\/\/aarhusuniversitet.sharepoint.com\/:w:\/r\/sites\/ARTSITDD_UDDANNELSE-ITDD_2024\/Delte%20dokumenter\/ITDD_2024\/Digitale%20Teknologier\/Annotering\/link_til_annoteringstekster.docx?d=w637630301cc543ec9dab113844b17dd2&amp;csf=1&amp;web=1&amp;e=eSJgCd\" target=\"_blank\" rel=\"noreferrer noopener\">Find annoteringsteksten i&nbsp;OneDrive<\/a><\/p>\n\n\n\n<p><strong>Og<\/strong><strong>:<\/strong><\/p>\n\n\n\n<p><strong>Baym, Nancy. K. (2015).&nbsp;<em>Personal connections in the digital age<\/em>.<\/strong>&nbsp;Polity. Kap. 4. Communities and Networks. S.81-111 (72-98 i 2010 udgaven)<br><em>I dette kapitel pr\u00e6senterer Baym&nbsp;<strong>fem punkter hvorudfra man kan analysere communities<\/strong>.&nbsp;<strong>Det er&nbsp;de fem punkter i skal have s\u00e6rlig fokus&nbsp;p\u00e5 n\u00e5r i annoterer.<\/strong>&nbsp;<strong>Teksten er sv\u00e6r og&nbsp; er den teoretiske hj\u00f8rnesten i dette emne, s\u00e5 l\u00e6s i bund!<\/strong>&nbsp;<\/em><a href=\"https:\/\/aarhusuniversitet.sharepoint.com\/:w:\/r\/sites\/ARTSITDD_UDDANNELSE-ITDD_2024\/Delte%20dokumenter\/ITDD_2024\/Digitale%20Teknologier\/Annotering\/link_til_annoteringstekster.docx?d=w637630301cc543ec9dab113844b17dd2&amp;csf=1&amp;web=1&amp;e=eSJgCd\" data-type=\"link\" data-id=\"https:\/\/aarhusuniversitet.sharepoint.com\/:w:\/r\/sites\/ARTSITDD_UDDANNELSE-ITDD_2024\/Delte%20dokumenter\/ITDD_2024\/Digitale%20Teknologier\/Annotering\/link_til_annoteringstekster.docx?d=w637630301cc543ec9dab113844b17dd2&amp;csf=1&amp;web=1&amp;e=eSJgCd\" target=\"_blank\" rel=\"noreferrer noopener\">Find annoteringsteksten i&nbsp;OneDrive<\/a><\/p>\n<\/div><\/div>\n\n\n\n<p><em><strong>Ideer til annoteringen:<\/strong><\/em><\/p>\n\n\n\n<ul class=\"wp-block-list\">\n<li><em>N\u00e5r I annoterer s\u00e5&nbsp;<strong>pr\u00f8v at have fokus p\u00e5 om der er noget der virker sp\u00e6ndende eller provokerende, eller som s\u00e6tter tanker igang hos jer.<\/strong><\/em><\/li>\n\n\n\n<li><strong>Vi mangler danske eksempler<\/strong>: de kunne v\u00e6re fra jeres egen baggrund eller fra andre erfaringer i Danmark\/Norden<\/li>\n\n\n\n<li>Gee&#8217;s egenskaber af &#8220;<a href=\"https:\/\/kappanonline.org\/gee-affinity-spaces-young-people-live-learn-online-school\/\" target=\"_blank\" rel=\"noreferrer noopener\">affinity spaces<\/a>&#8221;\u00a0<strong>kan m\u00e5ske bruges\u00a0som en slags &#8220;praktisk forklaring&#8221;<\/strong>\u00a0(&#8216;principled practical knowledge&#8217;?) som forbinder Bayms principper til principper til analyse og design, pr\u00f8v evt. at k\u00e6de de to tekster sammen (ikke et krav\/bonus-opgave og i m\u00e5 naturligvis ogs\u00e5 perspektivere til andre tekster).<\/li>\n\n\n\n<li>Husk p\u00e5 at vi fors\u00f8ger at finde &#8220;brugbar viden&#8221; (actionable knowledge) i teksterne s\u00e5 husk at anvende kodebogen til at &#8220;tagge&#8221; jeres annoteringer\u00a0<strong>[\u00a0<a href=\"https:\/\/aarhusuniversitet.sharepoint.com\/:w:\/r\/sites\/ARTSITDD_UDDANNELSE-ITDD_2024\/Delte%20dokumenter\/ITDD_2024\/Digitale%20Teknologier\/Annotering\/kodebog_tags_annotering_2024.docx?d=wbdc33fb1c822406e898f56643ad8a435&amp;csf=1&amp;web=1&amp;e=XcLkC2\" data-type=\"link\" data-id=\"https:\/\/aarhusuniversitet.sharepoint.com\/:w:\/r\/sites\/ARTSITDD_UDDANNELSE-ITDD_2024\/Delte%20dokumenter\/ITDD_2024\/Digitale%20Teknologier\/Annotering\/kodebog_tags_annotering_2024.docx?d=wbdc33fb1c822406e898f56643ad8a435&amp;csf=1&amp;web=1&amp;e=XcLkC2\" target=\"_blank\" rel=\"noreferrer noopener\">linket ligger i OneDrive<\/a>\u00a0]<\/strong> vi vil senere i forbindelse med annotering 3 pr\u00f8ve at systematisere vores tags.<br>\u00a0<\/li>\n<\/ul>\n\n\n\n<div class=\"wp-block-group has-pale-cyan-blue-background-color has-background\"><div class=\"wp-block-group__inner-container is-layout-constrained wp-block-group-is-layout-constrained\">\n<h2 class=\"wp-block-heading\"><strong>Opgave 1 &#8211; Studiegruppeopgave inden mandag d. 7\/10 kl 13.00<\/strong><\/h2>\n\n\n\n<p>Hver studiegruppe har ansvaret for at lave et &#8220;take home&#8221; med de vigtigste pointer som gruppen mener man kan tage med fra teksten (Take-home skal laves som et<strong>&nbsp;Page Note&nbsp;<\/strong>og i&nbsp;<strong>skal bruge tag \u201dGruppenavn\u201d,<\/strong>&nbsp;take home skal max v\u00e6re 4-600 anslag)<\/p>\n\n\n\n<p>Fire grupper laver &#8220;take home&#8221; til Garrison&nbsp; og tre grupper laver &#8220;take home&#8221; til Baym&nbsp;<\/p>\n\n\n\n<p><strong>Grupper:<\/strong><\/p>\n\n\n\n<p><strong>Starter med og laver &#8220;Take Home&#8221; til Garrison:\u00a0<\/strong><\/p>\n\n\n\n<ul class=\"wp-block-list\">\n<li>Amplexus<\/li>\n\n\n\n<li>De Legende Legender<\/li>\n\n\n\n<li>Tech Trio<\/li>\n\n\n\n<li>Femtentusindottehunderedeseks<\/li>\n<\/ul>\n\n\n\n<p><strong>Starter med og laver &#8220;Take Home&#8221; til Baym:\u00a0<\/strong><\/p>\n\n\n\n<ul class=\"wp-block-list\">\n<li>1713<\/li>\n\n\n\n<li>Datadr\u00f8mmen<\/li>\n\n\n\n<li>Fremtidens IT-didaktiker<strong><em>\u00a0<\/em><\/strong><\/li>\n<\/ul>\n<\/div><\/div>\n\n\n\n<div class=\"wp-block-group has-light-green-cyan-background-color has-background\"><div class=\"wp-block-group__inner-container is-layout-constrained wp-block-group-is-layout-constrained\">\n<h2 class=\"wp-block-heading\"><strong>Opgave 2 &#8211; Individuel opgave (deadline fredag og mandag)<\/strong><\/h2>\n\n\n\n<p><strong>I har mulighed for at annotere i teksten over seks dage<\/strong>, hvert loop har en deadline hvor annoteringerne skal v\u00e6re lavet inden, I skal i alt annotere i teksten minimum 3 gange.&nbsp;<\/p>\n\n\n\n<h2 class=\"wp-block-heading\"><strong>Loop 1: Annoter i den samme tekst som I laver &#8220;take-home&#8221; til: (inden fredag kl. 12.00&nbsp;<\/strong><\/h2>\n\n\n\n<p>Husk I skal pr\u00f8ve at finde ideer, metoder, teorier, pointer, udsagn eller citater som kan anvendes (fx i opgaven) (lav minimum 1-3 annoteringer og&nbsp;<strong>husk &#8220;tag&#8221; fra&nbsp;kodebogen&nbsp;<\/strong>)<\/p>\n\n\n\n<h2 class=\"wp-block-heading\"><strong>Loop 2: Annoter i den tekst som i IKKE skal lave &#8220;take-home&#8221; til: (inden mandag kl 10.00) (husk &#8220;tag&#8221; fra&nbsp;kodebogen&nbsp;)&nbsp;<\/strong><\/h2>\n\n\n\n<p>Lav 2-3 annoteringer eller kommentarer p\u00e5 andres annoteringer&nbsp;<strong>(husk &#8220;tag&#8221; fra&nbsp;kodebogen&nbsp;)&nbsp;<\/strong><\/p>\n\n\n\n<h2 class=\"wp-block-heading\"><strong>Loop 3: N\u00e5r man har lavet f\u00f8rste og andet loop m\u00e5 der frit annoteres i begge tekster: (indtil mandag kl. 13.00)<\/strong><\/h2>\n\n\n\n<p>Fri annotering efter behov<strong>&nbsp;men&nbsp;husk &#8220;tag&#8221; fra&nbsp;kodebogen&nbsp;&nbsp;<br><\/strong><\/p>\n<\/div><\/div>\n\n\n\n<p><strong>M\u00e5let med opgaven er:<br><\/strong>&#8211; At f\u00e5 l\u00e6st og diskuteret teksterne men henblik p\u00e5 at skabe brugbar viden<br>&#8211; At arbejde med en prim\u00e6r tekst og en sekund\u00e6r tekst i forhold til annotering<br>&#8211; At f\u00e5 brugt &#8220;tags&#8221; til at kategorisere annoteringer<\/p>\n\n\n\n<p><strong>Note:<br>&#8211; Ideelt set bes\u00f8ger og genbes\u00f8ger man teksterne l\u00f8bende i annoteringsperioden&nbsp;<br>&#8211; Refleksionspunkt til webinar,&nbsp;<\/strong>t\u00e6nk over om det er bedre med kortere tid til annotering og om det er en fordel eller ulempe at annotere p\u00e5 n\u00e6ste uges pensum mens man stadig er igang med at skrive opgave til denne uge.<br><strong>&#8211; Man m\u00e5 gerne fors\u00f8ge at prioritere at lave den f\u00f8rste kommentar s\u00e5 tidligt i processen som man kan s\u00e5 andre har mulighed for at kommenterer p\u00e5 den, (fx inden torsdag aften)<\/strong><\/p>\n","protected":false},"excerpt":{"rendered":"<p>Anden annotering p\u00e5 DT Som sidste gang er der en gruppeopgave og en individuel opgave, men denne gang annoterers der i 2 tekster. Garrison, D. R. (2016). Ch. 3 &#8211; Technology and Thinking and Ch. 4 &#8211; A new era.&nbsp;In&nbsp;Thinking collaboratively. Learning in a Community of Inquiry. Routledge,&nbsp;pp. 25-35 and 37-51. [24 s.] Find annoteringsteksten [&hellip;]<\/p>\n","protected":false},"author":3,"featured_media":0,"parent":0,"menu_order":0,"comment_status":"closed","ping_status":"closed","template":"","meta":{"footnotes":""},"class_list":["post-149","page","type-page","status-publish","hentry","entry"],"_links":{"self":[{"href":"https:\/\/itdd.au.dk\/dt24\/wp-json\/wp\/v2\/pages\/149","targetHints":{"allow":["GET"]}}],"collection":[{"href":"https:\/\/itdd.au.dk\/dt24\/wp-json\/wp\/v2\/pages"}],"about":[{"href":"https:\/\/itdd.au.dk\/dt24\/wp-json\/wp\/v2\/types\/page"}],"author":[{"embeddable":true,"href":"https:\/\/itdd.au.dk\/dt24\/wp-json\/wp\/v2\/users\/3"}],"replies":[{"embeddable":true,"href":"https:\/\/itdd.au.dk\/dt24\/wp-json\/wp\/v2\/comments?post=149"}],"version-history":[{"count":7,"href":"https:\/\/itdd.au.dk\/dt24\/wp-json\/wp\/v2\/pages\/149\/revisions"}],"predecessor-version":[{"id":177,"href":"https:\/\/itdd.au.dk\/dt24\/wp-json\/wp\/v2\/pages\/149\/revisions\/177"}],"wp:attachment":[{"href":"https:\/\/itdd.au.dk\/dt24\/wp-json\/wp\/v2\/media?parent=149"}],"curies":[{"name":"wp","href":"https:\/\/api.w.org\/{rel}","templated":true}]}}