{"id":2,"date":"2023-09-15T16:41:23","date_gmt":"2023-09-15T16:41:23","guid":{"rendered":"https:\/\/itdd.au.dk\/didaktik-tak\/?page_id=2"},"modified":"2023-10-25T19:03:10","modified_gmt":"2023-10-25T19:03:10","slug":"forside","status":"publish","type":"page","link":"https:\/\/itdd.au.dk\/didaktik-tak\/","title":{"rendered":"Forside"},"content":{"rendered":"\n<p><\/p>\n\n\n\n<h2 class=\"wp-block-heading alignwide has-text-align-center\" style=\"margin-top:var(--wp--preset--spacing--40);margin-bottom:var(--wp--preset--spacing--40);font-size:clamp(2.021rem, 2.021rem + ((1vw - 0.2rem) * 2.871), 3.6rem);\">didaktik.tak for, at du bes\u00f8ger vores side \ud83e\udd73<\/h2>\n\n\n\n<p class=\"has-text-align-left\" style=\"margin-top:var(--wp--preset--spacing--40);margin-right:0;margin-bottom:var(--wp--preset--spacing--40);margin-left:0\">Hej og velkommen til vores side! Vi er en studiegruppe ved navn <em>didaktik.tak<\/em>, som studerer it-didaktisk design p\u00e5 Aarhus Universitet. Vi har i den forbindelse lavet denne side, hvor vi l\u00f8bende l\u00e6gger opgaver ud, s\u00e5 du\/andre kan f\u00f8lge med i vores sp\u00e6ndende studiearbejde. <br><br>Det bliver innovativt. Det bliver tankev\u00e6kkende. Det bliver m\u00e5ske endda lidt fr\u00e6kt \ud83d\ude09 <br><br>Hvis du gerne vil springe direkte over til vores opgaver, kan du enten trykke <strong><a href=\"https:\/\/itdd.au.dk\/didaktik-tak\/blog\/\">her<\/a><\/strong> eller p\u00e5 linket i h\u00f8jre hj\u00f8rne under navnet &#8220;Blog&#8221;. Hvis du f\u00f8rst vil l\u00e6re os lidt bedre at kende, s\u00e5 scroll endelig ned p\u00e5 siden her. <br><br>Enjoy \ud83d\ude4f <\/p>\n\n\n\n<figure class=\"wp-block-image alignfull size-full\"><img loading=\"lazy\" decoding=\"async\" width=\"498\" height=\"318\" src=\"https:\/\/itdd.au.dk\/didaktik-tak\/wp-content\/uploads\/sites\/3\/2023\/09\/MarkHamillThisGonnaBeGoodGIF.gif\" alt=\"\" class=\"wp-image-162\"\/><\/figure>\n\n\n\n<div style=\"height:63px\" aria-hidden=\"true\" class=\"wp-block-spacer\"><\/div>\n\n\n\n<div class=\"wp-block-media-text is-stacked-on-mobile is-vertically-aligned-top\" style=\"grid-template-columns:35% auto\"><figure class=\"wp-block-media-text__media\"><img loading=\"lazy\" decoding=\"async\" width=\"768\" height=\"1024\" src=\"https:\/\/itdd.au.dk\/didaktik-tak\/wp-content\/uploads\/sites\/3\/2023\/09\/MIG-2.0-768x1024.jpg\" alt=\"\" class=\"wp-image-132 size-full\" srcset=\"https:\/\/itdd.au.dk\/didaktik-tak\/wp-content\/uploads\/sites\/3\/2023\/09\/MIG-2.0-768x1024.jpg 768w, https:\/\/itdd.au.dk\/didaktik-tak\/wp-content\/uploads\/sites\/3\/2023\/09\/MIG-2.0-225x300.jpg 225w, https:\/\/itdd.au.dk\/didaktik-tak\/wp-content\/uploads\/sites\/3\/2023\/09\/MIG-2.0-1152x1536.jpg 1152w, https:\/\/itdd.au.dk\/didaktik-tak\/wp-content\/uploads\/sites\/3\/2023\/09\/MIG-2.0.jpg 1500w\" sizes=\"auto, (max-width: 768px) 100vw, 768px\" \/><\/figure><div class=\"wp-block-media-text__content\">\n<p><strong>Navn: <\/strong>Sebastian Magne Vinther<\/p>\n\n\n\n<p><strong>Alder:<\/strong> 31 \u00e5r <\/p>\n\n\n\n<p><strong>Uddannelse: <\/strong>P\u00e6dagog m. profil i social- og specialp\u00e6dagogik<\/p>\n\n\n\n<p><strong>Lokation: <\/strong>Kongens Lyngby<\/p>\n\n\n\n<p><strong>Interesser: <\/strong>IT, didaktik og design \u2764\ufe0f VR, AI, digitale teknologier i humanit\u00e6r kontekst, gaming samt alverdens n\u00f8rdede ting<\/p>\n\n\n\n<p><\/p>\n<\/div><\/div>\n\n\n\n<div style=\"height:40px\" aria-hidden=\"true\" class=\"wp-block-spacer\"><\/div>\n\n\n\n<div class=\"wp-block-media-text is-stacked-on-mobile is-vertically-aligned-top\" style=\"grid-template-columns:35% auto\"><figure class=\"wp-block-media-text__media\"><img loading=\"lazy\" decoding=\"async\" width=\"768\" height=\"1024\" src=\"https:\/\/itdd.au.dk\/didaktik-tak\/wp-content\/uploads\/sites\/3\/2023\/09\/20230807_075228-768x1024.jpg\" alt=\"\" class=\"wp-image-137 size-full\" srcset=\"https:\/\/itdd.au.dk\/didaktik-tak\/wp-content\/uploads\/sites\/3\/2023\/09\/20230807_075228-768x1024.jpg 768w, https:\/\/itdd.au.dk\/didaktik-tak\/wp-content\/uploads\/sites\/3\/2023\/09\/20230807_075228-225x300.jpg 225w, https:\/\/itdd.au.dk\/didaktik-tak\/wp-content\/uploads\/sites\/3\/2023\/09\/20230807_075228-1152x1536.jpg 1152w, https:\/\/itdd.au.dk\/didaktik-tak\/wp-content\/uploads\/sites\/3\/2023\/09\/20230807_075228-1536x2048.jpg 1536w, https:\/\/itdd.au.dk\/didaktik-tak\/wp-content\/uploads\/sites\/3\/2023\/09\/20230807_075228-scaled.jpg 1920w\" sizes=\"auto, (max-width: 768px) 100vw, 768px\" \/><\/figure><div class=\"wp-block-media-text__content\">\n<p><strong>Navn: <\/strong>Sofie Faust Ljunggreen<\/p>\n\n\n\n<p><strong>Alder:<\/strong> 27 \u00e5r <\/p>\n\n\n\n<p><strong>Uddannelse: <\/strong>Folkeskolel\u00e6rer<\/p>\n\n\n\n<p><strong>Lokation: <\/strong>Aarhus<\/p>\n\n\n\n<p><strong>Interesser: <\/strong>L\u00e6se, male\/tegne, serier, teknologi og didaktik <\/p>\n\n\n\n<p><\/p>\n<\/div><\/div>\n\n\n\n<div style=\"height:40px\" aria-hidden=\"true\" class=\"wp-block-spacer\"><\/div>\n\n\n\n<div class=\"wp-block-media-text is-stacked-on-mobile is-vertically-aligned-top\" style=\"grid-template-columns:35% auto\"><figure class=\"wp-block-media-text__media\"><img loading=\"lazy\" decoding=\"async\" width=\"726\" height=\"1024\" src=\"https:\/\/itdd.au.dk\/didaktik-tak\/wp-content\/uploads\/sites\/3\/2023\/09\/IMG_7892-726x1024.jpg\" alt=\"\" class=\"wp-image-172 size-full\" srcset=\"https:\/\/itdd.au.dk\/didaktik-tak\/wp-content\/uploads\/sites\/3\/2023\/09\/IMG_7892-726x1024.jpg 726w, https:\/\/itdd.au.dk\/didaktik-tak\/wp-content\/uploads\/sites\/3\/2023\/09\/IMG_7892-213x300.jpg 213w, https:\/\/itdd.au.dk\/didaktik-tak\/wp-content\/uploads\/sites\/3\/2023\/09\/IMG_7892-768x1083.jpg 768w, https:\/\/itdd.au.dk\/didaktik-tak\/wp-content\/uploads\/sites\/3\/2023\/09\/IMG_7892-1089x1536.jpg 1089w, https:\/\/itdd.au.dk\/didaktik-tak\/wp-content\/uploads\/sites\/3\/2023\/09\/IMG_7892.jpg 1124w\" sizes=\"auto, (max-width: 726px) 100vw, 726px\" \/><\/figure><div class=\"wp-block-media-text__content\">\n<p><strong>Navn: <\/strong>Jette Dalum Bech<\/p>\n\n\n\n<p><strong>Alder:<\/strong> 45 \u00e5r <\/p>\n\n\n\n<p><strong>Uddannelse\/job: <\/strong>L\u00e6rer, vejleder og faglig koordinator<\/p>\n\n\n\n<p><strong>Lokation: <\/strong>Hammel, Favrskov Kommune<\/p>\n\n\n\n<p><strong>Interesser: <\/strong>UndRevisning, Makerspace og teknologiforst\u00e5else<\/p>\n<\/div><\/div>\n\n\n\n<div style=\"height:40px\" aria-hidden=\"true\" class=\"wp-block-spacer\"><\/div>\n\n\n\n<div class=\"wp-block-media-text is-stacked-on-mobile is-vertically-aligned-top\" style=\"grid-template-columns:35% auto\"><figure class=\"wp-block-media-text__media\"><img loading=\"lazy\" decoding=\"async\" width=\"768\" height=\"1024\" src=\"https:\/\/itdd.au.dk\/didaktik-tak\/wp-content\/uploads\/sites\/3\/2023\/10\/IMG_4355-768x1024.jpeg\" alt=\"\" class=\"wp-image-192 size-full\" srcset=\"https:\/\/itdd.au.dk\/didaktik-tak\/wp-content\/uploads\/sites\/3\/2023\/10\/IMG_4355-768x1024.jpeg 768w, https:\/\/itdd.au.dk\/didaktik-tak\/wp-content\/uploads\/sites\/3\/2023\/10\/IMG_4355-225x300.jpeg 225w, https:\/\/itdd.au.dk\/didaktik-tak\/wp-content\/uploads\/sites\/3\/2023\/10\/IMG_4355-1152x1536.jpeg 1152w, https:\/\/itdd.au.dk\/didaktik-tak\/wp-content\/uploads\/sites\/3\/2023\/10\/IMG_4355-1536x2048.jpeg 1536w, https:\/\/itdd.au.dk\/didaktik-tak\/wp-content\/uploads\/sites\/3\/2023\/10\/IMG_4355-scaled.jpeg 1920w\" sizes=\"auto, (max-width: 768px) 100vw, 768px\" \/><\/figure><div class=\"wp-block-media-text__content\">\n<p><strong>Navn: <\/strong>Camilla Ankerstjerne Bjarno<\/p>\n\n\n\n<p><strong>Alder:<\/strong> 32 \u00e5r<\/p>\n\n\n\n<p><strong>Uddannelse: <\/strong>P\u00e6dagog, speciale i dagtilbud og natur- og udeliv. <\/p>\n\n\n\n<p><strong>Lokation: <\/strong>Randers <\/p>\n\n\n\n<p><strong>Interesser:<\/strong> Teknologiforst\u00e5else, formidling og fotografering <\/p>\n<\/div><\/div>\n\n\n\n<div style=\"height:40px\" aria-hidden=\"true\" class=\"wp-block-spacer\"><\/div>\n","protected":false},"excerpt":{"rendered":"<p>didaktik.tak for, at du bes\u00f8ger vores side \ud83e\udd73 Hej og velkommen til vores side! Vi er en studiegruppe ved navn didaktik.tak, som studerer it-didaktisk design p\u00e5 Aarhus Universitet. Vi har i den forbindelse lavet denne side, hvor vi l\u00f8bende l\u00e6gger opgaver ud, s\u00e5 du\/andre kan f\u00f8lge med i vores sp\u00e6ndende studiearbejde. Det bliver innovativt. Det [&hellip;]<\/p>\n","protected":false},"author":19,"featured_media":0,"parent":0,"menu_order":0,"comment_status":"closed","ping_status":"closed","template":"","meta":{"footnotes":""},"class_list":["post-2","page","type-page","status-publish","hentry"],"_links":{"self":[{"href":"https:\/\/itdd.au.dk\/didaktik-tak\/wp-json\/wp\/v2\/pages\/2","targetHints":{"allow":["GET"]}}],"collection":[{"href":"https:\/\/itdd.au.dk\/didaktik-tak\/wp-json\/wp\/v2\/pages"}],"about":[{"href":"https:\/\/itdd.au.dk\/didaktik-tak\/wp-json\/wp\/v2\/types\/page"}],"author":[{"embeddable":true,"href":"https:\/\/itdd.au.dk\/didaktik-tak\/wp-json\/wp\/v2\/users\/19"}],"replies":[{"embeddable":true,"href":"https:\/\/itdd.au.dk\/didaktik-tak\/wp-json\/wp\/v2\/comments?post=2"}],"version-history":[{"count":36,"href":"https:\/\/itdd.au.dk\/didaktik-tak\/wp-json\/wp\/v2\/pages\/2\/revisions"}],"predecessor-version":[{"id":239,"href":"https:\/\/itdd.au.dk\/didaktik-tak\/wp-json\/wp\/v2\/pages\/2\/revisions\/239"}],"wp:attachment":[{"href":"https:\/\/itdd.au.dk\/didaktik-tak\/wp-json\/wp\/v2\/media?parent=2"}],"curies":[{"name":"wp","href":"https:\/\/api.w.org\/{rel}","templated":true}]}}