{"id":64,"date":"2025-09-15T12:32:15","date_gmt":"2025-09-15T12:32:15","guid":{"rendered":"https:\/\/itdd.au.dk\/ctrl-alt-kaffe\/?page_id=64"},"modified":"2025-11-07T09:35:16","modified_gmt":"2025-11-07T09:35:16","slug":"hvem-er-vi","status":"publish","type":"page","link":"https:\/\/itdd.au.dk\/ctrl-alt-kaffe\/hvem-er-vi\/","title":{"rendered":"Hvem er vi?"},"content":{"rendered":"\n<p><\/p>\n\n\n\n<p>Camilla, 35 \u00e5r, P\u00e6dagog. &nbsp;<\/p>\n\n\n\n<p>Efter 12 \u00e5r i praksis indenfor Skole, SFO og klub, er det nu tid til et solidt kompetence l\u00f8ft. &nbsp;<\/p>\n\n\n\n<p>Jeg har i min tid som p\u00e6dagog har haft min \u201dniche\u201d i teknologiens verden. Jeg har udviklet mit eget undervisningsmateriale i digital dannelse, samt f\u00e5et forn\u00f8jelsen af at v\u00e6re teknologiansvarlig i SFOerne. &nbsp;<\/p>\n\n\n\n<p>Mit m\u00e5l med uddannelsen er endnu ikke helt p\u00e5 plads. M\u00e5ske skal jeg tilbage p\u00e5 gulvet som p\u00e6dagog? M\u00e5ske skal jeg fungere som konsulent og uddanne p\u00e6dagogisk personale i anvendelse og form\u00e5l med teknologi i p\u00e6dagogik? m\u00e5ske noget helt tredje.&nbsp;<\/p>\n\n\n\n<figure class=\"wp-block-image size-large is-resized\"><img loading=\"lazy\" decoding=\"async\" width=\"692\" height=\"1024\" src=\"https:\/\/itdd.au.dk\/ctrl-alt-kaffe\/wp-content\/uploads\/sites\/44\/2025\/09\/studiekort-692x1024.jpg\" alt=\"\" class=\"wp-image-88\" style=\"width:304px;height:auto\" srcset=\"https:\/\/itdd.au.dk\/ctrl-alt-kaffe\/wp-content\/uploads\/sites\/44\/2025\/09\/studiekort-692x1024.jpg 692w, https:\/\/itdd.au.dk\/ctrl-alt-kaffe\/wp-content\/uploads\/sites\/44\/2025\/09\/studiekort-203x300.jpg 203w, https:\/\/itdd.au.dk\/ctrl-alt-kaffe\/wp-content\/uploads\/sites\/44\/2025\/09\/studiekort-768x1137.jpg 768w, https:\/\/itdd.au.dk\/ctrl-alt-kaffe\/wp-content\/uploads\/sites\/44\/2025\/09\/studiekort-1038x1536.jpg 1038w, https:\/\/itdd.au.dk\/ctrl-alt-kaffe\/wp-content\/uploads\/sites\/44\/2025\/09\/studiekort.jpg 1125w\" sizes=\"auto, (max-width: 692px) 100vw, 692px\" \/><\/figure>\n\n\n\n<p><\/p>\n\n\n\n<p>Jeg hedder Erik og blev f\u00e6rdig som folkeskolel\u00e6rer fra VIA i Aarhus i 2025. <br><br>Jeg s\u00f8gte ind p\u00e5 ITDD, fordi jeg mener, at der er bedre m\u00e5der at udnytte \u201csk\u00e6rmen\u201d i folkeskolen, og jeg vil gerne blive klogere p\u00e5 netop dette. <br><br>N\u00e5r jeg ikke l\u00e6ser, kan I h\u00f8jst sandsynligt finde mig fordybet i et br\u00e6tspil (gerne med s\u00e5 mange regler som muligt) eller med en Warhammer-figur, der skal males.&nbsp;<\/p>\n\n\n\n<figure class=\"wp-block-image size-full is-resized\"><img loading=\"lazy\" decoding=\"async\" width=\"659\" height=\"879\" src=\"https:\/\/itdd.au.dk\/ctrl-alt-kaffe\/wp-content\/uploads\/sites\/44\/2025\/09\/Skaermbillede-2025-09-16-102142.png\" alt=\"\" class=\"wp-image-77\" style=\"width:296px;height:auto\" srcset=\"https:\/\/itdd.au.dk\/ctrl-alt-kaffe\/wp-content\/uploads\/sites\/44\/2025\/09\/Skaermbillede-2025-09-16-102142.png 659w, https:\/\/itdd.au.dk\/ctrl-alt-kaffe\/wp-content\/uploads\/sites\/44\/2025\/09\/Skaermbillede-2025-09-16-102142-225x300.png 225w\" sizes=\"auto, (max-width: 659px) 100vw, 659px\" \/><\/figure>\n\n\n\n<p><\/p>\n","protected":false},"excerpt":{"rendered":"<p>Camilla, 35 \u00e5r, P\u00e6dagog. &nbsp; Efter 12 \u00e5r i praksis indenfor Skole, SFO og klub, er det nu tid til et solidt kompetence l\u00f8ft. &nbsp; Jeg har i min tid som p\u00e6dagog har haft min \u201dniche\u201d i teknologiens verden. Jeg har udviklet mit eget undervisningsmateriale i digital dannelse, samt f\u00e5et forn\u00f8jelsen af at v\u00e6re teknologiansvarlig [&hellip;]<\/p>\n","protected":false},"author":80,"featured_media":0,"parent":0,"menu_order":0,"comment_status":"closed","ping_status":"closed","template":"","meta":{"footnotes":""},"class_list":["post-64","page","type-page","status-publish","hentry"],"_links":{"self":[{"href":"https:\/\/itdd.au.dk\/ctrl-alt-kaffe\/wp-json\/wp\/v2\/pages\/64","targetHints":{"allow":["GET"]}}],"collection":[{"href":"https:\/\/itdd.au.dk\/ctrl-alt-kaffe\/wp-json\/wp\/v2\/pages"}],"about":[{"href":"https:\/\/itdd.au.dk\/ctrl-alt-kaffe\/wp-json\/wp\/v2\/types\/page"}],"author":[{"embeddable":true,"href":"https:\/\/itdd.au.dk\/ctrl-alt-kaffe\/wp-json\/wp\/v2\/users\/80"}],"replies":[{"embeddable":true,"href":"https:\/\/itdd.au.dk\/ctrl-alt-kaffe\/wp-json\/wp\/v2\/comments?post=64"}],"version-history":[{"count":10,"href":"https:\/\/itdd.au.dk\/ctrl-alt-kaffe\/wp-json\/wp\/v2\/pages\/64\/revisions"}],"predecessor-version":[{"id":157,"href":"https:\/\/itdd.au.dk\/ctrl-alt-kaffe\/wp-json\/wp\/v2\/pages\/64\/revisions\/157"}],"wp:attachment":[{"href":"https:\/\/itdd.au.dk\/ctrl-alt-kaffe\/wp-json\/wp\/v2\/media?parent=64"}],"curies":[{"name":"wp","href":"https:\/\/api.w.org\/{rel}","templated":true}]}}