{"id":141,"date":"2025-09-16T14:48:00","date_gmt":"2025-09-16T14:48:00","guid":{"rendered":"https:\/\/itdd.au.dk\/caja-itdd\/?page_id=141"},"modified":"2025-12-10T11:20:43","modified_gmt":"2025-12-10T11:20:43","slug":"hvem-er-vi","status":"publish","type":"page","link":"https:\/\/itdd.au.dk\/caja-itdd\/hvem-er-vi\/","title":{"rendered":"Om os"},"content":{"rendered":"\n<div class=\"wp-block-group alignwide is-content-justification-space-between is-nowrap is-layout-flex wp-container-core-group-is-layout-58c3a1c0 wp-block-group-is-layout-flex\" style=\"padding-top:var(--wp--preset--spacing--30);padding-bottom:var(--wp--preset--spacing--30)\"><p style=\"font-size:clamp(50.171px, 3.136rem + ((1vw - 3.2px) * 4.885), 100px);line-height:1.2;\" class=\"wp-block-site-title\"><a href=\"https:\/\/itdd.au.dk\/caja-itdd\" target=\"_self\" rel=\"home\">CAJA.ITDD<\/a><\/p>\n\n\n<div class=\"wp-block-group has-global-padding is-layout-constrained wp-container-core-group-is-layout-7db9d80f wp-block-group-is-layout-constrained\" style=\"padding-right:0;padding-left:0\">\n<blockquote class=\"wp-block-quote is-layout-flow wp-block-quote-is-layout-flow\">\n<p><strong>Camilla, Anton, Joachim &amp; Anine<\/strong><br>Kandidatstuderende p\u00e5<br>IT-Didaktisk Design<\/p>\n<\/blockquote>\n<\/div>\n<\/div>\n\n\n\n<div class=\"wp-block-group alignfull has-global-padding is-layout-constrained wp-block-group-is-layout-constrained\" style=\"margin-top:0;margin-bottom:0\">\n<div class=\"wp-block-group alignwide is-layout-flow wp-container-core-group-is-layout-d58a0413 wp-block-group-is-layout-flow\" style=\"padding-top:var(--wp--preset--spacing--50);padding-bottom:var(--wp--preset--spacing--50)\">\n<h2 class=\"wp-block-heading has-text-align-center has-x-large-font-size\">Se vores videoer og l\u00e6r os lidt at kende<\/h2>\n\n\n\n<div class=\"wp-block-columns is-layout-flex wp-container-core-columns-is-layout-cbe57604 wp-block-columns-is-layout-flex\">\n<div class=\"wp-block-column is-layout-flow wp-block-column-is-layout-flow\">\n<div class=\"wp-block-group is-layout-flow wp-block-group-is-layout-flow\" style=\"border-top-color:var(--wp--preset--color--accent-6);border-top-width:1px;padding-top:var(--wp--preset--spacing--30);padding-bottom:var(--wp--preset--spacing--30)\">\n<h3 class=\"wp-block-heading has-text-align-center\"><strong>Camilla<\/strong><\/h3>\n\n\n\n<figure class=\"wp-block-video\"><video height=\"480\" style=\"aspect-ratio: 852 \/ 480;\" width=\"852\" controls src=\"https:\/\/itdd.au.dk\/caja-itdd\/wp-content\/uploads\/sites\/42\/2025\/09\/Praesentationsvideo-2.mp4\"><\/video><\/figure>\n<\/div>\n<\/div>\n\n\n\n<div class=\"wp-block-column is-layout-flow wp-block-column-is-layout-flow\">\n<div class=\"wp-block-group is-layout-flow wp-block-group-is-layout-flow\" style=\"border-top-color:var(--wp--preset--color--accent-6);border-top-width:1px;padding-top:var(--wp--preset--spacing--30);padding-bottom:var(--wp--preset--spacing--30)\">\n<h3 class=\"wp-block-heading has-text-align-center\"><strong>Anton<\/strong><\/h3>\n\n\n\n<figure class=\"wp-block-video\"><video height=\"720\" style=\"aspect-ratio: 1280 \/ 720;\" width=\"1280\" controls src=\"https:\/\/itdd.au.dk\/caja-itdd\/wp-content\/uploads\/sites\/42\/2025\/09\/Anton-1.mp4\"><\/video><\/figure>\n<\/div>\n<\/div>\n<\/div>\n\n\n\n<div class=\"wp-block-columns is-layout-flex wp-container-core-columns-is-layout-cbe57604 wp-block-columns-is-layout-flex\">\n<div class=\"wp-block-column is-layout-flow wp-block-column-is-layout-flow\">\n<div class=\"wp-block-group is-layout-flow wp-block-group-is-layout-flow\" style=\"border-top-color:var(--wp--preset--color--accent-6);border-top-width:1px;padding-top:var(--wp--preset--spacing--30);padding-bottom:var(--wp--preset--spacing--30)\">\n<h3 class=\"wp-block-heading has-text-align-center\"><strong>Joachim<\/strong><\/h3>\n\n\n\n<figure class=\"wp-block-video\"><video height=\"480\" style=\"aspect-ratio: 852 \/ 480;\" width=\"852\" controls src=\"https:\/\/itdd.au.dk\/caja-itdd\/wp-content\/uploads\/sites\/42\/2025\/09\/ITDD-video-Joachim.mp4\"><\/video><\/figure>\n<\/div>\n<\/div>\n\n\n\n<div class=\"wp-block-column is-layout-flow wp-block-column-is-layout-flow\">\n<div class=\"wp-block-group is-layout-flow wp-block-group-is-layout-flow\" style=\"border-top-color:var(--wp--preset--color--accent-6);border-top-width:1px;padding-top:var(--wp--preset--spacing--30);padding-bottom:var(--wp--preset--spacing--30)\">\n<h3 class=\"wp-block-heading has-text-align-center\"><strong>Anine<\/strong><\/h3>\n\n\n\n<figure class=\"wp-block-video\"><video height=\"480\" style=\"aspect-ratio: 852 \/ 480;\" width=\"852\" controls src=\"https:\/\/itdd.au.dk\/caja-itdd\/wp-content\/uploads\/sites\/42\/2025\/12\/anine-introvideo.mp4\"><\/video><\/figure>\n<\/div>\n<\/div>\n<\/div>\n<\/div>\n<\/div>\n\n\n\n<div class=\"wp-block-comments\"><h2 id=\"comments\" class=\"wp-block-comments-title\">4 svar til &#8220;Om os&#8221;<\/h2>\n\n<ol class=\"wp-block-comment-template\"><li id=\"comment-4\" class=\"comment byuser comment-author-klaust even thread-even depth-1\">\n\n<div class=\"wp-block-columns is-layout-flex wp-container-core-columns-is-layout-28f84493 wp-block-columns-is-layout-flex\">\n<div class=\"wp-block-column is-layout-flow wp-block-column-is-layout-flow\" style=\"flex-basis:40px\"><div class=\"wp-block-avatar\"><img alt='klaust Avatar' src='https:\/\/secure.gravatar.com\/avatar\/16f7bad764ec3b0ca651d1506f5616f6ddb921c572403bc55849e9d660f7440e?s=40&#038;d=mm&#038;r=g' srcset='https:\/\/secure.gravatar.com\/avatar\/16f7bad764ec3b0ca651d1506f5616f6ddb921c572403bc55849e9d660f7440e?s=80&#038;d=mm&#038;r=g 2x' class='avatar avatar-40 photo wp-block-avatar__image' height='40' width='40'  style=\"border-radius:20px;\"\/><\/div><\/div>\n\n\n\n<div class=\"wp-block-column is-layout-flow wp-block-column-is-layout-flow\"><div class=\"wp-block-comment-author-name has-small-font-size\">klaust<\/div>\n\n\n<div class=\"wp-block-group is-layout-flex wp-block-group-is-layout-flex\" style=\"margin-top:0px;margin-bottom:0px\"><div class=\"wp-block-comment-date has-small-font-size\"><time datetime=\"2025-09-17T19:08:47+00:00\"><a href=\"https:\/\/itdd.au.dk\/caja-itdd\/hvem-er-vi\/#comment-4\">september 17, 2025<\/a><\/time><\/div>\n\n<\/div>\n\n\n<div class=\"wp-block-comment-content\"><p>Vildt hyggeligt og se jer. Det personlige og det menneskelige er i fokus. Det er jo en stil, en m\u00e5de at v\u00e6re p\u00e5 i m\u00f8det med verden, nettet, andre derude.  Man m\u00e6rker forskellene, men ogs\u00e5 en form for lighed??? netop det uformelle i tonen, det n\u00e6sten private&#8230;.<\/p>\n<\/div>\n\n<div class=\"wp-block-comment-reply-link has-small-font-size\"><a rel=\"nofollow\" class=\"comment-reply-login\" href=\"https:\/\/itdd.au.dk\/caja-itdd\/wp-login.php?redirect_to=https%3A%2F%2Fitdd.au.dk%2Fcaja-itdd%2Fhvem-er-vi%2F\">Log ind for at svare<\/a><\/div><\/div>\n<\/div>\n\n<\/li><li id=\"comment-5\" class=\"comment byuser comment-author-klaust odd alt thread-odd thread-alt depth-1\">\n\n<div class=\"wp-block-columns is-layout-flex wp-container-core-columns-is-layout-28f84493 wp-block-columns-is-layout-flex\">\n<div class=\"wp-block-column is-layout-flow wp-block-column-is-layout-flow\" style=\"flex-basis:40px\"><div class=\"wp-block-avatar\"><img alt='klaust Avatar' src='https:\/\/secure.gravatar.com\/avatar\/16f7bad764ec3b0ca651d1506f5616f6ddb921c572403bc55849e9d660f7440e?s=40&#038;d=mm&#038;r=g' srcset='https:\/\/secure.gravatar.com\/avatar\/16f7bad764ec3b0ca651d1506f5616f6ddb921c572403bc55849e9d660f7440e?s=80&#038;d=mm&#038;r=g 2x' class='avatar avatar-40 photo wp-block-avatar__image' height='40' width='40'  style=\"border-radius:20px;\"\/><\/div><\/div>\n\n\n\n<div class=\"wp-block-column is-layout-flow wp-block-column-is-layout-flow\"><div class=\"wp-block-comment-author-name has-small-font-size\">klaust<\/div>\n\n\n<div class=\"wp-block-group is-layout-flex wp-block-group-is-layout-flex\" style=\"margin-top:0px;margin-bottom:0px\"><div class=\"wp-block-comment-date has-small-font-size\"><time datetime=\"2025-09-17T19:12:29+00:00\"><a href=\"https:\/\/itdd.au.dk\/caja-itdd\/hvem-er-vi\/#comment-5\">september 17, 2025<\/a><\/time><\/div>\n\n<\/div>\n\n\n<div class=\"wp-block-comment-content\"><p>PS: citatet p\u00e5 forsiden bringer os et helt andet sted hen. fantastisk sp\u00e6ndende udsagn om n\u00e6rhed og distance, Meeeen det er jo ikke ChatGPT som har sagt det, jo, det er en tekst, som den kom med udfra noget i har skrevet &#8211; og s\u00e5 senere valgt. Det er jer, der er forfatterne og dem, der v\u00e6lger at vise det,  vil jeg mene&#8230;<\/p>\n<\/div>\n\n<div class=\"wp-block-comment-reply-link has-small-font-size\"><a rel=\"nofollow\" class=\"comment-reply-login\" href=\"https:\/\/itdd.au.dk\/caja-itdd\/wp-login.php?redirect_to=https%3A%2F%2Fitdd.au.dk%2Fcaja-itdd%2Fhvem-er-vi%2F\">Log ind for at svare<\/a><\/div><\/div>\n<\/div>\n\n<ol><li id=\"comment-9\" class=\"comment byuser comment-author-dimu25 even depth-2\">\n\n<div class=\"wp-block-columns is-layout-flex wp-container-core-columns-is-layout-28f84493 wp-block-columns-is-layout-flex\">\n<div class=\"wp-block-column is-layout-flow wp-block-column-is-layout-flow\" style=\"flex-basis:40px\"><div class=\"wp-block-avatar\"><img alt='dimu25 Avatar' src='https:\/\/secure.gravatar.com\/avatar\/9bf0e7ec8f7b4a0b96890be51bf07935f4fe2895416990dc2835cb5e23cdfe38?s=40&#038;d=mm&#038;r=g' srcset='https:\/\/secure.gravatar.com\/avatar\/9bf0e7ec8f7b4a0b96890be51bf07935f4fe2895416990dc2835cb5e23cdfe38?s=80&#038;d=mm&#038;r=g 2x' class='avatar avatar-40 photo wp-block-avatar__image' height='40' width='40'  style=\"border-radius:20px;\"\/><\/div><\/div>\n\n\n\n<div class=\"wp-block-column is-layout-flow wp-block-column-is-layout-flow\"><div class=\"wp-block-comment-author-name has-small-font-size\">dimu25<\/div>\n\n\n<div class=\"wp-block-group is-layout-flex wp-block-group-is-layout-flex\" style=\"margin-top:0px;margin-bottom:0px\"><div class=\"wp-block-comment-date has-small-font-size\"><time datetime=\"2025-09-18T15:04:39+00:00\"><a href=\"https:\/\/itdd.au.dk\/caja-itdd\/hvem-er-vi\/#comment-9\">september 18, 2025<\/a><\/time><\/div>\n\n<\/div>\n\n\n<div class=\"wp-block-comment-content\"><p>Jeg er enig med Klaus i, at det simpelthen er s\u00e5 fint et citat I har f\u00e5et s\u00f8gt frem!<\/p>\n<\/div>\n\n<div class=\"wp-block-comment-reply-link has-small-font-size\"><a rel=\"nofollow\" class=\"comment-reply-login\" href=\"https:\/\/itdd.au.dk\/caja-itdd\/wp-login.php?redirect_to=https%3A%2F%2Fitdd.au.dk%2Fcaja-itdd%2Fhvem-er-vi%2F\">Log ind for at svare<\/a><\/div><\/div>\n<\/div>\n\n<\/li><\/ol><\/li><li id=\"comment-10\" class=\"comment byuser comment-author-dimu25 odd alt thread-even depth-1\">\n\n<div class=\"wp-block-columns is-layout-flex wp-container-core-columns-is-layout-28f84493 wp-block-columns-is-layout-flex\">\n<div class=\"wp-block-column is-layout-flow wp-block-column-is-layout-flow\" style=\"flex-basis:40px\"><div class=\"wp-block-avatar\"><img alt='dimu25 Avatar' src='https:\/\/secure.gravatar.com\/avatar\/9bf0e7ec8f7b4a0b96890be51bf07935f4fe2895416990dc2835cb5e23cdfe38?s=40&#038;d=mm&#038;r=g' srcset='https:\/\/secure.gravatar.com\/avatar\/9bf0e7ec8f7b4a0b96890be51bf07935f4fe2895416990dc2835cb5e23cdfe38?s=80&#038;d=mm&#038;r=g 2x' class='avatar avatar-40 photo wp-block-avatar__image' height='40' width='40'  style=\"border-radius:20px;\"\/><\/div><\/div>\n\n\n\n<div class=\"wp-block-column is-layout-flow wp-block-column-is-layout-flow\"><div class=\"wp-block-comment-author-name has-small-font-size\">dimu25<\/div>\n\n\n<div class=\"wp-block-group is-layout-flex wp-block-group-is-layout-flex\" style=\"margin-top:0px;margin-bottom:0px\"><div class=\"wp-block-comment-date has-small-font-size\"><time datetime=\"2025-09-18T15:07:32+00:00\"><a href=\"https:\/\/itdd.au.dk\/caja-itdd\/hvem-er-vi\/#comment-10\">september 18, 2025<\/a><\/time><\/div>\n\n<\/div>\n\n\n<div class=\"wp-block-comment-content\"><p>Super gode videoer. Jeg kan godt lide, at videoerne minder lidt om hinanden? Muligvis fordi I alle(tror jeg), har valgt at redigere i WeVideo &#8211; den platform har self. nogle s\u00e6regne features, som I enten har snakket om at bruge, eller rent tilf\u00e6ldigt er lykkedes med at f\u00e5 dem til at fungere for jer alle hver is\u00e6r. Der er i hvert fald en r\u00f8d tr\u00e5d, som er vigtig i en blog, og jeres r\u00f8de tr\u00e5d er helt eminent!<\/p>\n<\/div>\n\n<div class=\"wp-block-comment-reply-link has-small-font-size\"><a rel=\"nofollow\" class=\"comment-reply-login\" href=\"https:\/\/itdd.au.dk\/caja-itdd\/wp-login.php?redirect_to=https%3A%2F%2Fitdd.au.dk%2Fcaja-itdd%2Fhvem-er-vi%2F\">Log ind for at svare<\/a><\/div><\/div>\n<\/div>\n\n<\/li><\/ol>\n\n\n\n\t<div id=\"respond\" class=\"comment-respond wp-block-post-comments-form\">\n\t\t<h3 id=\"reply-title\" class=\"comment-reply-title\">Skriv et svar <small><a rel=\"nofollow\" id=\"cancel-comment-reply-link\" href=\"\/caja-itdd\/wp-json\/wp\/v2\/pages\/141#respond\" style=\"display:none;\">Annuller svar<\/a><\/small><\/h3><p class=\"must-log-in\">Du skal v\u00e6re <a href=\"https:\/\/itdd.au.dk\/caja-itdd\/wp-login.php?redirect_to=https%3A%2F%2Fitdd.au.dk%2Fcaja-itdd%2Fhvem-er-vi%2F\">logget ind<\/a> for at skrive en kommentar.<\/p>\t<\/div><!-- #respond -->\n\t<\/div>\n\n\n\n<div class=\"wp-block-group has-global-padding is-layout-constrained wp-block-group-is-layout-constrained\" style=\"border-bottom-color:var(--wp--preset--color--accent-6);border-bottom-width:1px;padding-top:0;padding-bottom:0\"><\/div>\n\n\n\n<p><\/p>\n","protected":false},"excerpt":{"rendered":"<p>Camilla, Anton, Joachim &amp; AnineKandidatstuderende p\u00e5IT-Didaktisk Design Se vores videoer og l\u00e6r os lidt at kende Camilla Anton Joachim Anine<\/p>\n","protected":false},"author":68,"featured_media":0,"parent":0,"menu_order":0,"comment_status":"open","ping_status":"closed","template":"","meta":{"footnotes":""},"class_list":["post-141","page","type-page","status-publish","hentry"],"_links":{"self":[{"href":"https:\/\/itdd.au.dk\/caja-itdd\/wp-json\/wp\/v2\/pages\/141","targetHints":{"allow":["GET"]}}],"collection":[{"href":"https:\/\/itdd.au.dk\/caja-itdd\/wp-json\/wp\/v2\/pages"}],"about":[{"href":"https:\/\/itdd.au.dk\/caja-itdd\/wp-json\/wp\/v2\/types\/page"}],"author":[{"embeddable":true,"href":"https:\/\/itdd.au.dk\/caja-itdd\/wp-json\/wp\/v2\/users\/68"}],"replies":[{"embeddable":true,"href":"https:\/\/itdd.au.dk\/caja-itdd\/wp-json\/wp\/v2\/comments?post=141"}],"version-history":[{"count":9,"href":"https:\/\/itdd.au.dk\/caja-itdd\/wp-json\/wp\/v2\/pages\/141\/revisions"}],"predecessor-version":[{"id":553,"href":"https:\/\/itdd.au.dk\/caja-itdd\/wp-json\/wp\/v2\/pages\/141\/revisions\/553"}],"wp:attachment":[{"href":"https:\/\/itdd.au.dk\/caja-itdd\/wp-json\/wp\/v2\/media?parent=141"}],"curies":[{"name":"wp","href":"https:\/\/api.w.org\/{rel}","templated":true}]}}