{"id":48,"date":"2024-09-16T19:07:35","date_gmt":"2024-09-16T19:07:35","guid":{"rendered":"https:\/\/itdd.au.dk\/amplexus\/?page_id=48"},"modified":"2024-09-17T20:26:17","modified_gmt":"2024-09-17T20:26:17","slug":"om-os-2","status":"publish","type":"page","link":"https:\/\/itdd.au.dk\/amplexus\/","title":{"rendered":"Om os"},"content":{"rendered":"\n<div class=\"wp-block-cover alignfull is-light wp-duotone-36345d-abaaaa-1\" style=\"margin-top:0;padding-top:5vw;padding-right:5vw;padding-bottom:5vw;padding-left:5vw\"><span aria-hidden=\"true\" class=\"wp-block-cover__background has-background-dim-60 has-background-dim\" style=\"background-color:#c2b7a4\"><\/span><img decoding=\"async\" class=\"wp-block-cover__image-background wp-image-334\" alt=\"\" src=\"https:\/\/pd.w.org\/2022\/01\/95161f850d22f0c06.37817431.jpg\" style=\"object-position:50% 5%\" data-object-fit=\"cover\" data-object-position=\"50% 5%\"\/><div class=\"wp-block-cover__inner-container is-layout-flow wp-block-cover-is-layout-flow\">\n<div style=\"height:48px\" aria-hidden=\"true\" class=\"wp-block-spacer\"><\/div>\n\n\n\n<div class=\"wp-block-group is-vertical is-content-justification-center is-nowrap is-layout-flex wp-container-core-group-is-layout-c8003664 wp-block-group-is-layout-flex\">\n<p class=\"has-text-align-right has-text-color\" style=\"color:#c8c4d3;font-size:148px;font-style:normal;font-weight:300;letter-spacing:-4px;line-height:0.8;text-transform:uppercase\">Amplexus<\/p>\n\n\n\n<p class=\"has-text-align-right has-text-color\" style=\"color:#ac94b2;font-size:148px;font-style:normal;font-weight:300;letter-spacing:-4px;line-height:0.8;text-transform:uppercase\">AMplexus<\/p>\n\n\n\n<p class=\"has-text-align-right has-text-color\" style=\"color:#71689c;font-size:148px;font-style:normal;font-weight:300;letter-spacing:-4px;line-height:0.8;text-transform:uppercase\">Amplexus<\/p>\n\n\n\n<p class=\"has-text-align-right has-text-color\" style=\"color:#444178;font-size:148px;font-style:normal;font-weight:300;letter-spacing:-4px;line-height:0.8;text-transform:uppercase\">Amplexus<\/p>\n<\/div>\n\n\n\n<div style=\"height:48px\" aria-hidden=\"true\" class=\"wp-block-spacer\"><\/div>\n<\/div><\/div>\n\n\n\n<p class=\"has-text-align-center\">Vi er amplexus; et team af studerende p\u00e5 cand. p\u00e6d. IT didaktisk design, 2024. <br>Her p\u00e5 siden vil vi dele vores projekter.<\/p>\n\n\n\n<hr class=\"wp-block-separator has-alpha-channel-opacity is-style-wide\"\/>\n\n\n\n<div class=\"wp-block-media-text is-stacked-on-mobile is-vertically-aligned-bottom\" style=\"grid-template-columns:31% auto\"><figure class=\"wp-block-media-text__media\"><img loading=\"lazy\" decoding=\"async\" width=\"771\" height=\"1024\" src=\"https:\/\/itdd.au.dk\/amplexus\/wp-content\/uploads\/sites\/26\/2024\/09\/studiekort-6-771x1024.jpg\" alt=\"\" class=\"wp-image-65 size-full\" srcset=\"https:\/\/itdd.au.dk\/amplexus\/wp-content\/uploads\/sites\/26\/2024\/09\/studiekort-6-771x1024.jpg 771w, https:\/\/itdd.au.dk\/amplexus\/wp-content\/uploads\/sites\/26\/2024\/09\/studiekort-6-226x300.jpg 226w, https:\/\/itdd.au.dk\/amplexus\/wp-content\/uploads\/sites\/26\/2024\/09\/studiekort-6-768x1020.jpg 768w, https:\/\/itdd.au.dk\/amplexus\/wp-content\/uploads\/sites\/26\/2024\/09\/studiekort-6.jpg 830w\" sizes=\"auto, (max-width: 771px) 100vw, 771px\" \/><\/figure><div class=\"wp-block-media-text__content\">\n<p>Christian Westin<\/p>\n\n\n\n<p>31 \u00e5r<\/p>\n\n\n\n<p>Folkeskolel\u00e6rer<\/p>\n\n\n\n<p>Jeg l\u00e6ser ITDD fordi sammenh\u00e6ngen mellem formidling, l\u00e6ring og undervisning p\u00e5 den ene side og digitale teknologier p\u00e5 den anden, lader til at v\u00e6re irreversibel, p\u00e5 godt og ondt. Jeg h\u00e5ber p\u00e5 at tilegne mig ekspertviden i hvordan vi underviser p\u00e5 en b\u00e6redygtig m\u00e5de ved brug af digitale teknologier.<\/p>\n\n\n\n<p>Personligt citat: <em>\u201cIf it is not right, do not do it, if it is not true, do not say it.\u201d <\/em>-Marcus Aurelius<\/p>\n<\/div><\/div>\n\n\n\n<hr class=\"wp-block-separator has-alpha-channel-opacity is-style-wide\"\/>\n\n\n\n<div class=\"wp-block-media-text has-media-on-the-right is-stacked-on-mobile is-vertically-aligned-center\" style=\"grid-template-columns:auto 32%\"><div class=\"wp-block-media-text__content\">\n<p>Line Dalsgaard<\/p>\n\n\n\n<p>34 \u00e5r<\/p>\n\n\n\n<p>Folkeskolel\u00e6rer&nbsp;&nbsp;&nbsp;<\/p>\n\n\n\n<p>Jeg har valgt at l\u00e6se IT-didaktisk design for at \u00e5bne op for flere jobmuligheder og fordi jeg gennem mit arbejde som online underviser har udviklet stor interesse for omr\u00e5det. Jeg vil gerne arbejde inden for udviklingen af digitale l\u00e6ringsplatforme og undervisningsmaterialer.&nbsp;&nbsp;&nbsp;<\/p>\n\n\n\n<p>Personligt citat: <em>&#8220;E-learning requires the same commitment to learning as traditional education, just without the walls.&#8221; \u2013 Anonymous<\/em>&nbsp;<\/p>\n<\/div><figure class=\"wp-block-media-text__media\"><img loading=\"lazy\" decoding=\"async\" width=\"1024\" height=\"917\" src=\"https:\/\/itdd.au.dk\/amplexus\/wp-content\/uploads\/sites\/26\/2024\/09\/Line-foto-1024x917.jpeg\" alt=\"\" class=\"wp-image-78 size-full\" srcset=\"https:\/\/itdd.au.dk\/amplexus\/wp-content\/uploads\/sites\/26\/2024\/09\/Line-foto-1024x917.jpeg 1024w, https:\/\/itdd.au.dk\/amplexus\/wp-content\/uploads\/sites\/26\/2024\/09\/Line-foto-300x269.jpeg 300w, https:\/\/itdd.au.dk\/amplexus\/wp-content\/uploads\/sites\/26\/2024\/09\/Line-foto-768x688.jpeg 768w, https:\/\/itdd.au.dk\/amplexus\/wp-content\/uploads\/sites\/26\/2024\/09\/Line-foto-1536x1375.jpeg 1536w, https:\/\/itdd.au.dk\/amplexus\/wp-content\/uploads\/sites\/26\/2024\/09\/Line-foto.jpeg 1708w\" sizes=\"auto, (max-width: 1024px) 100vw, 1024px\" \/><\/figure><\/div>\n\n\n\n<hr class=\"wp-block-separator has-alpha-channel-opacity is-style-wide\"\/>\n\n\n\n<div class=\"wp-block-media-text is-stacked-on-mobile is-vertically-aligned-center\" style=\"grid-template-columns:30% auto\"><figure class=\"wp-block-media-text__media\"><img loading=\"lazy\" decoding=\"async\" width=\"440\" height=\"556\" src=\"https:\/\/itdd.au.dk\/amplexus\/wp-content\/uploads\/sites\/26\/2024\/09\/Gittiya.-Billede.jpg\" alt=\"\" class=\"wp-image-79 size-full\" srcset=\"https:\/\/itdd.au.dk\/amplexus\/wp-content\/uploads\/sites\/26\/2024\/09\/Gittiya.-Billede.jpg 440w, https:\/\/itdd.au.dk\/amplexus\/wp-content\/uploads\/sites\/26\/2024\/09\/Gittiya.-Billede-237x300.jpg 237w\" sizes=\"auto, (max-width: 440px) 100vw, 440px\" \/><\/figure><div class=\"wp-block-media-text__content\">\n<p>Gittiya<\/p>\n\n\n\n<p>29&nbsp;\u00e5r<\/p>\n\n\n\n<p>Socialr\u00e5dgiver&nbsp;&nbsp;<\/p>\n\n\n\n<p>Jeg har valgt at l\u00e6se IT-didaktisk design, da jeg \u00f8nsker at f\u00e5 en fod indenfor IT-verdenen, samtidig \u00f8nsker jeg kunne kombinere uddannelsen med min socialr\u00e5dgiveruddannelse, herunder min erfaring og socialfaglighed. &nbsp;<br>Jeg h\u00e5ber derfor, at jeg vil kunne bruge uddannelsen til at udvikle eller nyt\u00e6nke m\u00e5der at arbejde p\u00e5 inden for det sociale omr\u00e5de.&nbsp;&nbsp;<\/p>\n\n\n\n<p>Personligt citat:&nbsp;&#8220;<em>Balancen i livet er kunsten at nyde arbejdet og samtidig leve et rigt liv udenfor det.<\/em>&#8221; \u2013<em> Ukendt <\/em><\/p>\n<\/div><\/div>\n\n\n\n<hr class=\"wp-block-separator has-alpha-channel-opacity is-style-wide\"\/>\n\n\n\n<div class=\"wp-block-media-text has-media-on-the-right is-stacked-on-mobile is-vertically-aligned-center\" style=\"grid-template-columns:auto 31%\"><div class=\"wp-block-media-text__content\">\n<p>Navn: Martin Stie Svendsen&nbsp;<\/p>\n\n\n\n<p>Alder: 31&nbsp;<\/p>\n\n\n\n<p>Profession: Skole- og fritidsp\u00e6dagog.&nbsp;<\/p>\n\n\n\n<p>Valg af uddannelsen ITDD: Min interesse for uddannelsen ITDD, blev v\u00e6kket i forbindelse med mit arbejde som p\u00e6dagog. Jeg har altid synes teknologi og arbejdet med mennesker er sp\u00e6ndende, begge omr\u00e5der betyder meget for min hverdag. I denne uddannelse ser jeg et potentiale, hvor begge interesser kan udfoldes samtidigt. Jeg vil gerne i mit fremtidige virke, blive en ressource for forskellige arenaer. Jeg vil gerne bidrage med st\u00e6rk viden, om hvordan vi im\u00f8dekommer den foranderlige teknologiske verden i l\u00e6ringsm\u00e6ssige sammenh\u00e6nge. Jeg vil gerne v\u00e6re med til at skabe en ramme for at l\u00e6ringsarenaer im\u00f8dekommer nye initiativer og v\u00e6rkt\u00f8jer, s\u00e5 fremtidens b\u00f8rn, unge og voksne bliver motiveret til at l\u00e6re og f\u00f8ler at undervisningen er differentieret og sp\u00e6ndene.&nbsp;<\/p>\n\n\n\n<p>Citat: \u201dAlle er genier.\u202fMen hvis du d\u00f8mmer en fisk p\u00e5 dens evne til at klatre i tr\u00e6er, vil den leve hele sit liv i den tro, at den er dum\u201d &#8211;<em>Albert Einstein<\/em>.&nbsp;<\/p>\n<\/div><figure class=\"wp-block-media-text__media\"><img loading=\"lazy\" decoding=\"async\" width=\"433\" height=\"577\" src=\"https:\/\/itdd.au.dk\/amplexus\/wp-content\/uploads\/sites\/26\/2024\/09\/Billede-Martin.jpeg\" alt=\"\" class=\"wp-image-115 size-full\" srcset=\"https:\/\/itdd.au.dk\/amplexus\/wp-content\/uploads\/sites\/26\/2024\/09\/Billede-Martin.jpeg 433w, https:\/\/itdd.au.dk\/amplexus\/wp-content\/uploads\/sites\/26\/2024\/09\/Billede-Martin-225x300.jpeg 225w\" sizes=\"auto, (max-width: 433px) 100vw, 433px\" \/><\/figure><\/div>\n\n\n\n<hr class=\"wp-block-separator has-alpha-channel-opacity is-style-wide\"\/>\n\n\n\n<p><\/p>\n","protected":false},"excerpt":{"rendered":"<p>Vi er amplexus; et team af studerende p\u00e5 cand. p\u00e6d. IT didaktisk design, 2024. Her p\u00e5 siden vil vi dele vores projekter. Christian Westin 31 \u00e5r Folkeskolel\u00e6rer Jeg l\u00e6ser ITDD fordi sammenh\u00e6ngen mellem formidling, l\u00e6ring og undervisning p\u00e5 den ene side og digitale teknologier p\u00e5 den anden, lader til at v\u00e6re irreversibel, p\u00e5 godt og [&hellip;]<\/p>\n","protected":false},"author":60,"featured_media":0,"parent":0,"menu_order":0,"comment_status":"closed","ping_status":"closed","template":"","meta":{"footnotes":""},"class_list":["post-48","page","type-page","status-publish","hentry","entry"],"_links":{"self":[{"href":"https:\/\/itdd.au.dk\/amplexus\/wp-json\/wp\/v2\/pages\/48","targetHints":{"allow":["GET"]}}],"collection":[{"href":"https:\/\/itdd.au.dk\/amplexus\/wp-json\/wp\/v2\/pages"}],"about":[{"href":"https:\/\/itdd.au.dk\/amplexus\/wp-json\/wp\/v2\/types\/page"}],"author":[{"embeddable":true,"href":"https:\/\/itdd.au.dk\/amplexus\/wp-json\/wp\/v2\/users\/60"}],"replies":[{"embeddable":true,"href":"https:\/\/itdd.au.dk\/amplexus\/wp-json\/wp\/v2\/comments?post=48"}],"version-history":[{"count":24,"href":"https:\/\/itdd.au.dk\/amplexus\/wp-json\/wp\/v2\/pages\/48\/revisions"}],"predecessor-version":[{"id":123,"href":"https:\/\/itdd.au.dk\/amplexus\/wp-json\/wp\/v2\/pages\/48\/revisions\/123"}],"wp:attachment":[{"href":"https:\/\/itdd.au.dk\/amplexus\/wp-json\/wp\/v2\/media?parent=48"}],"curies":[{"name":"wp","href":"https:\/\/api.w.org\/{rel}","templated":true}]}}

<div class="wp-block-cover alignfull is-light wp-duotone-36345d-abaaaa-1" style="margin-top:0;padding-top:5vw;padding-right:5vw;padding-bottom:5vw;padding-left:5vw"><span aria-hidden="true" class="wp-block-cover__background has-background-dim-60 has-background-dim" style="background-color:#c2b7a4"></span><img decoding="async" class="wp-block-cover__image-background wp-image-334" alt="" src="https://pd.w.org/2022/01/95161f850d22f0c06.37817431.jpg" style="object-position:50% 5%" data-object-fit="cover" data-object-position="50% 5%"/><div class="wp-block-cover__inner-container is-layout-flow wp-block-cover-is-layout-flow">
<div style="height:48px" aria-hidden="true" class="wp-block-spacer"></div>



<div class="wp-block-group is-vertical is-content-justification-center is-nowrap is-layout-flex wp-container-core-group-is-layout-c8003664 wp-block-group-is-layout-flex">
<p class="has-text-align-right has-text-color" style="color:#c8c4d3;font-size:148px;font-style:normal;font-weight:300;letter-spacing:-4px;line-height:0.8;text-transform:uppercase">Amplexus</p>



<p class="has-text-align-right has-text-color" style="color:#ac94b2;font-size:148px;font-style:normal;font-weight:300;letter-spacing:-4px;line-height:0.8;text-transform:uppercase">AMplexus</p>



<p class="has-text-align-right has-text-color" style="color:#71689c;font-size:148px;font-style:normal;font-weight:300;letter-spacing:-4px;line-height:0.8;text-transform:uppercase">Amplexus</p>



<p class="has-text-align-right has-text-color" style="color:#444178;font-size:148px;font-style:normal;font-weight:300;letter-spacing:-4px;line-height:0.8;text-transform:uppercase">Amplexus</p>
</div>



<div style="height:48px" aria-hidden="true" class="wp-block-spacer"></div>
</div></div>



<p class="has-text-align-center">Vi er amplexus; et team af studerende på cand. pæd. IT didaktisk design, 2024. <br>Her på siden vil vi dele vores projekter.</p>



<hr class="wp-block-separator has-alpha-channel-opacity is-style-wide"/>



<div class="wp-block-media-text is-stacked-on-mobile is-vertically-aligned-bottom" style="grid-template-columns:31% auto"><figure class="wp-block-media-text__media"><img loading="lazy" decoding="async" width="771" height="1024" src="https://itdd.au.dk/amplexus/wp-content/uploads/sites/26/2024/09/studiekort-6-771x1024.jpg" alt="" class="wp-image-65 size-full" srcset="https://itdd.au.dk/amplexus/wp-content/uploads/sites/26/2024/09/studiekort-6-771x1024.jpg 771w, https://itdd.au.dk/amplexus/wp-content/uploads/sites/26/2024/09/studiekort-6-226x300.jpg 226w, https://itdd.au.dk/amplexus/wp-content/uploads/sites/26/2024/09/studiekort-6-768x1020.jpg 768w, https://itdd.au.dk/amplexus/wp-content/uploads/sites/26/2024/09/studiekort-6.jpg 830w" sizes="auto, (max-width: 771px) 100vw, 771px" /></figure><div class="wp-block-media-text__content">
<p>Christian Westin</p>



<p>31 år</p>



<p>Folkeskolelærer</p>



<p>Jeg læser ITDD fordi sammenhængen mellem formidling, læring og undervisning på den ene side og digitale teknologier på den anden, lader til at være irreversibel, på godt og ondt. Jeg håber på at tilegne mig ekspertviden i hvordan vi underviser på en bæredygtig måde ved brug af digitale teknologier.</p>



<p>Personligt citat: <em>“If it is not right, do not do it, if it is not true, do not say it.” </em>-Marcus Aurelius</p>
</div></div>



<hr class="wp-block-separator has-alpha-channel-opacity is-style-wide"/>



<div class="wp-block-media-text has-media-on-the-right is-stacked-on-mobile is-vertically-aligned-center" style="grid-template-columns:auto 32%"><div class="wp-block-media-text__content">
<p>Line Dalsgaard</p>



<p>34 år</p>



<p>Folkeskolelærer&nbsp;&nbsp;&nbsp;</p>



<p>Jeg har valgt at læse IT-didaktisk design for at åbne op for flere jobmuligheder og fordi jeg gennem mit arbejde som online underviser har udviklet stor interesse for området. Jeg vil gerne arbejde inden for udviklingen af digitale læringsplatforme og undervisningsmaterialer.&nbsp;&nbsp;&nbsp;</p>



<p>Personligt citat: <em>&#8220;E-learning requires the same commitment to learning as traditional education, just without the walls.&#8221; – Anonymous</em>&nbsp;</p>
</div><figure class="wp-block-media-text__media"><img loading="lazy" decoding="async" width="1024" height="917" src="https://itdd.au.dk/amplexus/wp-content/uploads/sites/26/2024/09/Line-foto-1024x917.jpeg" alt="" class="wp-image-78 size-full" srcset="https://itdd.au.dk/amplexus/wp-content/uploads/sites/26/2024/09/Line-foto-1024x917.jpeg 1024w, https://itdd.au.dk/amplexus/wp-content/uploads/sites/26/2024/09/Line-foto-300x269.jpeg 300w, https://itdd.au.dk/amplexus/wp-content/uploads/sites/26/2024/09/Line-foto-768x688.jpeg 768w, https://itdd.au.dk/amplexus/wp-content/uploads/sites/26/2024/09/Line-foto-1536x1375.jpeg 1536w, https://itdd.au.dk/amplexus/wp-content/uploads/sites/26/2024/09/Line-foto.jpeg 1708w" sizes="auto, (max-width: 1024px) 100vw, 1024px" /></figure></div>



<hr class="wp-block-separator has-alpha-channel-opacity is-style-wide"/>



<div class="wp-block-media-text is-stacked-on-mobile is-vertically-aligned-center" style="grid-template-columns:30% auto"><figure class="wp-block-media-text__media"><img loading="lazy" decoding="async" width="440" height="556" src="https://itdd.au.dk/amplexus/wp-content/uploads/sites/26/2024/09/Gittiya.-Billede.jpg" alt="" class="wp-image-79 size-full" srcset="https://itdd.au.dk/amplexus/wp-content/uploads/sites/26/2024/09/Gittiya.-Billede.jpg 440w, https://itdd.au.dk/amplexus/wp-content/uploads/sites/26/2024/09/Gittiya.-Billede-237x300.jpg 237w" sizes="auto, (max-width: 440px) 100vw, 440px" /></figure><div class="wp-block-media-text__content">
<p>Gittiya</p>



<p>29&nbsp;år</p>



<p>Socialrådgiver&nbsp;&nbsp;</p>



<p>Jeg har valgt at læse IT-didaktisk design, da jeg ønsker at få en fod indenfor IT-verdenen, samtidig ønsker jeg kunne kombinere uddannelsen med min socialrådgiveruddannelse, herunder min erfaring og socialfaglighed. &nbsp;<br>Jeg håber derfor, at jeg vil kunne bruge uddannelsen til at udvikle eller nytænke måder at arbejde på inden for det sociale område.&nbsp;&nbsp;</p>



<p>Personligt citat:&nbsp;&#8220;<em>Balancen i livet er kunsten at nyde arbejdet og samtidig leve et rigt liv udenfor det.</em>&#8221; –<em> Ukendt </em></p>
</div></div>



<hr class="wp-block-separator has-alpha-channel-opacity is-style-wide"/>



<div class="wp-block-media-text has-media-on-the-right is-stacked-on-mobile is-vertically-aligned-center" style="grid-template-columns:auto 31%"><div class="wp-block-media-text__content">
<p>Navn: Martin Stie Svendsen&nbsp;</p>



<p>Alder: 31&nbsp;</p>



<p>Profession: Skole- og fritidspædagog.&nbsp;</p>



<p>Valg af uddannelsen ITDD: Min interesse for uddannelsen ITDD, blev vækket i forbindelse med mit arbejde som pædagog. Jeg har altid synes teknologi og arbejdet med mennesker er spændende, begge områder betyder meget for min hverdag. I denne uddannelse ser jeg et potentiale, hvor begge interesser kan udfoldes samtidigt. Jeg vil gerne i mit fremtidige virke, blive en ressource for forskellige arenaer. Jeg vil gerne bidrage med stærk viden, om hvordan vi imødekommer den foranderlige teknologiske verden i læringsmæssige sammenhænge. Jeg vil gerne være med til at skabe en ramme for at læringsarenaer imødekommer nye initiativer og værktøjer, så fremtidens børn, unge og voksne bliver motiveret til at lære og føler at undervisningen er differentieret og spændene.&nbsp;</p>



<p>Citat: ”Alle er genier. Men hvis du dømmer en fisk på dens evne til at klatre i træer, vil den leve hele sit liv i den tro, at den er dum” &#8211;<em>Albert Einstein</em>.&nbsp;</p>
</div><figure class="wp-block-media-text__media"><img loading="lazy" decoding="async" width="433" height="577" src="https://itdd.au.dk/amplexus/wp-content/uploads/sites/26/2024/09/Billede-Martin.jpeg" alt="" class="wp-image-115 size-full" srcset="https://itdd.au.dk/amplexus/wp-content/uploads/sites/26/2024/09/Billede-Martin.jpeg 433w, https://itdd.au.dk/amplexus/wp-content/uploads/sites/26/2024/09/Billede-Martin-225x300.jpeg 225w" sizes="auto, (max-width: 433px) 100vw, 433px" /></figure></div>



<hr class="wp-block-separator has-alpha-channel-opacity is-style-wide"/>



<p></p>

<p>Vi er amplexus; et team af studerende på cand. pæd. IT didaktisk design, 2024. Her på siden vil vi dele vores projekter. Christian Westin 31 år Folkeskolelærer Jeg læser ITDD fordi sammenhængen mellem formidling, læring og undervisning på den ene side og digitale teknologier på den anden, lader til at være irreversibel, på godt og [&hellip;]</p>
