{"id":142,"date":"2024-10-23T16:09:22","date_gmt":"2024-10-23T16:09:22","guid":{"rendered":"https:\/\/itdd.au.dk\/amplexus\/?page_id=142"},"modified":"2024-10-23T17:13:24","modified_gmt":"2024-10-23T17:13:24","slug":"laering-i-en-digital-tid","status":"publish","type":"page","link":"https:\/\/itdd.au.dk\/amplexus\/laering-i-en-digital-tid\/","title":{"rendered":"L\u00e6ring i en digital tid"},"content":{"rendered":"\n<div class=\"wp-block-cover alignfull has-custom-content-position is-position-top-center has-white-color has-text-color has-small-font-size\" style=\"margin-top:0;padding-top:4vw;padding-right:4vw;padding-bottom:4vw;padding-left:4vw;min-height:66vh;aspect-ratio:unset;\"><span aria-hidden=\"true\" class=\"wp-block-cover__background has-black-background-color has-background-dim-100 has-background-dim\"><\/span><div class=\"wp-block-cover__inner-container is-layout-flow wp-block-cover-is-layout-flow\">\n<div class=\"wp-block-group is-content-justification-left\"><div class=\"wp-block-group__inner-container is-layout-constrained wp-container-core-group-is-layout-76bb3733 wp-block-group-is-layout-constrained\">\n<div class=\"wp-block-group is-vertical is-layout-flex wp-container-core-group-is-layout-8cf370e7 wp-block-group-is-layout-flex\">\n<p class=\"has-text-align-left has-luminous-vivid-amber-color has-text-color\" style=\"font-size:120px;font-style:normal;font-weight:700;letter-spacing:-2px;line-height:1;text-transform:uppercase\">             \u672a\u6765<\/p>\n\n\n\n<p class=\"has-text-align-center has-luminous-vivid-amber-color has-text-color\" style=\"font-size:72px;font-style:normal;font-weight:700;letter-spacing:0px;line-height:1;text-transform:uppercase\">Futuro<\/p>\n\n\n\n<p class=\"has-text-align-center has-luminous-vivid-amber-color has-text-color wp-container-content-9cfa9a5a\" style=\"font-size:72px;font-style:normal;font-weight:500;letter-spacing:0px;line-height:1;text-transform:uppercase\">         Avenir  \u0645\u0633\u062a\u0642\u0628\u0644    <\/p>\n\n\n\n<p class=\"has-text-align-center has-luminous-vivid-amber-color has-text-color wp-container-content-9cfa9a5a\" style=\"font-size:72px;font-style:normal;font-weight:500;letter-spacing:0px;line-height:1;text-transform:uppercase\">Tulevaisuus<\/p>\n\n\n\n<p class=\"has-text-align-center has-luminous-vivid-amber-color has-text-color wp-container-content-9cfa9a5a\" style=\"font-size:72px;font-style:normal;font-weight:500;letter-spacing:0px;line-height:1;text-transform:uppercase\">\u0e2d\u0e19\u0e32\u0e04\u0e15   <em>Fremtiden<\/em><\/p>\n\n\n\n<p class=\"has-luminous-vivid-amber-color has-text-color has-link-color has-medium-font-size wp-elements-47082886cc5a86d76d23cb445f49c0b2\">                           <sup><code><mark style=\"background-color:rgba(0, 0, 0, 0)\" class=\"has-inline-color has-luminous-vivid-amber-color\">Viitor   T\u01b0\u01a1ng lai<\/mark><\/code><\/sup>       \u0411\u044a\u0434\u0435\u0449\u0435        Hinaharap <\/p>\n\n\n\n<p class=\"has-text-align-left has-luminous-vivid-amber-color has-text-color\" style=\"font-size:148px;font-style:normal;font-weight:700;letter-spacing:-2px;line-height:1;text-transform:uppercase\">Zukunft<\/p>\n<\/div>\n<\/div><\/div>\n<\/div><\/div>\n\n\n\n<h3 class=\"wp-block-heading has-text-align-center has-black-color has-text-color has-link-color has-x-large-font-size wp-elements-efd67ec45158cbbc6ffbf37117670a09\"><sub>Opfattelser af Fremtiden: Fra Forestillinger til GAI\u2019s Perspektiver i Samspil med L\u00e6ring<\/sub><\/h3>\n\n\n\n<hr class=\"wp-block-separator has-alpha-channel-opacity is-style-wide\"\/>\n\n\n\n<div class=\"wp-block-group is-vertical is-layout-flex wp-container-core-group-is-layout-8cf370e7 wp-block-group-is-layout-flex\">\n<p class=\"has-text-align-left has-black-color has-text-color has-link-color has-medium-font-size wp-elements-cf2622c6999e837b5223f0bda2f2128d\">Vi finder det sp\u00e6ndende at unders\u00f8ge opfattelser af fremtiden, b\u00e5de b\u00f8rns opfattelse men ogs\u00e5 GAI \u201c<em>opfattelsen<\/em>\u201d, det vil sige hvilken form tager det generede udtryk, og hvilket samspil har det med \u201c<em>os<\/em>\u201d eller vores elever. &nbsp;<\/p>\n\n\n\n<p class=\"has-text-align-left has-black-color has-text-color has-link-color has-medium-font-size wp-elements-303bb152a3f25df4bd14e2c3280cc71b\">Vi faldt over \u201cT<em>jek ud \u2013 Amsterdam edition<\/em>\u201d den korte video som viser en ganske simpel hverdagsinteraktion. Men alligevel en avanceret teknologi, som gav anledning til refleksion over forventninger til fremtiden (<em>Se sektion 4 p\u00e5 padlet<\/em>: <a href=\"https:\/\/aarhusuni.padlet.org\/au14198\/transformationer-i-uge-39-43-dn5v25u3102uf3an\" data-type=\"link\" data-id=\"https:\/\/aarhusuni.padlet.org\/au14198\/transformationer-i-uge-39-43-dn5v25u3102uf3an\">https:\/\/aarhusuni.padlet.org\/au14198\/transformationer-i-uge-39-43-dn5v25u3102uf3an<\/a>)&nbsp;<\/p>\n\n\n\n<p><\/p>\n\n\n\n<p class=\"has-text-align-left has-black-color has-text-color has-link-color has-medium-font-size wp-elements-d4f3335c819e5b1167e7e1ffb70803ba\">For at unders\u00f8ge det n\u00e6rmere, vil vi stille en opgave for en gruppe elever, som kan udfolde deres forventninger og forestillinger om fremtiden gennem brug af GAI, se videoen nedenfor. <\/p>\n\n\n\n<figure class=\"wp-block-video\"><video height=\"1080\" style=\"aspect-ratio: 1920 \/ 1080;\" width=\"1920\" controls src=\"https:\/\/itdd.au.dk\/amplexus\/wp-content\/uploads\/sites\/26\/2024\/10\/1023-2.mp4\"><\/video><\/figure>\n<\/div>\n\n\n\n<p class=\"has-black-color has-text-color has-link-color has-medium-font-size wp-elements-b62ef5fb439ba2dc56483b48ad359935\">Her ses et eksempel p\u00e5 det f\u00e6rdige produkt, som ogs\u00e5 vises i ovenst\u00e5ende videoguide:<\/p>\n\n\n\n<figure class=\"wp-block-image size-full is-resized\"><img loading=\"lazy\" decoding=\"async\" width=\"595\" height=\"842\" src=\"https:\/\/itdd.au.dk\/amplexus\/wp-content\/uploads\/sites\/26\/2024\/10\/Blogpost-2.-aktivitet-1.jpg\" alt=\"\" class=\"wp-image-199\" style=\"width:777px;height:auto\" srcset=\"https:\/\/itdd.au.dk\/amplexus\/wp-content\/uploads\/sites\/26\/2024\/10\/Blogpost-2.-aktivitet-1.jpg 595w, https:\/\/itdd.au.dk\/amplexus\/wp-content\/uploads\/sites\/26\/2024\/10\/Blogpost-2.-aktivitet-1-212x300.jpg 212w\" sizes=\"auto, (max-width: 595px) 100vw, 595px\" \/><figcaption class=\"wp-element-caption\"><em>Udarbejdet af Amplexus. <\/em><\/figcaption><\/figure>\n\n\n\n<hr class=\"wp-block-separator has-alpha-channel-opacity is-style-default\"\/>\n\n\n\n<div class=\"wp-block-group is-vertical is-layout-flex wp-container-core-group-is-layout-8cf370e7 wp-block-group-is-layout-flex\">\n<div class=\"wp-block-columns is-layout-flex wp-container-core-columns-is-layout-9d6595d7 wp-block-columns-is-layout-flex\">\n<div class=\"wp-block-column is-layout-flow wp-block-column-is-layout-flow\" style=\"flex-basis:100%\">\n<div class=\"wp-block-group alignfull is-vertical is-layout-flex wp-container-core-group-is-layout-8cf370e7 wp-block-group-is-layout-flex\">\n<p class=\"has-text-align-left has-black-color has-text-color has-link-color has-medium-font-size wp-elements-04c1d27842a5575c4902e668e68a091c\">Ved at anvende GAI kan eleverne p\u00e5virke udtrykket gennem prompting, og sprogmodellen kan p\u00e5virke elevernes opfattelse gennem det genererede udtryk. Denne interaktion underst\u00f8ttes af Vygotskys teori om zonen for n\u00e6rmeste udvikling. Gennem brug af GAI forst\u00e6rkes elevernes l\u00e6ringspotentialer da l\u00f8bende input, eksempelvis fra en sprogmodel i deres individuelle (eller gruppens) l\u00e6ringsstil, kan stilladsere eleverne i deres proces (<em>Illeris, <\/em>2018).<\/p>\n<\/div>\n<\/div>\n<\/div>\n<\/div>\n\n\n\n<figure class=\"wp-block-gallery has-nested-images columns-default is-cropped wp-block-gallery-1 is-layout-flex wp-block-gallery-is-layout-flex\">\n<figure class=\"wp-block-image size-large\"><img loading=\"lazy\" decoding=\"async\" width=\"602\" height=\"256\" data-id=\"161\" src=\"https:\/\/itdd.au.dk\/amplexus\/wp-content\/uploads\/sites\/26\/2024\/10\/nfgjgjg-1.jpg\" alt=\"\" class=\"wp-image-161\" srcset=\"https:\/\/itdd.au.dk\/amplexus\/wp-content\/uploads\/sites\/26\/2024\/10\/nfgjgjg-1.jpg 602w, https:\/\/itdd.au.dk\/amplexus\/wp-content\/uploads\/sites\/26\/2024\/10\/nfgjgjg-1-300x128.jpg 300w, https:\/\/itdd.au.dk\/amplexus\/wp-content\/uploads\/sites\/26\/2024\/10\/nfgjgjg-1-600x256.jpg 600w\" sizes=\"auto, (max-width: 602px) 100vw, 602px\" \/><\/figure>\n<\/figure>\n\n\n\n<p><em>Dalsgaards og Ryberg, s. 13.<\/em> <\/p>\n\n\n\n<p class=\"has-medium-font-size\">N\u00e5r opgaven stilles, er det med udgangspunkt i&nbsp;<em>unders\u00f8gelse<\/em>&nbsp;i en&nbsp;<em>arbejdsgruppe,&nbsp;<\/em>som opgaven skrider frem \u201cstr\u00e5ler\u201d gruppens arbejde ned i&nbsp;<em>interessef\u00e6llesskaber samt konstruktion&nbsp;<\/em>og<em>&nbsp;kommunikation,<\/em>&nbsp;som det er illustreret i gult p\u00e5 figuren. Den bev\u00e6gelse sker i kraft af gruppernes interaktion og deling med andre grupper.&nbsp;<\/p>\n\n\n\n<figure class=\"wp-block-gallery has-nested-images columns-default is-cropped wp-block-gallery-2 is-layout-flex wp-block-gallery-is-layout-flex\">\n<figure class=\"wp-block-image size-large\"><img loading=\"lazy\" decoding=\"async\" width=\"600\" height=\"236\" data-id=\"162\" src=\"https:\/\/itdd.au.dk\/amplexus\/wp-content\/uploads\/sites\/26\/2024\/10\/Billede1.jpg\" alt=\"\" class=\"wp-image-162\" srcset=\"https:\/\/itdd.au.dk\/amplexus\/wp-content\/uploads\/sites\/26\/2024\/10\/Billede1.jpg 600w, https:\/\/itdd.au.dk\/amplexus\/wp-content\/uploads\/sites\/26\/2024\/10\/Billede1-300x118.jpg 300w\" sizes=\"auto, (max-width: 600px) 100vw, 600px\" \/><\/figure>\n<\/figure>\n\n\n\n<p><em>Dalsgaards og Ryberg, s. 31.<\/em><\/p>\n\n\n\n<p class=\"has-medium-font-size\">GAI anvendes for at underst\u00f8tte og forst\u00e6rke elevernes muligheder for at arbejde med opgaven, og ikke mindst transformere deres proces. Vi anser GAI for at v\u00e6re en kognitiv partner for gruppen. Input til sprogmodellen er udarbejdet i en arbejdsgruppe, men er i princippet en individuel proces mellem bruger og teknologi. Teknologien forbinder ikke gruppen, de er forbundet i det fysiske rum, alts\u00e5 uafh\u00e6ngigt af teknologien.&nbsp;<\/p>\n\n\n\n<p class=\"has-medium-font-size\">Med udgangspunkt i <em>situeret l\u00e6ring<\/em> (<em>Nielsen<\/em>, 2013) ser vi, at l\u00e6ring opst\u00e5r gennem deltagelse i f\u00e6llesskaber, hvor de sociale interaktioner og den fysiske kontekst spiller en afg\u00f8rende rolle. Anvendelsen af GAI \u00f8ger gruppens (eller individerne gruppen best\u00e5r af) handlekraft ved at udvide mulighederne for at l\u00e6re i praksis, hvor teknologi bruges som et v\u00e6rkt\u00f8j til at underst\u00f8tte deres reelle engagement i opgavel\u00f8sningen. Havde eleverne ikke v\u00e6ret forbundet i et fysisk rum, havde det v\u00e6ret n\u00e6rliggende at introducere en anden teknologi til at st\u00f8tte eleverne med f.eks. samarbejds- og delingsv\u00e6rkt\u00f8jer, da deres l\u00e6ring i h\u00f8jere grad ville v\u00e6re afh\u00e6ngig af teknologisk mediering af deres interaktion.&nbsp;<\/p>\n\n\n\n<p class=\"has-medium-font-size\"><strong>Sp\u00f8rgsm\u00e5l til refleksion:&nbsp;<\/strong><\/p>\n\n\n\n<p class=\"has-medium-font-size\"><em>H\u00e6mmer det elevernes iboende kreativitet at de anvender GAI til at forst\u00e6rke deres kreative output? Fordrer det mere kreativitet, da det bliver mere tilg\u00e6ngeligt for flere elever, eller bremser det kreativitet da \u201cmaskinen bare g\u00f8r det for os.\u201d?&nbsp;<\/em><\/p>\n\n\n\n<p class=\"has-medium-font-size\"><strong>Litteratur &nbsp;<\/strong><\/p>\n\n\n\n<p class=\"has-medium-font-size\">Nielsen, K. (2013). Kapitel 7: <em>L\u00e6ring i et situeret perspektiv<\/em>,&nbsp;I Qvortrup, A. &amp; Wiberg, M. (Red.).<\/p>\n\n\n\n<p class=\"has-medium-font-size\"><em>L\u00e6ringsteori og didaktik<\/em>: Hans Reitzels Forlag Wenger-Trayner. E. &amp; Wenger-Trayner, B. (2020). <\/p>\n\n\n\n<p class=\"has-medium-font-size\"><em>Learning to make a difference<\/em>: Cambridge University Press, (s. 13-41).&nbsp;<\/p>\n\n\n\n<p class=\"has-medium-font-size\">Dalsgaard, C. &amp; Ryberg, T. (2022). <em>Digitale l\u00e6ringsrum<\/em>: Samfundslitteratur, del 2. &nbsp;<\/p>\n\n\n\n<p class=\"has-medium-font-size\">Hedegaard, M. (2001). <em>B\u00f8rns udvikling og l\u00e6ring &#8211; en grundbog i p\u00e6dagogisk psykologi<\/em>. K\u00f8benhavn: Hans Reitzels Forlag. &nbsp;<\/p>\n\n\n\n<hr class=\"wp-block-separator has-alpha-channel-opacity is-style-wide\"\/>\n\n\n\n<p><\/p>\n","protected":false},"excerpt":{"rendered":"<p>Opfattelser af Fremtiden: Fra Forestillinger til GAI\u2019s Perspektiver i Samspil med L\u00e6ring Vi finder det sp\u00e6ndende at unders\u00f8ge opfattelser af fremtiden, b\u00e5de b\u00f8rns opfattelse men ogs\u00e5 GAI \u201copfattelsen\u201d, det vil sige hvilken form tager det generede udtryk, og hvilket samspil har det med \u201cos\u201d eller vores elever. &nbsp; Vi faldt over \u201cTjek ud \u2013 Amsterdam [&hellip;]<\/p>\n","protected":false},"author":59,"featured_media":0,"parent":0,"menu_order":0,"comment_status":"open","ping_status":"closed","template":"","meta":{"footnotes":""},"class_list":["post-142","page","type-page","status-publish","hentry","entry"],"_links":{"self":[{"href":"https:\/\/itdd.au.dk\/amplexus\/wp-json\/wp\/v2\/pages\/142","targetHints":{"allow":["GET"]}}],"collection":[{"href":"https:\/\/itdd.au.dk\/amplexus\/wp-json\/wp\/v2\/pages"}],"about":[{"href":"https:\/\/itdd.au.dk\/amplexus\/wp-json\/wp\/v2\/types\/page"}],"author":[{"embeddable":true,"href":"https:\/\/itdd.au.dk\/amplexus\/wp-json\/wp\/v2\/users\/59"}],"replies":[{"embeddable":true,"href":"https:\/\/itdd.au.dk\/amplexus\/wp-json\/wp\/v2\/comments?post=142"}],"version-history":[{"count":43,"href":"https:\/\/itdd.au.dk\/amplexus\/wp-json\/wp\/v2\/pages\/142\/revisions"}],"predecessor-version":[{"id":208,"href":"https:\/\/itdd.au.dk\/amplexus\/wp-json\/wp\/v2\/pages\/142\/revisions\/208"}],"wp:attachment":[{"href":"https:\/\/itdd.au.dk\/amplexus\/wp-json\/wp\/v2\/media?parent=142"}],"curies":[{"name":"wp","href":"https:\/\/api.w.org\/{rel}","templated":true}]}}

Læring i en digital tid

<div class="wp-block-cover alignfull has-custom-content-position is-position-top-center has-white-color has-text-color has-small-font-size" style="margin-top:0;padding-top:4vw;padding-right:4vw;padding-bottom:4vw;padding-left:4vw;min-height:66vh;aspect-ratio:unset;"><span aria-hidden="true" class="wp-block-cover__background has-black-background-color has-background-dim-100 has-background-dim"></span><div class="wp-block-cover__inner-container is-layout-flow wp-block-cover-is-layout-flow">
<div class="wp-block-group is-content-justification-left"><div class="wp-block-group__inner-container is-layout-constrained wp-container-core-group-is-layout-76bb3733 wp-block-group-is-layout-constrained">
<div class="wp-block-group is-vertical is-layout-flex wp-container-core-group-is-layout-8cf370e7 wp-block-group-is-layout-flex">
<p class="has-text-align-left has-luminous-vivid-amber-color has-text-color" style="font-size:120px;font-style:normal;font-weight:700;letter-spacing:-2px;line-height:1;text-transform:uppercase">             未来</p>



<p class="has-text-align-center has-luminous-vivid-amber-color has-text-color" style="font-size:72px;font-style:normal;font-weight:700;letter-spacing:0px;line-height:1;text-transform:uppercase">Futuro</p>



<p class="has-text-align-center has-luminous-vivid-amber-color has-text-color wp-container-content-9cfa9a5a" style="font-size:72px;font-style:normal;font-weight:500;letter-spacing:0px;line-height:1;text-transform:uppercase">         Avenir  مستقبل    </p>



<p class="has-text-align-center has-luminous-vivid-amber-color has-text-color wp-container-content-9cfa9a5a" style="font-size:72px;font-style:normal;font-weight:500;letter-spacing:0px;line-height:1;text-transform:uppercase">Tulevaisuus</p>



<p class="has-text-align-center has-luminous-vivid-amber-color has-text-color wp-container-content-9cfa9a5a" style="font-size:72px;font-style:normal;font-weight:500;letter-spacing:0px;line-height:1;text-transform:uppercase">อนาคต   <em>Fremtiden</em></p>



<p class="has-luminous-vivid-amber-color has-text-color has-link-color has-medium-font-size wp-elements-47082886cc5a86d76d23cb445f49c0b2">                           <sup><code><mark style="background-color:rgba(0, 0, 0, 0)" class="has-inline-color has-luminous-vivid-amber-color">Viitor   Tương lai</mark></code></sup>       Бъдеще        Hinaharap </p>



<p class="has-text-align-left has-luminous-vivid-amber-color has-text-color" style="font-size:148px;font-style:normal;font-weight:700;letter-spacing:-2px;line-height:1;text-transform:uppercase">Zukunft</p>
</div>
</div></div>
</div></div>



<h3 class="wp-block-heading has-text-align-center has-black-color has-text-color has-link-color has-x-large-font-size wp-elements-efd67ec45158cbbc6ffbf37117670a09"><sub>Opfattelser af Fremtiden: Fra Forestillinger til GAI’s Perspektiver i Samspil med Læring</sub></h3>



<hr class="wp-block-separator has-alpha-channel-opacity is-style-wide"/>



<div class="wp-block-group is-vertical is-layout-flex wp-container-core-group-is-layout-8cf370e7 wp-block-group-is-layout-flex">
<p class="has-text-align-left has-black-color has-text-color has-link-color has-medium-font-size wp-elements-cf2622c6999e837b5223f0bda2f2128d">Vi finder det spændende at undersøge opfattelser af fremtiden, både børns opfattelse men også GAI “<em>opfattelsen</em>”, det vil sige hvilken form tager det generede udtryk, og hvilket samspil har det med “<em>os</em>” eller vores elever. &nbsp;</p>



<p class="has-text-align-left has-black-color has-text-color has-link-color has-medium-font-size wp-elements-303bb152a3f25df4bd14e2c3280cc71b">Vi faldt over “T<em>jek ud – Amsterdam edition</em>” den korte video som viser en ganske simpel hverdagsinteraktion. Men alligevel en avanceret teknologi, som gav anledning til refleksion over forventninger til fremtiden (<em>Se sektion 4 på padlet</em>: <a href="https://aarhusuni.padlet.org/au14198/transformationer-i-uge-39-43-dn5v25u3102uf3an" data-type="link" data-id="https://aarhusuni.padlet.org/au14198/transformationer-i-uge-39-43-dn5v25u3102uf3an">https://aarhusuni.padlet.org/au14198/transformationer-i-uge-39-43-dn5v25u3102uf3an</a>)&nbsp;</p>



<p></p>



<p class="has-text-align-left has-black-color has-text-color has-link-color has-medium-font-size wp-elements-d4f3335c819e5b1167e7e1ffb70803ba">For at undersøge det nærmere, vil vi stille en opgave for en gruppe elever, som kan udfolde deres forventninger og forestillinger om fremtiden gennem brug af GAI, se videoen nedenfor. </p>



<figure class="wp-block-video"><video height="1080" style="aspect-ratio: 1920 / 1080;" width="1920" controls src="https://itdd.au.dk/amplexus/wp-content/uploads/sites/26/2024/10/1023-2.mp4"></video></figure>
</div>



<p class="has-black-color has-text-color has-link-color has-medium-font-size wp-elements-b62ef5fb439ba2dc56483b48ad359935">Her ses et eksempel på det færdige produkt, som også vises i ovenstående videoguide:</p>



<figure class="wp-block-image size-full is-resized"><img loading="lazy" decoding="async" width="595" height="842" src="https://itdd.au.dk/amplexus/wp-content/uploads/sites/26/2024/10/Blogpost-2.-aktivitet-1.jpg" alt="" class="wp-image-199" style="width:777px;height:auto" srcset="https://itdd.au.dk/amplexus/wp-content/uploads/sites/26/2024/10/Blogpost-2.-aktivitet-1.jpg 595w, https://itdd.au.dk/amplexus/wp-content/uploads/sites/26/2024/10/Blogpost-2.-aktivitet-1-212x300.jpg 212w" sizes="auto, (max-width: 595px) 100vw, 595px" /><figcaption class="wp-element-caption"><em>Udarbejdet af Amplexus. </em></figcaption></figure>



<hr class="wp-block-separator has-alpha-channel-opacity is-style-default"/>



<div class="wp-block-group is-vertical is-layout-flex wp-container-core-group-is-layout-8cf370e7 wp-block-group-is-layout-flex">
<div class="wp-block-columns is-layout-flex wp-container-core-columns-is-layout-9d6595d7 wp-block-columns-is-layout-flex">
<div class="wp-block-column is-layout-flow wp-block-column-is-layout-flow" style="flex-basis:100%">
<div class="wp-block-group alignfull is-vertical is-layout-flex wp-container-core-group-is-layout-8cf370e7 wp-block-group-is-layout-flex">
<p class="has-text-align-left has-black-color has-text-color has-link-color has-medium-font-size wp-elements-04c1d27842a5575c4902e668e68a091c">Ved at anvende GAI kan eleverne påvirke udtrykket gennem prompting, og sprogmodellen kan påvirke elevernes opfattelse gennem det genererede udtryk. Denne interaktion understøttes af Vygotskys teori om zonen for nærmeste udvikling. Gennem brug af GAI forstærkes elevernes læringspotentialer da løbende input, eksempelvis fra en sprogmodel i deres individuelle (eller gruppens) læringsstil, kan stilladsere eleverne i deres proces (<em>Illeris, </em>2018).</p>
</div>
</div>
</div>
</div>



<figure class="wp-block-gallery has-nested-images columns-default is-cropped wp-block-gallery-1 is-layout-flex wp-block-gallery-is-layout-flex">
<figure class="wp-block-image size-large"><img loading="lazy" decoding="async" width="602" height="256" data-id="161" src="https://itdd.au.dk/amplexus/wp-content/uploads/sites/26/2024/10/nfgjgjg-1.jpg" alt="" class="wp-image-161" srcset="https://itdd.au.dk/amplexus/wp-content/uploads/sites/26/2024/10/nfgjgjg-1.jpg 602w, https://itdd.au.dk/amplexus/wp-content/uploads/sites/26/2024/10/nfgjgjg-1-300x128.jpg 300w, https://itdd.au.dk/amplexus/wp-content/uploads/sites/26/2024/10/nfgjgjg-1-600x256.jpg 600w" sizes="auto, (max-width: 602px) 100vw, 602px" /></figure>
</figure>



<p><em>Dalsgaards og Ryberg, s. 13.</em> </p>



<p class="has-medium-font-size">Når opgaven stilles, er det med udgangspunkt i&nbsp;<em>undersøgelse</em>&nbsp;i en&nbsp;<em>arbejdsgruppe,&nbsp;</em>som opgaven skrider frem “stråler” gruppens arbejde ned i&nbsp;<em>interessefællesskaber samt konstruktion&nbsp;</em>og<em>&nbsp;kommunikation,</em>&nbsp;som det er illustreret i gult på figuren. Den bevægelse sker i kraft af gruppernes interaktion og deling med andre grupper.&nbsp;</p>



<figure class="wp-block-gallery has-nested-images columns-default is-cropped wp-block-gallery-2 is-layout-flex wp-block-gallery-is-layout-flex">
<figure class="wp-block-image size-large"><img loading="lazy" decoding="async" width="600" height="236" data-id="162" src="https://itdd.au.dk/amplexus/wp-content/uploads/sites/26/2024/10/Billede1.jpg" alt="" class="wp-image-162" srcset="https://itdd.au.dk/amplexus/wp-content/uploads/sites/26/2024/10/Billede1.jpg 600w, https://itdd.au.dk/amplexus/wp-content/uploads/sites/26/2024/10/Billede1-300x118.jpg 300w" sizes="auto, (max-width: 600px) 100vw, 600px" /></figure>
</figure>



<p><em>Dalsgaards og Ryberg, s. 31.</em></p>



<p class="has-medium-font-size">GAI anvendes for at understøtte og forstærke elevernes muligheder for at arbejde med opgaven, og ikke mindst transformere deres proces. Vi anser GAI for at være en kognitiv partner for gruppen. Input til sprogmodellen er udarbejdet i en arbejdsgruppe, men er i princippet en individuel proces mellem bruger og teknologi. Teknologien forbinder ikke gruppen, de er forbundet i det fysiske rum, altså uafhængigt af teknologien.&nbsp;</p>



<p class="has-medium-font-size">Med udgangspunkt i <em>situeret læring</em> (<em>Nielsen</em>, 2013) ser vi, at læring opstår gennem deltagelse i fællesskaber, hvor de sociale interaktioner og den fysiske kontekst spiller en afgørende rolle. Anvendelsen af GAI øger gruppens (eller individerne gruppen består af) handlekraft ved at udvide mulighederne for at lære i praksis, hvor teknologi bruges som et værktøj til at understøtte deres reelle engagement i opgaveløsningen. Havde eleverne ikke været forbundet i et fysisk rum, havde det været nærliggende at introducere en anden teknologi til at støtte eleverne med f.eks. samarbejds- og delingsværktøjer, da deres læring i højere grad ville være afhængig af teknologisk mediering af deres interaktion.&nbsp;</p>



<p class="has-medium-font-size"><strong>Spørgsmål til refleksion:&nbsp;</strong></p>



<p class="has-medium-font-size"><em>Hæmmer det elevernes iboende kreativitet at de anvender GAI til at forstærke deres kreative output? Fordrer det mere kreativitet, da det bliver mere tilgængeligt for flere elever, eller bremser det kreativitet da “maskinen bare gør det for os.”?&nbsp;</em></p>



<p class="has-medium-font-size"><strong>Litteratur &nbsp;</strong></p>



<p class="has-medium-font-size">Nielsen, K. (2013). Kapitel 7: <em>Læring i et situeret perspektiv</em>,&nbsp;I Qvortrup, A. &amp; Wiberg, M. (Red.).</p>



<p class="has-medium-font-size"><em>Læringsteori og didaktik</em>: Hans Reitzels Forlag Wenger-Trayner. E. &amp; Wenger-Trayner, B. (2020). </p>



<p class="has-medium-font-size"><em>Learning to make a difference</em>: Cambridge University Press, (s. 13-41).&nbsp;</p>



<p class="has-medium-font-size">Dalsgaard, C. &amp; Ryberg, T. (2022). <em>Digitale læringsrum</em>: Samfundslitteratur, del 2. &nbsp;</p>



<p class="has-medium-font-size">Hedegaard, M. (2001). <em>Børns udvikling og læring &#8211; en grundbog i pædagogisk psykologi</em>. København: Hans Reitzels Forlag. &nbsp;</p>



<hr class="wp-block-separator has-alpha-channel-opacity is-style-wide"/>



<p></p>

<p>Opfattelser af Fremtiden: Fra Forestillinger til GAI’s Perspektiver i Samspil med Læring Vi finder det spændende at undersøge opfattelser af fremtiden, både børns opfattelse men også GAI “opfattelsen”, det vil sige hvilken form tager det generede udtryk, og hvilket samspil har det med “os” eller vores elever. &nbsp; Vi faldt over “Tjek ud – Amsterdam [&hellip;]</p>
